CREATE TABLE `configuraciones` (
  `id` bigint(20) UNSIGNED NOT NULL,
  `display_name` varchar(255) NOT NULL,
  `clave` varchar(255) NOT NULL,
  `valor` varchar(255) DEFAULT '',
  `descripcion` varchar(255) DEFAULT NULL,
  `tipo` enum('ARCHIVO','TEXTO','IMAGEN','NUMERO','BOOL') NOT NULL,
  `uuid` char(36) NOT NULL,
  `created_at` timestamp NULL DEFAULT NULL,
  `updated_at` timestamp NULL DEFAULT NULL
) ENGINE=InnoDB DEFAULT CHARSET=utf8mb4 COLLATE=utf8mb4_unicode_ci;

--
-- Volcado de datos para la tabla `configuraciones`
--

INSERT INTO `configuraciones` (`id`, `display_name`, `clave`, `valor`, `descripcion`, `tipo`, `uuid`, `created_at`, `updated_at`) VALUES
(1, 'Logo', 'logo', '', 'Logo del sistema', 'IMAGEN', 'cb00678b-d1d8-4f17-b620-37d0392fa341', '2024-06-05 18:11:58', '2024-06-05 18:11:58'),
(2, 'Nombre Sistema', 'nombre_sistema', 'Panel Admin', 'Nombre del sistema', 'TEXTO', '574a6250-4813-4eb9-821c-b59de3292db1', '2024-06-05 18:11:58', '2024-06-05 18:11:58'),
(3, 'Versión Sistema', 'version_sistema', 'alfa', 'Versión actual del sistema', 'TEXTO', '0cd0eba6-706a-4f9e-a4b1-4e9058ab90e7', '2024-06-05 18:11:58', '2024-06-05 18:11:58');

-- --------------------------------------------------------

--
-- Estructura de tabla para la tabla `empresas`
--

CREATE TABLE `empresas` (
  `id` bigint(20) UNSIGNED NOT NULL,
  `rif` varchar(255) NOT NULL,
  `razon` varchar(255) NOT NULL,
  `direccion` varchar(255) DEFAULT NULL,
  `telefono` varchar(20) NOT NULL,
  `telefono_secundario` varchar(20) DEFAULT NULL,
  `whatsapp` varchar(20) DEFAULT NULL,
  `telegram` varchar(20) DEFAULT NULL,
  `correo` varchar(40) DEFAULT NULL,
  `uuid` char(36) NOT NULL,
  `created_at` timestamp NULL DEFAULT NULL,
  `updated_at` timestamp NULL DEFAULT NULL,
  `deleted_at` timestamp NULL DEFAULT NULL
) ENGINE=InnoDB DEFAULT CHARSET=utf8mb4 COLLATE=utf8mb4_unicode_ci;

--
-- Volcado de datos para la tabla `empresas`
--

INSERT INTO `empresas` (`id`, `rif`, `razon`, `direccion`, `telefono`, `telefono_secundario`, `whatsapp`, `telegram`, `correo`, `uuid`, `created_at`, `updated_at`, `deleted_at`) VALUES
(1, '', 'Cloudsat LLC', 'Miami', '+14049023049', '', '+14049023049', '', '', '3148948f-e1fd-4a36-bafb-b5d9369bc68c', '2024-06-11 20:12:20', '2024-06-13 16:07:02', NULL),
(2, '', 'Rebaur LLC', 'Caracas', '3059301846', '', '', '', '', '7f51d11c-c2b4-4d2a-86f6-09e58d2ed40c', '2024-06-11 20:12:34', '2024-06-11 20:12:34', NULL),
(3, '', 'Leudys Naranjo', 'arekuna', '584266978046', '', '584266978046', '', '', 'd1788dcb-2d76-491c-b7c0-b543d651a1c9', '2024-07-10 18:40:35', '2024-07-10 18:40:35', NULL),
(4, '', 'Joanis Flores ', '', '584248863486', '', '584248863486', '', '', '62484aed-7d5f-42e0-9154-2e88d1189da7', '2024-07-30 16:54:24', '2024-07-30 16:54:24', NULL),
(5, '', 'Campamento Ucaima', '', '584148686721', '', '584148686721', '', '', '74596489-9653-4ff1-97c4-d8c64e9f8e2b', '2024-07-30 18:05:08', '2024-07-30 18:05:08', NULL),
(6, '', 'Luis d Amico Tapuy Lodge', '', '584143954348', '', '584143954348', '', '', '08b7e2e2-1e8e-409a-ba91-f87951f930a7', '2024-07-30 18:07:58', '2024-08-15 00:21:16', NULL),
(7, '', 'Sabbia Los Roques', '', '584246028150', '', '584246028150', '', '', '0b65bc57-7518-4d53-aba6-8a025ca3d49d', '2024-07-30 19:16:01', '2024-07-30 19:16:01', NULL),
(8, '', 'Sinfonica Canaima', '', '584261923669', '', '584261923669', '', '', '3eab5dbc-7130-4f6c-a135-0b25a72f91e2', '2024-07-30 19:16:39', '2024-07-30 19:16:39', NULL),
(9, '', 'Adriana Diana', '', '584249707306', '', '584249707306', '', '', '67c8d6e2-e557-4b49-9991-bc87ae8732a6', '2024-07-30 19:18:55', '2024-07-30 19:18:55', NULL),
(10, '', 'Enrique Panama', '', '584249707306', '', '584249707306', '', '', '1879b190-6779-4f84-82c9-46115fc9efcf', '2024-07-30 20:03:03', '2024-07-30 20:03:03', NULL),
(11, '', 'Rosa Los Bastantes', '', '584249019911', '', '584249019911', '', '', '1aba7150-a159-4546-9593-205b860a2499', '2024-08-05 22:19:11', '2024-08-05 22:19:11', NULL),
(12, '', 'Adriana Sierra', '', '584249308093', '', '584249308093', '', '', '4f1f41b4-dbc5-4e4f-9f1c-5b49f67d966d', '2024-08-06 21:52:41', '2024-08-06 21:52:41', NULL),
(13, '', 'Perez Ampueda', '', '584248572551', '', '584248572551', '', '', 'b5dce557-b1c1-436d-8f6c-4a1ca8d8c7bb', '2024-08-06 23:34:34', '2024-08-06 23:34:34', NULL),
(14, '', 'PNBGuayana', '', '584141920628', '', '584141920628', '', '', 'bf5f5dbd-a142-4720-a259-acf19963a2c7', '2024-08-07 16:11:24', '2024-08-07 16:11:24', NULL),
(15, '', 'Parque La Fundacion', '', '584141920628', '', '584141920628', '', '', 'dc6cedd3-26f5-4b78-a05d-d3f9359dc71b', '2024-08-29 00:58:09', '2024-08-29 00:58:09', NULL);

-- --------------------------------------------------------

--
-- Estructura de tabla para la tabla `failed_jobs`
--

CREATE TABLE `failed_jobs` (
  `id` bigint(20) UNSIGNED NOT NULL,
  `uuid` varchar(255) NOT NULL,
  `connection` text NOT NULL,
  `queue` text NOT NULL,
  `payload` longtext NOT NULL,
  `exception` longtext NOT NULL,
  `failed_at` timestamp NOT NULL DEFAULT current_timestamp()
) ENGINE=InnoDB DEFAULT CHARSET=utf8mb4 COLLATE=utf8mb4_unicode_ci;

-- --------------------------------------------------------

--
-- Estructura de tabla para la tabla `historial_de_recargas`
--

CREATE TABLE `historial_de_recargas` (
  `id` bigint(20) UNSIGNED NOT NULL,
  `correo_de_cuenta` varchar(255) DEFAULT NULL,
  `fecha_de_recarga` date NOT NULL,
  `monto_de_recarga` decimal(10,2) NOT NULL,
  `payment_method_id` bigint(20) UNSIGNED NOT NULL,
  `created_at` timestamp NULL DEFAULT NULL,
  `updated_at` timestamp NULL DEFAULT NULL
) ENGINE=InnoDB DEFAULT CHARSET=utf8mb4 COLLATE=utf8mb4_unicode_ci;

--
-- Volcado de datos para la tabla `historial_de_recargas`
--

INSERT INTO `historial_de_recargas` (`id`, `correo_de_cuenta`, `fecha_de_recarga`, `monto_de_recarga`, `payment_method_id`, `created_at`, `updated_at`) VALUES
(1, 'c4@buscarif.com', '2024-12-02', 352.00, 9, '2024-12-19 22:23:41', '2024-12-19 22:23:41'),
(2, 'c29@mikrologin.com', '2024-12-01', 176.00, 15, '2024-12-30 22:37:30', '2024-12-30 22:37:30'),
(3, 'c3-1@buscarif.com', '2024-12-04', 88.00, 9, '2024-12-30 22:38:43', '2024-12-30 22:38:43'),
(4, 'c25-2@mikrologin.com', '2024-12-04', 88.00, 11, '2024-12-30 22:40:43', '2024-12-30 22:40:43'),
(5, 'c2@buscarif.com', '2024-12-04', 264.00, 10, '2025-01-03 00:33:32', '2025-01-03 00:33:32'),
(6, 'c5-1@buscarif.com', '2024-12-05', 88.00, 11, '2025-01-03 00:33:58', '2025-01-03 00:33:58'),
(7, 'c5@buscarif.com', '2024-12-07', 176.00, 10, '2025-01-03 00:34:25', '2025-01-03 00:34:25'),
(8, 'c7-1@buscarif.com', '2024-12-07', 88.00, 10, '2025-01-03 00:34:58', '2025-01-03 00:34:58'),
(9, 'c6-1@buscarif.com', '2024-12-07', 176.00, 11, '2025-01-03 00:35:21', '2025-01-03 00:35:21'),
(10, 'c6-2@buscarif.com', '2024-12-07', 88.00, 10, '2025-01-03 00:35:50', '2025-01-03 00:35:50'),
(11, 'c6@buscarif.com', '2024-12-07', 176.00, 10, '2025-01-03 00:36:21', '2025-01-03 00:36:21'),
(12, 'c8-1@buscarif.com', '2024-12-08', 176.00, 10, '2025-01-03 00:36:48', '2025-01-03 00:36:48'),
(13, 'c8-2@buscarif.com', '2024-12-08', 88.00, 9, '2025-01-03 00:37:11', '2025-01-03 00:37:11'),
(14, 'c7@buscarif.com', '2024-12-08', 176.00, 11, '2025-01-03 00:37:34', '2025-01-03 00:37:34'),
(15, 'c8@buscarif.com', '2024-12-09', 264.00, 10, '2025-01-03 00:37:59', '2025-01-03 00:37:59'),
(16, 'c9-1@ven2vpn.com', '2024-12-09', 176.00, 8, '2025-01-03 00:38:36', '2025-01-03 00:38:36'),
(17, 'c9-2@ven2vpn.com', '2024-12-09', 264.00, 12, '2025-01-03 00:39:17', '2025-01-03 00:39:17'),
(18, 'brasil@buscarif.com', '2024-12-10', 440.00, 12, '2025-01-03 00:40:00', '2025-01-03 00:40:00'),
(19, 'c11@ven2vpn.com', '2024-12-10', 264.00, 11, '2025-01-03 00:41:42', '2025-01-03 00:41:42'),
(20, 'c9@ven2vpn.com', '2024-12-11', 352.00, 11, '2025-01-03 00:42:13', '2025-01-03 00:42:13'),
(21, 'c11-1@ven2vpn.com', '2024-12-12', 352.00, 11, '2025-01-03 00:42:37', '2025-01-03 00:42:37'),
(22, 'c12-1@ven2vpn.com', '2024-12-12', 88.00, 9, '2025-01-03 00:43:16', '2025-01-03 00:43:16'),
(23, 'c12@ven2vpn.com', '2024-12-12', 264.00, 11, '2025-01-03 00:43:47', '2025-01-03 00:43:47'),
(24, 'c13@vn2vpn.com', '2024-12-13', 264.00, 9, '2025-01-03 00:55:27', '2025-01-03 00:55:27'),
(25, 'c13-1@ven2vpn.com', '2024-12-14', 176.00, 11, '2025-01-03 00:57:00', '2025-01-03 00:57:00'),
(26, 'c14-1@ven2vpn.com', '2024-12-14', 176.00, 9, '2025-01-03 00:57:28', '2025-01-03 00:57:28'),
(27, 'c14-2@ven2vpn.com', '2024-12-14', 264.00, 9, '2025-01-03 01:00:56', '2025-01-03 01:00:56'),
(28, 'c20-1@mikrologin.com', '2024-12-14', 88.00, 11, '2025-01-03 01:01:29', '2025-01-03 01:01:29'),
(29, 'c14@ven2vpn.com', '2024-12-14', 176.00, 9, '2025-01-03 01:01:54', '2025-01-03 01:01:54'),
(30, 'c15@ven2vpn.com', '2024-12-16', 88.00, 11, '2025-01-03 01:02:21', '2025-01-03 01:02:21'),
(31, 'c16-2@ven2vpn.com', '2024-12-16', 88.00, 11, '2025-01-03 01:02:43', '2025-01-03 01:02:43'),
(32, 'c17@ven2vpn.com', '2024-12-17', 264.00, 11, '2025-01-03 01:03:13', '2025-01-03 01:03:13'),
(33, 'c19-1@ven2vpn.com', '2024-12-16', 88.00, 12, '2025-01-03 01:03:39', '2025-01-03 01:03:39'),
(34, 'c16@ven2vpn.com', '2024-12-16', 264.00, 9, '2025-01-03 01:04:05', '2025-01-03 01:04:05'),
(35, 'c18-2@ven2vpn.com', '2024-12-18', 88.00, 9, '2025-01-03 01:05:11', '2025-01-03 01:05:11'),
(36, 'c18-1@ven2vpn.com', '2024-12-18', 440.00, 9, '2025-01-03 01:06:04', '2025-01-03 01:06:04'),
(37, 'c18@ven2vpn.com', '2024-12-18', 440.00, 9, '2025-01-03 01:06:43', '2025-01-03 01:06:43'),
(38, 'c17-1@ven2vpn.com', '2024-12-18', 88.00, 11, '2025-01-03 01:07:25', '2025-01-03 01:07:25'),
(39, 'c19@ven2vpn.com', '2024-12-20', 352.00, 8, '2025-01-03 01:07:44', '2025-01-03 01:07:44'),
(40, 'c21@mikrologin.com', '2024-12-20', 88.00, 12, '2025-01-03 01:08:04', '2025-01-03 01:08:04'),
(41, 'c26-1@mikrologin.com', '2024-12-27', 264.00, 8, '2025-01-03 01:08:35', '2025-01-03 01:08:35'),
(42, 'c27@mikrologin.com', '2024-12-27', 88.00, 15, '2025-01-03 01:09:28', '2025-01-03 01:09:28'),
(43, 'c22@mikrologin.com', '2024-12-22', 176.00, 8, '2025-01-03 17:55:04', '2025-01-03 17:55:04'),
(44, 'c22-1@mikrologin.com', '2024-12-30', 88.00, 11, '2025-01-03 17:55:56', '2025-01-03 17:55:56'),
(45, 'c20@mikrologin.com', '2024-12-30', 352.00, 8, '2025-01-03 18:41:29', '2025-01-03 18:41:29'),
(46, 'c8-3@ven2vpn.com', '2024-12-15', 88.00, 8, '2025-01-03 18:50:54', '2025-01-03 18:50:54'),
(47, 'c10@buscarif.com', '2024-12-13', 264.00, 12, '2025-01-04 18:29:08', '2025-01-04 18:29:08'),
(48, 'c17-2@ven2vpn.com', '2024-12-17', 88.00, 8, '2025-01-04 18:32:41', '2025-01-04 18:32:41'),
(49, 'c22@cloudsatllc.com', '2024-12-22', 88.00, 8, '2025-01-04 18:35:18', '2025-01-04 18:35:18'),
(50, 'c29@mikrologin.com', '2025-01-01', 176.00, 15, '2025-01-04 18:36:23', '2025-01-04 18:36:23'),
(51, 'c3-1@buscarif.com', '2025-01-04', 88.00, 9, '2025-01-10 01:00:41', '2025-01-10 01:00:41'),
(52, 'c3-1@buscarif.com', '2025-02-01', 88.00, 9, '2025-01-10 01:01:24', '2025-01-10 01:01:24'),
(53, 'c2@buscarif.com', '2025-01-03', 264.00, 10, '2025-01-14 22:12:27', '2025-01-14 22:12:27'),
(54, 'c23@mikrologin.com', '2024-12-24', 264.00, 10, '2025-01-15 01:09:34', '2025-01-15 01:09:34'),
(55, 'c4@buscarif.com', '2025-01-04', 352.00, 9, '2025-01-15 01:18:55', '2025-01-15 01:18:55'),
(56, 'c25-2@mikrologin.com', '2025-01-05', 88.00, 11, '2025-01-15 01:20:12', '2025-01-15 01:20:12'),
(57, 'c5-1@buscarif.com', '2025-01-05', 88.00, 11, '2025-01-15 01:22:44', '2025-01-15 01:22:44'),
(58, 'c11-1@ven2vpn.com', '2025-02-18', 352.00, 11, '2025-02-18 23:18:11', '2025-02-18 23:18:11'),
(59, 'c1@cloudsatllc.com', '2025-02-19', 176.00, 11, '2025-02-19 23:32:23', '2025-02-19 23:32:23'),
(60, 'c29@mikrologin.com', '2025-02-19', 176.00, 15, '2025-02-19 23:32:52', '2025-02-19 23:32:52'),
(61, 'c3-1@buscarif.com', '2025-02-19', 88.00, 9, '2025-02-19 23:36:23', '2025-02-19 23:36:23'),
(62, 'c25-2@mikrologin.com', '2025-02-19', 88.00, 11, '2025-02-19 23:40:40', '2025-02-19 23:40:40'),
(63, 'c2@buscarif.com', '2025-02-19', 264.00, 10, '2025-02-19 23:42:01', '2025-02-19 23:42:01'),
(64, 'c5@buscarif.com', '2025-02-19', 176.00, 10, '2025-02-19 23:44:13', '2025-02-19 23:44:13'),
(65, 'c5@cloudsatllc.com', '2025-02-19', 88.00, 11, '2025-02-19 23:46:19', '2025-02-19 23:46:19'),
(66, 'c7-1@buscarif.com', '2025-02-19', 88.00, 10, '2025-02-19 23:47:52', '2025-02-19 23:47:52'),
(67, 'c6-1@buscarif.com', '2025-02-19', 176.00, 11, '2025-02-20 00:00:53', '2025-02-20 00:00:53'),
(68, 'c6-2@buscarif.com', '2025-02-19', 88.00, 10, '2025-02-20 00:02:11', '2025-02-20 00:02:11'),
(69, 'c6@buscarif.com', '2025-02-19', 176.00, 10, '2025-02-20 00:03:18', '2025-02-20 00:03:18'),
(70, 'cloudsat.col16-1@cloudsatllc.com', '2025-02-19', 85.00, 11, '2025-02-20 00:06:23', '2025-02-20 00:06:23'),
(71, 'c8-1@buscarif.com', '2025-02-19', 176.00, 10, '2025-02-20 00:07:37', '2025-02-20 00:07:37'),
(72, 'c7@buscarif.com', '2025-02-19', 176.00, 11, '2025-02-20 00:10:06', '2025-02-20 00:10:06'),
(73, 'c8@buscarif.com', '2025-02-19', 264.00, 10, '2025-02-20 00:15:52', '2025-02-20 00:15:52'),
(74, 'brasil@buscarif.com', '2025-02-19', 440.00, 12, '2025-02-20 00:18:48', '2025-02-20 00:18:48'),
(75, 'c9-2@ven2vpn.com', '2025-02-19', 264.00, 12, '2025-02-20 00:20:26', '2025-02-20 00:20:26'),
(76, 'c12@ven2vpn.com', '2025-02-19', 264.00, 11, '2025-02-20 00:36:14', '2025-02-20 00:36:14'),
(77, 'c10-2@buscarif.com', '2025-02-19', 88.00, 12, '2025-02-20 00:39:55', '2025-02-20 00:39:55'),
(78, 'c10@buscarif.com', '2025-02-19', 264.00, 12, '2025-02-20 00:41:23', '2025-02-20 00:41:23'),
(79, 'c10@ven2vpn.com', '2025-02-19', 176.00, 12, '2025-02-20 00:43:27', '2025-02-20 00:43:27'),
(80, 'c25-1@mikrologin.com', '2025-02-20', 264.00, 11, '2025-02-20 19:43:05', '2025-02-20 19:43:05'),
(81, 'c4@buscarif.com', '2025-02-24', 352.00, 9, '2025-02-25 02:10:15', '2025-02-25 02:10:15'),
(82, 'c11@ven2vpn.com', '2025-02-24', 264.00, 11, '2025-02-25 02:12:42', '2025-02-25 02:12:42'),
(83, 'c9@ven2vpn.com', '2025-02-24', 352.00, 11, '2025-02-25 02:13:53', '2025-02-25 02:13:53'),
(84, 'c13-1@ven2vpn.com', '2025-02-24', 264.00, 11, '2025-02-25 02:15:36', '2025-02-25 02:15:36'),
(85, 'c20-1@mikrologin.com', '2025-02-24', 88.00, 11, '2025-02-25 02:16:40', '2025-02-25 02:16:40'),
(86, 'c18-1@ven2vpn.com', '2025-02-24', 440.00, 9, '2025-02-25 02:17:50', '2025-02-25 02:17:50'),
(87, 'c18@ven2vpn.com', '2025-02-25', 440.00, 9, '2025-02-26 02:13:45', '2025-02-26 02:13:45'),
(88, 'c21@mikrologin.com', '2025-02-26', 176.00, 12, '2025-02-26 17:32:46', '2025-02-26 17:32:46'),
(89, '0@cloudsatllc.com', '2025-02-26', 1120.00, 14, '2025-02-26 17:35:25', '2025-02-26 17:35:25'),
(90, 'c24@mikrologin.com', '2025-02-26', 528.00, 11, '2025-02-26 19:51:01', '2025-02-26 19:51:01'),
(91, 'c26-1@mikrologin.com', '2025-02-26', 264.00, 8, '2025-02-26 20:10:10', '2025-02-26 20:10:10'),
(92, 'c26@mikrologin.com', '2025-02-26', 264.00, 8, '2025-02-26 20:11:15', '2025-02-26 20:11:15'),
(93, 'c22-2@mikrologin.com', '2025-02-26', 264.00, 8, '2025-02-27 01:26:25', '2025-02-27 01:26:25'),
(94, 'c16@ven2vpn.com', '2025-02-26', 264.00, 9, '2025-02-27 01:28:04', '2025-02-27 01:28:04'),
(95, 'o@cloudsatllc.com', '2025-02-26', 2100.00, 14, '2025-02-27 01:30:47', '2025-02-27 01:30:47'),
(96, 'c20@mikrologin.com', '2025-02-26', 352.00, 8, '2025-02-27 01:43:13', '2025-02-27 01:43:13'),
(97, 'c19@ven2vpn.com', '2025-02-27', 352.00, 8, '2025-02-28 00:35:23', '2025-02-28 00:35:23'),
(98, 'c27-2@mikrologin.com', '2025-02-27', 88.00, 12, '2025-02-28 01:18:00', '2025-02-28 01:18:00'),
(99, 'c19-1@ven2vpn.com', '2025-02-28', 88.00, 12, '2025-03-01 00:31:54', '2025-03-01 00:31:54'),
(100, 'cloudsat.col1@cloudsatllc.com', '2025-03-01', 88.00, 15, '2025-03-01 17:42:14', '2025-03-01 17:42:14'),
(101, 'c17-1@ven2vpn.com', '2025-03-01', 88.00, 11, '2025-03-01 17:46:38', '2025-03-01 17:46:38'),
(102, 'c30@mikrologin.com', '2025-03-01', 176.00, 11, '2025-03-01 17:48:56', '2025-03-01 17:48:56'),
(103, 'c15@ven2vpn.com', '2025-03-01', 88.00, 11, '2025-03-01 17:53:08', '2025-03-01 17:53:08'),
(104, 'c17@ven2vpn.com', '2025-03-01', 264.00, 11, '2025-03-01 17:54:23', '2025-03-01 17:54:23'),
(105, 'c16-2@ven2vpn.com', '2025-03-01', 88.00, 11, '2025-03-01 17:55:40', '2025-03-01 17:55:40'),
(106, 'c31@mikrologin.com', '2025-03-01', 176.00, 11, '2025-03-01 17:58:02', '2025-03-01 17:58:02'),
(107, 'c28@mikrologin.com', '2025-03-01', 176.00, 11, '2025-03-01 18:00:13', '2025-03-01 18:00:13'),
(108, 'cloudsat.col15-1@cloudsatllc.com', '2025-03-01', 88.00, 11, '2025-03-01 18:04:10', '2025-03-01 18:04:10'),
(109, 'c22-1@mikrologin.com', '2025-03-01', 88.00, 11, '2025-03-01 18:06:14', '2025-03-01 18:06:14'),
(110, 'c28-2@mikrologin.com', '2025-03-01', 176.00, 12, '2025-03-01 18:07:29', '2025-03-01 18:07:29'),
(111, 'c28@cloudsatllc.com', '2025-03-01', 264.00, 11, '2025-03-01 18:10:27', '2025-03-01 18:10:27'),
(112, 'cloudsat.col15-2@cloudsatllc.com', '2025-03-01', 88.00, 11, '2025-03-01 19:46:36', '2025-03-01 19:46:36'),
(113, 'c27@cloudsatllc.com', '2025-03-01', 88.00, 11, '2025-03-01 23:07:22', '2025-03-01 23:07:22'),
(114, 'c22@ven2vpn.com', '2025-03-01', 176.00, 12, '2025-03-01 23:08:47', '2025-03-01 23:08:47'),
(115, 'c14-2@ven2vpn.com', '2025-03-14', 264.00, 9, '2025-03-14 19:58:30', '2025-03-14 19:58:30'),
(116, 'c14-1@ven2vpn.com', '2025-03-14', 103.00, 9, '2025-03-14 20:15:39', '2025-03-14 20:15:39'),
(117, 'c14@ven2vpn.com', '2025-03-14', 176.00, 9, '2025-03-14 20:16:53', '2025-03-14 20:16:53'),
(118, 'c12-1@ven2vpn.com', '2025-03-14', 88.00, 9, '2025-03-14 20:18:23', '2025-03-14 20:18:23'),
(119, 'c13@vn2vpn.com', '2025-03-14', 264.00, 9, '2025-03-14 20:32:39', '2025-03-14 20:32:39'),
(120, 'c15@cloudsatllc.com', '2025-03-14', 176.00, 9, '2025-03-14 23:48:25', '2025-03-14 23:48:25'),
(121, 'c17@cloudsatllc.com', '2025-03-14', 88.00, 9, '2025-03-14 23:54:07', '2025-03-14 23:54:07'),
(122, 'c18-2@ven2vpn.com', '2025-03-14', 88.00, 9, '2025-03-14 23:55:34', '2025-03-14 23:55:34'),
(123, 'c23@mikrologin.com', '2025-03-15', 352.00, 10, '2025-03-15 22:46:38', '2025-03-15 22:46:38'),
(124, 'c18-1@cloudsatllc.com', '2025-03-15', 88.00, 10, '2025-03-15 22:52:34', '2025-03-15 22:52:34'),
(125, 'c6@cloudsatllc.com', '2025-03-15', 88.00, 11, '2025-03-15 22:53:59', '2025-03-15 22:53:59'),
(126, 'c11@cloudsatllc.com', '2025-03-15', 88.00, 11, '2025-03-15 22:54:59', '2025-03-15 22:54:59'),
(127, 'c11@cloudsatllc.com', '2025-03-15', 88.00, 11, '2025-03-15 22:55:01', '2025-03-15 22:55:01'),
(128, 'c25@mikrologin.com', '2025-03-17', 88.00, 8, '2025-03-17 17:53:36', '2025-03-17 17:53:36'),
(129, 'c11-1@ven2vpn.com', '2025-03-17', 440.00, 11, '2025-03-18 01:09:33', '2025-03-18 01:09:33'),
(130, 'c17-2@ven2vpn.com', '2025-03-20', 88.00, 8, '2025-03-20 20:23:43', '2025-03-20 20:23:43'),
(131, 'c22@cloudsatllc.com', '2025-03-21', 88.00, 8, '2025-03-22 00:42:52', '2025-03-22 00:42:52'),
(132, 'c8-2@buscarif.com', '2025-03-21', 88.00, 8, '2025-03-22 00:44:04', '2025-03-22 00:44:04'),
(133, 'c4@buscarif.com', '2025-04-03', 352.00, 9, '2025-04-03 23:38:58', '2025-04-03 23:38:58'),
(134, 'c18@cloudsatllc.com', '2025-04-03', 142.00, 9, '2025-04-04 00:49:02', '2025-04-04 00:49:02'),
(135, 'c8-3@ven2vpn.com', '2025-04-04', 88.00, 8, '2025-04-04 23:36:35', '2025-04-04 23:36:35'),
(136, 'c13-1@ven2vpn.com', '2025-04-05', 54.00, 11, '2025-04-05 17:26:38', '2025-04-05 17:26:38'),
(137, 'c1@cloudsatllc.com', '2025-04-05', 176.00, 11, '2025-04-05 17:32:59', '2025-04-05 17:32:59'),
(138, 'c29@mikrologin.com', '2025-04-05', 176.00, 15, '2025-04-05 17:34:26', '2025-04-05 17:34:26'),
(139, 'c3-1@buscarif.com', '2025-04-05', 88.00, 9, '2025-04-05 17:38:16', '2025-04-05 17:38:16'),
(140, 'c25-2@mikrologin.com', '2025-04-05', 88.00, 11, '2025-04-05 17:39:22', '2025-04-05 17:39:22'),
(141, 'c2@buscarif.com', '2025-04-05', 264.00, 10, '2025-04-05 17:42:57', '2025-04-05 17:42:57'),
(142, 'c5-1@buscarif.com', '2025-04-05', 88.00, 11, '2025-04-05 18:04:15', '2025-04-05 18:04:15'),
(143, 'c18-1@ven2vpn.com', '2025-04-18', 264.00, 9, '2025-04-18 13:09:52', '2025-04-18 13:09:52'),
(144, 'c18-1@cloudsatllc.com', '2025-04-18', 264.00, 10, '2025-04-18 13:15:23', '2025-04-18 13:15:23'),
(145, 'c14-2@ven2vpn.com', '2025-04-18', 176.00, 9, '2025-04-18 18:55:20', '2025-04-18 18:55:20'),
(146, 'c5@buscarif.com', '2025-04-18', 176.00, 10, '2025-04-18 18:56:42', '2025-04-18 18:56:42'),
(147, 'c17-2@ven2vpn.com', '2025-04-18', 88.00, 8, '2025-04-18 18:59:14', '2025-04-18 18:59:14'),
(148, 'c18@ven2vpn.com', '2025-04-18', 440.00, 9, '2025-04-18 19:09:07', '2025-04-18 19:09:07'),
(149, 'c19@ven2vpn.com', '2025-04-18', 176.00, 8, '2025-04-18 19:36:58', '2025-04-18 19:36:58'),
(150, 'c18-2@ven2vpn.com', '2025-04-19', 88.00, 9, '2025-04-19 19:35:17', '2025-04-19 19:35:17'),
(151, 'c20@mikrologin.com', '2025-04-21', 264.00, 8, '2025-04-21 16:48:39', '2025-04-21 16:48:39'),
(152, 'c22@mikrologin.com', '2025-04-24', 176.00, 8, '2025-04-24 17:15:34', '2025-04-24 17:15:34'),
(153, 'c5@cloudsatllc.com', '2025-04-26', 176.00, 11, '2025-04-26 20:11:48', '2025-04-26 20:11:48'),
(154, 'c6@cloudsatllc.com', '2025-04-26', 88.00, 11, '2025-04-26 20:12:42', '2025-04-26 20:12:42'),
(155, 'c6-1@buscarif.com', '2025-04-26', 176.00, 11, '2025-04-26 20:13:32', '2025-04-26 20:13:32'),
(156, 'c6-2@buscarif.com', '2025-04-26', 88.00, 10, '2025-04-26 20:15:09', '2025-04-26 20:15:09'),
(157, 'c6@buscarif.com', '2025-04-26', 176.00, 10, '2025-04-26 20:16:04', '2025-04-26 20:16:04'),
(158, 'cloudsat.col16-1@cloudsatllc.com', '2025-04-26', 88.00, 11, '2025-04-26 20:17:02', '2025-04-26 20:17:02'),
(159, 'c8-1@buscarif.com', '2025-04-26', 176.00, 10, '2025-04-26 20:18:11', '2025-04-26 20:18:11'),
(160, 'c8-2@buscarif.com', '2025-04-26', 88.00, 8, '2025-04-26 20:19:24', '2025-04-26 20:19:24'),
(161, 'c7@buscarif.com', '2025-04-26', 176.00, 11, '2025-04-26 20:20:26', '2025-04-26 20:20:26'),
(162, 'c8@buscarif.com', '2025-04-26', 264.00, 10, '2025-04-26 20:22:32', '2025-04-26 20:22:32'),
(163, 'c9-2@ven2vpn.com', '2025-04-26', 108.00, 12, '2025-04-26 20:23:24', '2025-04-26 20:23:24'),
(164, 'c9@cloudsatllc.com', '2025-04-26', 88.00, 8, '2025-04-26 20:25:16', '2025-04-26 20:25:16'),
(165, 'brasil@buscarif.com', '2025-04-26', 352.00, 12, '2025-04-26 20:26:36', '2025-04-26 20:26:36'),
(166, 'c11@ven2vpn.com', '2025-04-26', 264.00, 11, '2025-04-26 20:51:30', '2025-04-26 20:51:30'),
(167, 'c11-1@ven2vpn.com', '2025-04-26', 352.00, 11, '2025-04-26 20:54:27', '2025-04-26 20:54:27'),
(168, 'c11@cloudsatllc.com', '2025-04-26', 88.00, 11, '2025-04-26 20:55:33', '2025-04-26 20:55:33'),
(169, 'c12-1@ven2vpn.com', '2025-04-26', 88.00, 9, '2025-04-26 20:57:01', '2025-04-26 20:57:01'),
(170, 'c12@ven2vpn.com', '2025-04-26', 264.00, 11, '2025-04-26 20:58:06', '2025-04-26 20:58:06'),
(171, 'c10-2@buscarif.com', '2025-04-26', 176.00, 12, '2025-04-26 20:59:05', '2025-04-26 20:59:05'),
(172, 'c10@buscarif.com', '2025-04-26', 264.00, 12, '2025-04-26 21:00:48', '2025-04-26 21:00:48'),
(173, 'c10@ven2vpn.com', '2025-04-26', 176.00, 12, '2025-04-26 21:02:01', '2025-04-26 21:02:01'),
(174, 'c14@cloudsatllc.com', '2025-04-26', 88.00, 11, '2025-04-26 21:05:55', '2025-04-26 21:05:55'),
(175, 'c15@cloudsatllc.com', '2025-04-26', 230.00, 9, '2025-04-26 21:07:11', '2025-04-26 21:07:11'),
(176, 'c14@ven2vpn.com', '2025-04-26', 176.00, 9, '2025-04-26 21:12:16', '2025-04-26 21:12:16'),
(177, 'c15@ven2vpn.com', '2025-04-26', 176.00, 11, '2025-04-26 21:13:06', '2025-04-26 21:13:06'),
(178, 'c16-2@ven2vpn.com', '2025-04-26', 88.00, 11, '2025-04-26 21:14:30', '2025-04-26 21:14:30'),
(179, 'c17@ven2vpn.com', '2025-04-26', 264.00, 11, '2025-04-26 21:15:36', '2025-04-26 21:15:36'),
(180, 'c19-1@ven2vpn.com', '2025-04-26', 88.00, 12, '2025-04-26 21:17:59', '2025-04-26 21:17:59'),
(181, 'c17@cloudsatllc.com', '2025-04-26', 88.00, 9, '2025-04-26 21:19:12', '2025-04-26 21:19:12'),
(182, 'c25-1@mikrologin.com', '2025-04-26', 352.00, 8, '2025-04-26 21:21:15', '2025-04-26 21:21:15'),
(183, 'c26@mikrologin.com', '2025-04-26', 264.00, 8, '2025-04-26 21:22:30', '2025-04-26 21:22:30'),
(184, 'c27@mikrologin.com', '2025-04-26', 176.00, 15, '2025-04-26 21:23:29', '2025-04-26 21:23:29'),
(185, 'c21@mikrologin.com', '2025-04-26', 176.00, 12, '2025-04-26 21:24:39', '2025-04-26 21:24:39'),
(186, 'c22-2@mikrologin.com', '2025-04-26', 264.00, 8, '2025-04-26 21:25:47', '2025-04-26 21:25:47'),
(187, 'c20@cloudsatllc.com', '2025-04-26', 88.00, 15, '2025-04-26 21:26:52', '2025-04-26 21:26:52'),
(188, 'c28-1@cloudsatllc.com', '2025-04-26', 88.00, 11, '2025-04-26 21:27:45', '2025-04-26 21:27:45'),
(189, 'c27-2@mikrologin.com', '2025-04-26', 88.00, 12, '2025-04-26 21:28:48', '2025-04-26 21:28:48'),
(190, 'c20-1@cloudsatllc.com', '2025-04-26', 88.00, 15, '2025-04-26 21:51:50', '2025-04-26 21:51:50'),
(191, 'o@cloudsatllc.com', '2025-04-26', 1960.00, 14, '2025-04-26 21:58:32', '2025-04-26 21:58:32'),
(192, 'c6-1@buscarif.com', '2025-05-08', 176.00, 11, '2025-05-08 17:43:08', '2025-05-08 17:43:08'),
(193, 'c6-1@cloudsatllc.com', '2025-05-08', 88.00, 11, '2025-05-08 17:44:04', '2025-05-08 17:44:04'),
(194, 'c9@ven2vpn.com', '2025-05-10', 88.00, 11, '2025-05-10 22:43:16', '2025-05-10 22:43:16'),
(195, 'c13@vn2vpn.com', '2025-05-10', 0.00, 9, '2025-05-10 22:44:27', '2025-05-10 22:44:27'),
(196, 'c13@vn2vpn.com', '2025-05-10', 0.00, 9, '2025-05-10 22:44:29', '2025-05-10 22:44:29'),
(197, 'c1-1@cloudsatllc.com', '2025-05-10', 88.00, 13, '2025-05-10 22:47:11', '2025-05-10 22:47:11'),
(198, 'c17@ven2vpn.com', '2025-05-16', 264.00, 11, '2025-05-16 18:11:23', '2025-05-16 18:11:23'),
(199, 'c1@cloudsatllc.com', '2025-05-16', 264.00, 11, '2025-05-16 19:15:52', '2025-05-16 19:15:52'),
(200, 'c5-3@cloudsatllc.com', '2025-05-16', 88.00, 12, '2025-05-16 19:16:46', '2025-05-16 19:16:46'),
(201, 'c16@ven2vpn.com', '2025-05-16', 176.00, 9, '2025-05-16 19:21:45', '2025-05-16 19:21:45'),
(202, 'c24@mikrologin.com', '2025-05-16', 528.00, 11, '2025-05-16 19:22:53', '2025-05-16 19:22:53'),
(203, 'c26-1@mikrologin.com', '2025-05-16', 264.00, 8, '2025-05-16 19:24:50', '2025-05-16 19:24:50'),
(204, 'c24@cloudsatllc.com', '2025-05-16', 176.00, 11, '2025-05-16 19:34:33', '2025-05-16 19:34:33'),
(205, 'c7-1@buscarif.com', '2025-05-16', 88.00, 10, '2025-05-16 19:35:52', '2025-05-16 19:35:52'),
(206, 'c9-1@ven2vpn.com', '2025-05-16', 176.00, 8, '2025-05-16 19:37:10', '2025-05-16 19:37:10'),
(207, 'c27-1@cloudsatllc.com', '2025-05-16', 88.00, 11, '2025-05-16 19:38:11', '2025-05-16 19:38:11'),
(208, 'c7@buscarif.com', '2025-05-16', 88.00, 11, '2025-05-16 19:52:08', '2025-05-16 19:52:08'),
(209, 'c13-1@ven2vpn.com', '2025-05-16', 88.00, 11, '2025-05-16 19:56:02', '2025-05-16 19:56:02'),
(210, 'c18-1@ven2vpn.com', '2025-05-19', 264.00, 9, '2025-05-19 17:18:41', '2025-05-19 17:18:41'),
(211, 'c29@mikrologin.com', '2025-05-26', 176.00, 15, '2025-05-26 17:10:55', '2025-05-26 17:10:55'),
(212, 'c22@ven2vpn.com', '2025-05-27', 176.00, 12, '2025-05-27 23:05:57', '2025-05-27 23:05:57'),
(213, 'c4@buscarif.com', '2025-05-27', 352.00, 9, '2025-05-28 00:16:13', '2025-05-28 00:16:13'),
(214, 'c2@buscarif.com', '2025-05-27', 176.00, 10, '2025-05-28 00:17:06', '2025-05-28 00:17:06'),
(215, 'c5-3@cloudsatllc.com', '2025-05-27', 88.00, 12, '2025-05-28 00:21:06', '2025-05-28 00:21:06'),
(216, 'c19-1@ven2vpn.com', '2025-05-27', 88.00, 12, '2025-05-28 00:23:19', '2025-05-28 00:23:19'),
(217, 'c6@cloudsatllc.com', '2025-05-27', 88.00, 11, '2025-05-28 00:24:38', '2025-05-28 00:24:38'),
(218, 'c5-4@cloudsatllc.com', '2025-05-27', 88.00, 12, '2025-05-28 00:25:57', '2025-05-28 00:25:57'),
(219, 'c5@buscarif.com', '2025-05-27', 176.00, 10, '2025-05-28 00:26:50', '2025-05-28 00:26:50'),
(220, 'c5@cloudsatllc.com', '2025-05-27', 69.00, 11, '2025-05-28 00:27:44', '2025-05-28 00:27:44'),
(221, 'c6-2@buscarif.com', '2025-05-27', 88.00, 10, '2025-05-28 00:28:43', '2025-05-28 00:28:43'),
(222, 'c6@buscarif.com', '2025-05-27', 176.00, 10, '2025-05-28 00:29:54', '2025-05-28 00:29:54'),
(223, 'c8-1@buscarif.com', '2025-05-27', 176.00, 10, '2025-05-28 00:31:30', '2025-05-28 00:31:30'),
(224, 'c3-1@buscarif.com', '2025-05-30', 88.00, 9, '2025-05-30 17:12:05', '2025-05-30 17:12:05'),
(225, 'c8-3@ven2vpn.com', '2025-05-30', 88.00, 8, '2025-05-30 17:13:28', '2025-05-30 17:13:28'),
(226, 'cloudsat.col16-1@cloudsatllc.com', '2025-05-30', 88.00, 11, '2025-05-30 17:14:35', '2025-05-30 17:14:35'),
(227, 'c8-2@buscarif.com', '2025-05-30', 88.00, 8, '2025-05-30 17:15:51', '2025-05-30 17:15:51'),
(228, 'c10@cloudsatllc.com', '2025-05-30', 88.00, 15, '2025-05-30 17:16:44', '2025-05-30 17:16:44'),
(229, 'c8@buscarif.com', '2025-05-30', 264.00, 10, '2025-05-30 17:17:44', '2025-05-30 17:17:44'),
(230, 'c9-2@ven2vpn.com', '2025-05-30', 108.00, 12, '2025-05-30 17:18:44', '2025-05-30 17:18:44'),
(231, 'c9@cloudsatllc.com', '2025-05-30', 88.00, 8, '2025-05-30 17:19:50', '2025-05-30 17:19:50'),
(232, 'brasil@buscarif.com', '2025-05-30', 352.00, 12, '2025-05-30 17:20:05', '2025-05-30 17:20:05'),
(233, 'c11@ven2vpn.com', '2025-05-30', 264.00, 11, '2025-05-31 00:42:58', '2025-05-31 00:42:58'),
(234, 'c11-1@ven2vpn.com', '2025-05-30', 352.00, 11, '2025-05-31 00:51:18', '2025-05-31 00:51:18'),
(235, 'c11@cloudsatllc.com', '2025-05-30', 88.00, 11, '2025-05-31 00:52:23', '2025-05-31 00:52:23'),
(236, 'c12-1@ven2vpn.com', '2025-05-30', 88.00, 9, '2025-05-31 00:53:18', '2025-05-31 00:53:18'),
(237, 'c12@ven2vpn.com', '2025-05-30', 264.00, 11, '2025-05-31 00:54:28', '2025-05-31 00:54:28'),
(238, 'c10-2@buscarif.com', '2025-05-30', 176.00, 12, '2025-05-31 00:55:41', '2025-05-31 00:55:41'),
(239, 'c10@buscarif.com', '2025-05-30', 264.00, 12, '2025-05-31 00:56:02', '2025-05-31 00:56:02'),
(240, 'c13@cloudsatllc.com', '2025-05-30', 88.00, 15, '2025-05-31 00:56:26', '2025-05-31 00:56:26'),
(241, 'c10@ven2vpn.com', '2025-05-30', 176.00, 12, '2025-05-31 00:56:54', '2025-05-31 00:56:54'),
(242, 'c14-2@cloudsatllc.com', '2025-05-30', 88.00, 9, '2025-05-31 00:57:20', '2025-05-31 00:57:20'),
(243, 'c14-1@cloudsatllc.com', '2025-05-30', 88.00, 9, '2025-05-31 00:58:12', '2025-05-31 00:58:12'),
(244, 'c14-1@ven2vpn.com', '2025-05-30', 142.00, 9, '2025-05-31 00:59:59', '2025-05-31 00:59:59'),
(245, 'c14-2@ven2vpn.com', '2025-05-30', 264.00, 9, '2025-05-31 01:01:56', '2025-05-31 01:01:56'),
(246, 'c14@ven2vpn.com', '2025-05-30', 176.00, 9, '2025-05-31 01:03:17', '2025-05-31 01:03:17'),
(247, 'c14@cloudsatllc.com', '2025-05-30', 88.00, 11, '2025-05-31 01:04:09', '2025-05-31 01:04:09'),
(248, 'c15@ven2vpn.com', '2025-05-30', 176.00, 11, '2025-05-31 01:05:32', '2025-05-31 01:05:32'),
(249, 'c25-1@mikrologin.com', '2025-06-03', 264.00, 8, '2025-06-03 23:24:31', '2025-06-03 23:24:31'),
(250, 'c5@buscarif.com', '2025-06-06', 176.00, 10, '2025-06-06 19:26:33', '2025-06-06 19:26:33'),
(251, 'c7-1@buscarif.com', '2025-06-07', 88.00, 10, '2025-06-07 20:50:04', '2025-06-07 20:50:04'),
(252, 'c5-2@cloudsatllc.com', '2025-06-12', 108.00, 12, '2025-06-12 19:10:28', '2025-06-12 19:10:28'),
(253, 'c20@mikrologin.com', '2025-06-18', 324.00, 8, '2025-06-18 17:55:37', '2025-06-18 17:55:37'),
(254, 'c22-2@mikrologin.com', '2025-06-18', 324.00, 8, '2025-06-18 18:02:24', '2025-06-18 18:02:24'),
(255, 'rc29@cloudsatllc.com', '2025-06-23', 108.00, 15, '2025-06-24 00:25:05', '2025-06-24 00:25:05'),
(256, 'c5@cloudsatllc.com', '2025-06-24', 69.00, 11, '2025-06-24 23:16:15', '2025-06-24 23:16:15'),
(257, 'cc1-arg@cloudsatllc.com', '2025-07-01', 108.00, 12, '2025-07-02 01:00:32', '2025-07-02 01:00:32'),
(258, 'c1-1@cloudsatllc.com', '2025-08-01', 108.00, 10, '2025-08-02 01:26:01', '2025-08-02 01:26:01'),
(259, 'c1@cloudsatllc.com', '2025-08-01', 432.00, 11, '2025-08-02 01:26:13', '2025-08-02 01:26:13'),
(260, 'c29@mikrologin.com', '2025-08-01', 108.00, 15, '2025-08-02 01:26:24', '2025-08-02 01:26:24'),
(261, 'c4@buscarif.com', '2025-08-01', 324.00, 9, '2025-08-02 01:26:38', '2025-08-02 01:26:38'),
(262, 'cc1-arg@cloudsatllc.com', '2025-08-01', 80.00, 12, '2025-08-02 01:26:50', '2025-08-02 01:26:50'),
(263, 'c2@buscarif.com', '2025-08-01', 324.00, 10, '2025-08-02 01:27:09', '2025-08-02 01:27:09'),
(264, 'cl5-arg@cloudsatllc.com', '2025-08-01', 80.00, 12, '2025-08-02 01:27:23', '2025-08-02 01:27:23'),
(265, 'c5-3@cloudsatllc.com', '2025-08-01', 108.00, 12, '2025-08-02 01:27:35', '2025-08-02 01:27:35'),
(266, 'cl5-arg@cloudsatllc.com', '2025-08-01', 80.00, 12, '2025-08-02 01:28:51', '2025-08-02 01:28:51'),
(267, 'c7@buscarif.com', '2025-08-01', 108.00, 11, '2025-08-02 01:29:03', '2025-08-02 01:29:03'),
(268, 'c14@cloudsatllc.com', '2025-08-01', 108.00, 11, '2025-08-02 01:29:16', '2025-08-02 01:29:16'),
(269, 'c5-4@cloudsatllc.com', '2025-08-01', 108.00, 12, '2025-08-02 01:29:55', '2025-08-02 01:29:55'),
(270, 'c6-2@buscarif.com', '2025-08-01', 108.00, 10, '2025-08-02 01:30:50', '2025-08-02 01:30:50'),
(271, 'rc5@cloudsatllc.com', '2025-08-01', 108.00, 15, '2025-08-02 01:31:05', '2025-08-02 01:31:05'),
(272, 'c5@buscarif.com', '2025-08-01', 216.00, 10, '2025-08-02 01:31:16', '2025-08-02 01:31:16'),
(273, 'c6@cloudsatllc.com', '2025-08-01', 108.00, 11, '2025-08-02 01:31:28', '2025-08-02 01:31:28'),
(274, 'c5@cloudsatllc.com', '2025-08-01', 162.00, 11, '2025-08-02 01:31:38', '2025-08-02 01:31:38'),
(275, 'c6-1@buscarif.com', '2025-08-01', 216.00, 11, '2025-08-02 01:31:50', '2025-08-02 01:31:50'),
(276, 'c6-1@cloudsatllc.com', '2025-08-01', 108.00, 11, '2025-08-02 01:32:01', '2025-08-02 01:32:01'),
(277, 'c8-3@ven2vpn.com', '2025-08-01', 108.00, 8, '2025-08-02 01:32:13', '2025-08-02 01:32:13'),
(278, 'c6@buscarif.com', '2025-08-01', 216.00, 10, '2025-08-02 01:32:25', '2025-08-02 01:32:25'),
(279, 'cloudsat.col16-1@cloudsatllc.com', '2025-08-01', 108.00, 11, '2025-08-02 01:32:43', '2025-08-02 01:32:43'),
(280, 'rc8-arg@cloudsatllc.com', '2025-08-01', 160.00, 15, '2025-08-02 01:32:55', '2025-08-02 01:32:55'),
(281, 'c8-1@buscarif.com', '2025-08-01', 216.00, 10, '2025-08-02 01:33:15', '2025-08-02 01:33:15'),
(282, 'rc5-arg@cloudsatllc.com', '2025-08-01', 160.00, 15, '2025-08-02 01:33:31', '2025-08-02 01:33:31'),
(283, 'c10@ven2vpn.com', '2025-08-01', 108.00, 12, '2025-08-02 01:35:37', '2025-08-02 01:35:37'),
(284, 'brasil@buscarif.com', '2025-08-01', 216.00, 12, '2025-08-02 01:35:49', '2025-08-02 01:35:49'),
(285, 'c10@cloudsatllc.com', '2025-08-01', 108.00, 15, '2025-08-02 01:36:03', '2025-08-02 01:36:03'),
(286, 'c11-1@ven2vpn.com', '2025-08-01', 432.00, 11, '2025-08-02 01:36:14', '2025-08-02 01:36:14'),
(287, 'c9-1@ven2vpn.com', '2025-08-01', 216.00, 8, '2025-08-02 01:36:32', '2025-08-02 01:36:32'),
(288, 'c9-2@ven2vpn.com', '2025-08-12', 54.00, 12, '2025-08-13 01:53:01', '2025-08-13 01:53:01'),
(289, 'c11@ven2vpn.com', '2025-08-12', 324.00, 11, '2025-08-13 01:53:42', '2025-08-13 01:53:42'),
(290, 'c8@buscarif.com', '2025-08-12', 324.00, 10, '2025-08-13 01:53:59', '2025-08-13 01:53:59');

-- --------------------------------------------------------

--
-- Estructura de tabla para la tabla `migrations`
--

CREATE TABLE `migrations` (
  `id` int(10) UNSIGNED NOT NULL,
  `migration` varchar(255) NOT NULL,
  `batch` int(11) NOT NULL
) ENGINE=InnoDB DEFAULT CHARSET=utf8mb4 COLLATE=utf8mb4_unicode_ci;

--
-- Volcado de datos para la tabla `migrations`
--

INSERT INTO `migrations` (`id`, `migration`, `batch`) VALUES
(1, '2014_10_12_000000_create_users_table', 1),
(2, '2014_10_12_100000_create_password_resets_table', 1),
(3, '2014_10_12_200000_add_two_factor_columns_to_users_table', 1),
(4, '2019_08_19_000000_create_failed_jobs_table', 1),
(5, '2019_12_14_000001_create_personal_access_tokens_table', 1),
(6, '2023_02_24_194620_create_sessions_table', 1),
(7, '2023_03_06_175743_create_personas_table', 1),
(8, '2023_03_07_125050_create_empresas_table', 1),
(9, '2023_03_07_145100_create_clientes_table', 1),
(10, '2023_03_08_155752_create_proveedores_table', 1),
(11, '2023_03_09_071710_create_modelos_mikrotiks_table', 1),
(12, '2023_03_09_072917_create_protocolos_mikrotiks_table', 1),
(13, '2023_03_09_143039_create_socios_table', 1),
(14, '2023_03_09_145702_create_tecnicos_table', 1),
(15, '2023_03_09_193944_create_mikrotiks_table', 1),
(16, '2023_03_22_190524_create_vendedores_table', 1),
(17, '2023_03_22_202235_create_planes_table', 1),
(18, '2023_04_05_151552_create_remotas_table', 1),
(19, '2023_10_27_090202_create_mikrotik_protocolo_mikrotik_table', 1),
(20, '2023_10_30_162614_create_configuraciones_table', 1),
(21, '2024_03_18_005357_update_remotas_fields', 1),
(22, '2024_04_06_145240_add_fields_to_remotas', 1),
(23, '2024_04_06_171103_add_proveedor_to_plan', 1),
(24, '2024_04_23_011926_change_fields_persona', 1),
(25, '2024_05_28_145048_remove_uniques_rifs', 1),
(26, '2024_05_31_020743_add_costo_field_remota', 1),
(27, '2024_05_31_182500_add_foreignk_modelo_microtik', 1),
(28, '2024_06_04_005206_modify_cobros_table', 1),
(29, '2024_06_20_231201_create_cobros_historial_table', 2),
(30, '2024_06_21_201157_edit_enums', 3),
(31, '2024_06_21_204538_comision_remota', 4),
(32, '2024_06_21_212341_utilidades_en_historial', 5),
(33, '2024_07_02_234027_create_nacionalidad_field_persona', 5),
(34, '2024_07_03_220520_ad_pausada_por_pago_in_remotas', 6),
(35, '2024_07_05_221817_ad_pausada_por_pago_in_remotas2', 6),
(36, '2024_07_11_165737_change_fields_remotas', 7),
(37, '2024_08_08_232537_addstaus_type_cobros', 8),
(38, '2024_09_17_202038_create_payment_methods_table', 9),
(39, '2024_09_17_204424_add_metodo_de_pago_en_cobros_historial', 9),
(40, '2024_09_17_115520_create_permission_tables', 10),
(41, '2024_09_20_142608_add_roles_y_permisos_base', 11),
(42, '2024_09_26_165118_add_permisos_cobranzas_actions', 11),
(43, '2024_09_26_181018_add_permisos_cobros_particulares_actions', 11),
(44, '2024_09_30_112756_add_permisos_remotas_actions', 12),
(45, '2024_10_02_220259_add_permisos_mensualidades_futuras', 13),
(46, '2024_11_19_125317_add_permisos_alertas_de_recarga', 14),
(47, '2024_11_19_160539_add_columna_metodo_de_pago_enla_remota', 14),
(48, '2024_11_21_143131_add_tipo_metodo_de_pago_en_payment_methods', 15),
(49, '2024_11_21_185720_create_historial_de_recargas_table', 16),
(50, '2024_12_12_144132_add_tope_metodos_de_pago', 17),
(51, '2024_12_18_183353_add_correo', 18),
(52, '2024_12_18_210911_add_cantidad_registrada', 18),
(53, '2025_06_13_012053_add_detalles_extra_to_remotas_table', 19),
(54, '2025_10_06_000001_add_oculta_status_to_remotas', 20),
(55, '2025_10_06_000002_add_remota_eliminada_status_to_cobros', 20);

-- --------------------------------------------------------

--
-- Estructura de tabla para la tabla `mikrotiks`
--

CREATE TABLE `mikrotiks` (
  `id` bigint(20) UNSIGNED NOT NULL,
  `nombre` varchar(50) NOT NULL,
  `ip` varchar(45) NOT NULL,
  `serial` varchar(50) NOT NULL,
  `identify` varchar(50) NOT NULL,
  `modelo_mikrotik_id` bigint(20) UNSIGNED NOT NULL,
  `vpn_user` varchar(30) NOT NULL,
  `vpn_password` varchar(30) NOT NULL,
  `vpn_server` varchar(50) NOT NULL,
  `ethr_corte1` varchar(50) DEFAULT NULL,
  `ethr_corte2` varchar(50) DEFAULT NULL,
  `usuario` varchar(255) NOT NULL,
  `clave` varchar(50) NOT NULL,
  `uuid` char(36) NOT NULL,
  `created_at` timestamp NULL DEFAULT NULL,
  `updated_at` timestamp NULL DEFAULT NULL,
  `deleted_at` timestamp NULL DEFAULT NULL
) ENGINE=InnoDB DEFAULT CHARSET=utf8mb4 COLLATE=utf8mb4_unicode_ci;

-- --------------------------------------------------------

--
-- Estructura de tabla para la tabla `mikrotik_protocolo_mikrotik`
--

CREATE TABLE `mikrotik_protocolo_mikrotik` (
  `id` bigint(20) UNSIGNED NOT NULL,
  `protocolo_mikrotik_id` bigint(20) UNSIGNED NOT NULL,
  `mikrotik_id` bigint(20) UNSIGNED NOT NULL,
  `puerto` varchar(6) NOT NULL,
  `created_at` timestamp NULL DEFAULT NULL,
  `updated_at` timestamp NULL DEFAULT NULL
) ENGINE=InnoDB DEFAULT CHARSET=utf8mb4 COLLATE=utf8mb4_unicode_ci;

-- --------------------------------------------------------

--
-- Estructura de tabla para la tabla `modelos_mikrotiks`
--

CREATE TABLE `modelos_mikrotiks` (
  `id` bigint(20) UNSIGNED NOT NULL,
  `nombre` varchar(50) NOT NULL,
  `uuid` char(36) NOT NULL,
  `created_at` timestamp NULL DEFAULT NULL,
  `updated_at` timestamp NULL DEFAULT NULL,
  `deleted_at` timestamp NULL DEFAULT NULL
) ENGINE=InnoDB DEFAULT CHARSET=utf8mb4 COLLATE=utf8mb4_unicode_ci;

--
-- Volcado de datos para la tabla `modelos_mikrotiks`
--

INSERT INTO `modelos_mikrotiks` (`id`, `nombre`, `uuid`, `created_at`, `updated_at`, `deleted_at`) VALUES
(1, 'CRS310-8G+2S+IN', '3261d061-3b75-48b8-b60f-39b72a8a42a4', '2024-06-05 18:11:57', '2024-06-11 20:22:50', '2024-06-11 20:22:50'),
(2, 'RB260GS', '7d94b08e-8cdc-43fc-b9c8-629cb522d93a', '2024-06-05 18:11:57', '2024-06-11 20:22:29', '2024-06-11 20:22:29'),
(3, 'RB260GSP', 'a5888a40-2eef-46d0-adec-0e86a89800ea', '2024-06-05 18:11:57', '2024-06-11 20:22:47', '2024-06-11 20:22:47'),
(4, 'CRS106-1C-5S', '51ad4205-4f0f-4a87-9abe-7ca23435138f', '2024-06-05 18:11:57', '2024-06-11 20:22:43', '2024-06-11 20:22:43'),
(5, 'CSS610-8G-2S+IN', '100307f0-1a46-4c0c-b392-41ae4e0330a5', '2024-06-05 18:11:57', '2024-06-11 20:22:40', '2024-06-11 20:22:40'),
(6, 'netPower Lite 7R', 'c8b019e6-d793-4af6-8f58-0ebfa79f4ba1', '2024-06-05 18:11:57', '2024-06-11 20:22:37', '2024-06-11 20:22:37'),
(7, 'CRS305-1G-4S+IN', '2b503d60-d2f8-405b-968c-56da4b775934', '2024-06-05 18:11:57', '2024-06-11 20:22:33', '2024-06-11 20:22:33'),
(8, 'CRS112-8G-4S-IN', '1eee1cdc-4d20-4ddf-a66d-2716c5444cf5', '2024-06-05 18:11:57', '2024-06-11 20:22:53', '2024-06-11 20:22:53'),
(9, 'CSS326-24G-2S+RM', '9bfe57a1-b995-46a6-b795-118471ae96d1', '2024-06-05 18:11:57', '2024-06-11 20:22:57', '2024-06-11 20:22:57'),
(10, 'netPower 15FR', '02ca178c-cb40-4ded-ab53-d692f7075f36', '2024-06-05 18:11:57', '2024-06-11 20:22:24', '2024-06-11 20:22:24'),
(11, 'CRS326-24G-2S+IN', '986b335a-58d1-4a78-bc0b-134be9a7898a', '2024-06-05 18:11:57', '2024-06-11 20:22:18', '2024-06-11 20:22:18'),
(12, 'CRS310-1G-5S-4S+IN', 'e0a2fb93-9e67-4c5b-bef1-37a2d3b725e8', '2024-06-05 18:11:57', '2024-06-11 20:22:15', '2024-06-11 20:22:15'),
(13, 'CRS326-24G-2S+RM', 'ccc1c696-4234-42d1-a029-d481e7fc6943', '2024-06-05 18:11:57', '2024-06-11 20:22:11', '2024-06-11 20:22:11'),
(14, 'CRS112-8P-4S-IN', 'c0502b54-0ca0-4eac-a2c8-8c3cd625567e', '2024-06-05 18:11:57', '2024-06-11 20:22:08', '2024-06-11 20:22:08'),
(15, 'CSS610-8P-2S+IN', '121cbd54-5bd7-42c8-9097-74f7f748362b', '2024-06-05 18:11:57', '2024-06-11 20:22:01', '2024-06-11 20:22:01'),
(16, 'FiberBox Plus', '03d162fd-ec8a-4306-8f54-a656045630db', '2024-06-05 18:11:57', '2024-06-11 20:21:58', '2024-06-11 20:21:58'),
(17, 'netFiber 9', 'ae5c56f7-3d8e-482b-9f18-ab51220ee928', '2024-06-05 18:11:57', '2024-06-11 20:21:55', '2024-06-11 20:21:55'),
(18, 'CRS309-1G-8S+IN', 'ca5025d3-f7ab-4637-a795-f42338b42a2a', '2024-06-05 18:11:57', '2024-06-11 20:21:52', '2024-06-11 20:21:52'),
(19, 'netPower 16P', '8d509847-696a-4307-8a94-83902a836ba9', '2024-06-05 18:11:57', '2024-06-11 20:21:49', '2024-06-11 20:21:49'),
(20, 'CRS328-4C-20S-4S+RM', '97d44891-5ca1-42be-9e6e-7cf8ab6a6453', '2024-06-05 18:11:57', '2024-06-11 20:21:46', '2024-06-11 20:21:46'),
(21, 'CRS328-24P-4S+RM', '08c8cd3e-c038-4924-93c1-d62e848c5200', '2024-06-05 18:11:57', '2024-06-11 20:21:43', '2024-06-11 20:21:43'),
(22, 'CRS317-1G-16S+RM', '39667be7-964b-4ac8-a394-bce6e281387a', '2024-06-05 18:11:57', '2024-06-11 20:21:39', '2024-06-11 20:21:39'),
(23, 'CRS326-24S+2Q+RM', '0fc958ea-ed49-4008-a359-f5e4fdb44759', '2024-06-05 18:11:57', '2024-06-11 20:21:36', '2024-06-11 20:21:36'),
(24, 'CRS354-48G-4S+2Q+RM', '7dc1c6f6-13e5-42b7-b98b-c3352047001c', '2024-06-05 18:11:57', '2024-06-11 20:21:32', '2024-06-11 20:21:32'),
(25, 'CRS312-4C+8XG-RM', 'c8c74d12-b447-4ac3-b6b2-2771d12a6159', '2024-06-05 18:11:57', '2024-06-11 20:21:29', '2024-06-11 20:21:29'),
(26, 'CRS504-4XQ-IN', '430ac8ad-b6a9-4201-abbf-de0b23884627', '2024-06-05 18:11:57', '2024-06-11 20:21:25', '2024-06-11 20:21:25'),
(27, 'CRS504-4XQ-OUT', '3f849073-0d58-4fa0-94b8-8bf03aaf1d91', '2024-06-05 18:11:57', '2024-06-11 20:21:15', '2024-06-11 20:21:15'),
(28, 'CRS354-48P-4S+2Q+RM', '35f658e9-bec0-44ba-bda5-056ec12c9c6a', '2024-06-05 18:11:57', '2024-06-11 20:21:22', '2024-06-11 20:21:22'),
(29, 'CRS510-8XS-2XQ-IN', '5519536e-9f62-4533-95a5-9d0cfcffbdb9', '2024-06-05 18:11:57', '2024-06-11 20:21:19', '2024-06-11 20:21:19'),
(30, 'CRS518-16XS-2XQ-RM', 'bf299d62-6f5d-47e7-ba00-3b2f2361582d', '2024-06-05 18:11:57', '2024-06-11 20:21:11', '2024-06-11 20:21:11'),
(31, 'Ax2', 'b527f52c-bb23-41af-86d1-d5245f599bb0', '2024-06-11 20:23:06', '2024-06-11 20:23:06', NULL),
(32, 'Ax3 ', 'f5185e0d-7153-4026-8c93-a51d35c94b57', '2024-06-11 20:23:11', '2024-06-11 20:23:11', NULL),
(33, 'Ac3', '4550a836-b2ad-4d08-a4bc-d7991744e192', '2024-06-11 20:23:17', '2024-06-11 20:23:17', NULL),
(34, 'AcLite', 'fe8b476d-af5e-4693-b27f-5109e83ea991', '2024-06-11 20:23:28', '2024-06-11 20:23:28', NULL),
(35, 'AxLite', '9b290cf3-773e-4971-b185-6982a8f9ac00', '2024-06-11 20:23:32', '2024-06-11 20:23:32', NULL),
(36, 'RB4011', '690df86c-4889-4da7-ab4c-616769e7580e', '2024-06-11 20:23:39', '2024-06-11 20:23:39', NULL),
(37, 'RB5009', 'c414e2e6-27ee-4061-9689-3d3687b2cfd6', '2024-06-11 20:23:43', '2024-06-11 20:23:43', NULL),
(38, 'NO MIKROTIK', '9ad5c3d0-876b-4b2d-85b2-e21625f588dd', '2024-06-11 20:23:47', '2024-06-11 20:23:47', NULL);

-- --------------------------------------------------------

--
-- Estructura de tabla para la tabla `model_has_permissions`
--

CREATE TABLE `model_has_permissions` (
  `permission_id` bigint(20) UNSIGNED NOT NULL,
  `model_type` varchar(255) NOT NULL,
  `model_id` bigint(20) UNSIGNED NOT NULL
) ENGINE=InnoDB DEFAULT CHARSET=utf8mb4 COLLATE=utf8mb4_unicode_ci;

-- --------------------------------------------------------

--
-- Estructura de tabla para la tabla `model_has_roles`
--

CREATE TABLE `model_has_roles` (
  `role_id` bigint(20) UNSIGNED NOT NULL,
  `model_type` varchar(255) NOT NULL,
  `model_id` bigint(20) UNSIGNED NOT NULL
) ENGINE=InnoDB DEFAULT CHARSET=utf8mb4 COLLATE=utf8mb4_unicode_ci;

--
-- Volcado de datos para la tabla `model_has_roles`
--

INSERT INTO `model_has_roles` (`role_id`, `model_type`, `model_id`) VALUES
(1, 'App\\Models\\User', 1),
(1, 'App\\Models\\User', 2),
(1, 'App\\Models\\User', 3),
(2, 'App\\Models\\User', 5);

-- --------------------------------------------------------

--
-- Estructura de tabla para la tabla `password_resets`
--

CREATE TABLE `password_resets` (
  `email` varchar(255) NOT NULL,
  `token` varchar(255) NOT NULL,
  `created_at` timestamp NULL DEFAULT NULL
) ENGINE=InnoDB DEFAULT CHARSET=utf8mb4 COLLATE=utf8mb4_unicode_ci;

-- --------------------------------------------------------

--
-- Estructura de tabla para la tabla `payment_methods`
--

CREATE TABLE `payment_methods` (
  `id` bigint(20) UNSIGNED NOT NULL,
  `name` varchar(255) NOT NULL,
  `description` text DEFAULT NULL,
  `type` varchar(255) DEFAULT NULL,
  `is_active` tinyint(1) NOT NULL DEFAULT 1,
  `tipo_metodo_pago` enum('cliente','empresa') NOT NULL DEFAULT 'cliente',
  `cantidad_registrada` double(8,2) DEFAULT 0.00,
  `tope` double(8,2) DEFAULT NULL,
  `created_at` timestamp NULL DEFAULT NULL,
  `updated_at` timestamp NULL DEFAULT NULL
) ENGINE=InnoDB DEFAULT CHARSET=utf8mb4 COLLATE=utf8mb4_unicode_ci;

--
-- Volcado de datos para la tabla `payment_methods`
--

INSERT INTO `payment_methods` (`id`, `name`, `description`, `type`, `is_active`, `tipo_metodo_pago`, `cantidad_registrada`, `tope`, `created_at`, `updated_at`) VALUES
(1, 'Efectivo', 'Dolares en efectivo', 'cash', 1, 'cliente', 0.00, NULL, '2024-09-18 01:22:34', '2024-09-18 01:22:34'),
(2, 'Zelle', 'Transferencia electronica en dolares', 'bank_transfer', 1, 'cliente', 0.00, NULL, '2024-09-18 01:22:34', '2024-09-18 01:22:34'),
(3, 'Bancolombia', 'Transferencia electronica en pesos', 'bank_transfer', 1, 'cliente', 0.00, NULL, '2024-09-18 01:22:34', '2024-09-18 01:22:34'),
(4, 'Transferencia nacional', 'Transferencia electronica en bolivares bancos venezolanos', 'bank_transfer', 1, 'cliente', 0.00, NULL, '2024-09-18 01:22:34', '2024-09-18 01:22:34'),
(5, 'Banesco panama', 'Transferencia electronica en dolares', 'bank_transfer', 1, 'cliente', 0.00, NULL, '2024-09-18 01:22:34', '2024-09-18 01:22:34'),
(6, 'Pago movil', 'Transferencia electronica en bolivares', 'transfer', 1, 'cliente', 0.00, NULL, '2024-09-18 01:22:34', '2024-09-18 01:22:34'),
(7, 'USDT', 'Transferencia electronica en dolares', 'wallet', 1, 'cliente', 0.00, NULL, '2024-09-18 01:22:34', '2024-09-18 01:22:34'),
(8, 'Tarjeta WM 8050', 'Tarjeta Credito', NULL, 1, 'empresa', 324.00, NULL, '2024-11-22 20:20:16', '2025-08-02 01:36:32'),
(9, 'Tarjeta WR 6061', 'Tarjeta Credito', NULL, 1, 'empresa', 324.00, NULL, '2024-11-22 20:38:15', '2025-08-02 01:26:38'),
(10, 'Tarjeta ZR 1098', 'Tarjeta Credito', NULL, 1, 'empresa', 1512.00, NULL, '2024-11-22 20:38:43', '2025-08-13 01:53:59'),
(11, 'Bancolombia 1154', 'cuenta Bancolombia', NULL, 1, 'empresa', 2106.00, NULL, '2024-11-22 20:39:08', '2025-08-13 01:53:42'),
(12, 'Bofa 9852', 'Bofa', NULL, 1, 'empresa', 834.00, NULL, '2024-11-22 20:39:39', '2025-08-13 01:53:01'),
(13, 'Tarjeta ZJ 7947', 'Tarjeta Credito', NULL, 1, 'empresa', 0.00, NULL, '2024-11-22 20:40:16', '2025-08-02 01:24:44'),
(14, 'Rebaur', 'Rebaur', NULL, 1, 'empresa', 0.00, NULL, '2024-12-02 17:09:40', '2025-08-02 01:24:44'),
(15, 'BNR BaneV 2801', 'BaneVe', NULL, 1, 'empresa', 644.00, 0.00, '2024-12-03 16:44:00', '2025-08-15 16:32:14'),
(16, 'BanPlaza 0943', 'BanPlaza', NULL, 1, 'empresa', 0.00, 5000.00, '2025-08-15 16:44:50', '2025-08-15 16:44:50'),
(17, 'Toti 1085', 'Toti', NULL, 1, 'empresa', 0.00, 5000.00, '2025-08-30 22:34:15', '2025-08-30 22:34:15');

-- --------------------------------------------------------

--
-- Estructura de tabla para la tabla `permissions`
--

CREATE TABLE `permissions` (
  `id` bigint(20) UNSIGNED NOT NULL,
  `name` varchar(255) NOT NULL,
  `guard_name` varchar(255) NOT NULL,
  `created_at` timestamp NULL DEFAULT NULL,
  `updated_at` timestamp NULL DEFAULT NULL
) ENGINE=InnoDB DEFAULT CHARSET=utf8mb4 COLLATE=utf8mb4_unicode_ci;

--
-- Volcado de datos para la tabla `permissions`
--

INSERT INTO `permissions` (`id`, `name`, `guard_name`, `created_at`, `updated_at`) VALUES
(7, 'administrador_module', 'web', '2024-09-18 17:54:21', '2024-09-18 17:54:21'),
(8, 'personas_module', 'web', '2024-09-18 18:05:14', '2024-09-18 18:05:14'),
(9, 'clientes_module', 'web', '2024-09-18 18:05:21', '2024-09-18 18:05:21'),
(10, 'mikrotik_module', 'web', '2024-09-18 18:05:29', '2024-09-18 18:05:29'),
(11, 'remota_satelital_module', 'web', '2024-09-18 18:05:39', '2024-09-18 18:05:39'),
(12, 'cobranzas_module', 'web', '2024-09-18 18:05:51', '2024-09-18 18:05:51'),
(13, 'cuentas_por_cobrar.index', 'web', '2024-09-18 21:40:01', '2024-09-18 21:40:01'),
(14, 'historial_de_pagos_de_cobros.index', 'web', '2024-09-18 21:40:11', '2024-09-18 21:40:11'),
(15, 'reporte_de_vendedores.index', 'web', '2024-09-18 21:40:19', '2024-09-18 21:40:19'),
(16, 'cobranzas.cobros_mensualidades.pagar', 'web', '2024-09-26 22:23:52', '2024-09-26 22:23:52'),
(17, 'cobranzas.cobros_mensualidades.exonerar', 'web', '2024-09-26 22:23:52', '2024-09-26 22:23:52'),
(18, 'cobranzas.cobros_mensualidades.enviar_ws', 'web', '2024-09-26 22:23:52', '2024-09-26 22:23:52'),
(19, 'cobranzas.cobros_mensualidades.index', 'web', '2024-09-26 22:23:52', '2024-09-26 22:23:52'),
(20, 'cobranzas.cobros_particulares.index', 'web', '2024-09-26 22:23:52', '2024-09-26 22:23:52'),
(21, 'cobranzas.historial_de_pagos_de_cobros.index', 'web', '2024-09-26 22:23:52', '2024-09-26 22:23:52'),
(22, 'cobranzas.reporte_de_vendedores.index', 'web', '2024-09-26 22:23:52', '2024-09-26 22:23:52'),
(23, 'cobranzas.cobros_particulares.pagar', 'web', '2024-09-26 22:23:52', '2024-09-26 22:23:52'),
(24, 'cobranzas.cobros_particulares.exonerar', 'web', '2024-09-26 22:23:52', '2024-09-26 22:23:52'),
(25, 'cobranzas.cobros_particulares.eliminar_cobro', 'web', '2024-09-26 22:23:52', '2024-09-26 22:23:52'),
(26, 'cobranzas.cobros_particulares.agregar', 'web', '2024-09-26 22:23:52', '2024-09-26 22:23:52'),
(27, 'remotas_satelital.index', 'web', '2024-09-30 15:43:33', '2024-09-30 15:43:33'),
(28, 'remotas_satelital.create', 'web', '2024-09-30 15:43:33', '2024-09-30 15:43:33'),
(29, 'remotas_satelital.edit', 'web', '2024-09-30 15:43:33', '2024-09-30 15:43:33'),
(30, 'remotas_satelital.show_detail', 'web', '2024-09-30 15:43:33', '2024-09-30 15:43:33'),
(31, 'remotas_satelital.delete', 'web', '2024-09-30 15:43:33', '2024-09-30 15:43:33'),
(32, 'cobranzas.cobros_mensualidades_futuras.index', 'web', '2024-10-09 22:22:04', '2024-10-09 22:22:04'),
(33, 'cobranzas.cobros_mensualidades_futuras.pagar', 'web', '2024-10-09 22:22:04', '2024-10-09 22:22:04'),
(34, 'cobranzas.cobros_mensualidades_futuras.exonerar', 'web', '2024-10-09 22:22:04', '2024-10-09 22:22:04'),
(35, 'cobranzas.cobros_mensualidades_futuras.whatsapp', 'web', '2024-10-09 22:22:04', '2024-10-09 22:22:04'),
(36, 'cobranzas.previsiones_de_pago.index', 'web', '2024-11-20 23:25:19', '2024-11-20 23:25:19');

-- --------------------------------------------------------

--
-- Estructura de tabla para la tabla `personal_access_tokens`
--

CREATE TABLE `personal_access_tokens` (
  `id` bigint(20) UNSIGNED NOT NULL,
  `tokenable_type` varchar(255) NOT NULL,
  `tokenable_id` bigint(20) UNSIGNED NOT NULL,
  `name` varchar(255) NOT NULL,
  `token` varchar(64) NOT NULL,
  `abilities` text DEFAULT NULL,
  `last_used_at` timestamp NULL DEFAULT NULL,
  `expires_at` timestamp NULL DEFAULT NULL,
  `created_at` timestamp NULL DEFAULT NULL,
  `updated_at` timestamp NULL DEFAULT NULL
) ENGINE=InnoDB DEFAULT CHARSET=utf8mb4 COLLATE=utf8mb4_unicode_ci;

-- --------------------------------------------------------

--
-- Estructura de tabla para la tabla `personas`
--

CREATE TABLE `personas` (
  `id` bigint(20) UNSIGNED NOT NULL,
  `nombres` varchar(255) DEFAULT NULL,
  `nacionalidad` varchar(1) NOT NULL DEFAULT 'V',
  `cedula` varchar(255) DEFAULT NULL,
  `direccion` varchar(255) DEFAULT NULL,
  `telefono` varchar(20) NOT NULL,
  `telefono_secundario` varchar(20) DEFAULT NULL,
  `whatsapp` varchar(20) DEFAULT NULL,
  `telegram` varchar(20) DEFAULT NULL,
  `correo` varchar(255) DEFAULT NULL,
  `uuid` char(36) NOT NULL,
  `deleted_at` timestamp NULL DEFAULT NULL,
  `created_at` timestamp NULL DEFAULT NULL,
  `updated_at` timestamp NULL DEFAULT NULL
) ENGINE=InnoDB DEFAULT CHARSET=utf8mb4 COLLATE=utf8mb4_unicode_ci;

--
-- Volcado de datos para la tabla `personas`
--

INSERT INTO `personas` (`id`, `nombres`, `nacionalidad`, `cedula`, `direccion`, `telefono`, `telefono_secundario`, `whatsapp`, `telegram`, `correo`, `uuid`, `deleted_at`, `created_at`, `updated_at`) VALUES
(1, 'Francisco Briceño Americano', 'V', NULL, 'Canaima', '+584165900201', '', '+584165900201', '', '', '99b25c6b-8483-4a14-a065-023ad0dce5e1', NULL, '2024-06-11 17:26:00', '2024-06-11 17:26:00'),
(2, 'Fiorella Bernal', 'V', NULL, 'Arekuna', '+584249436117', '+584249436117', '+584249436117', '', '', 'e38a934f-16e3-4b57-8fdb-821fe094ca0f', NULL, '2024-06-11 20:09:36', '2024-06-21 23:25:21'),
(3, 'Reynaldo Carima', 'V', '14726281', '', '584267996304', '', '+584267996304', '', 'reynaldo.carima@gmail.com', 'e05af591-ab33-4295-8513-2578b7214512', NULL, '2024-06-11 20:11:36', '2024-07-06 00:01:31'),
(4, 'Jose Marcano', 'V', '15782528', '', '+584249436117', '', '+584249436117', '', 'marcano.soporte@gmail.com', '95f133ef-3c8b-481c-8138-855e314f5169', NULL, '2024-06-11 20:11:55', '2024-06-11 20:11:55'),
(5, 'Reynaldo Carima', 'V', '14726281', 'Riberas del Caroni', '584267996304', '', '584267996304', '', '', 'a7e7eae2-e3e7-4903-8e81-e737b2d3fe9f', NULL, '2024-06-11 20:34:59', '2024-07-04 16:25:00'),
(6, 'Felipe Ramirez ', 'V', NULL, 'Parupita', '+584164988937', '', '+584164988937', '', '', 'cbbe7fd4-a731-4865-8750-c44840997305', NULL, '2024-06-13 15:58:31', '2024-06-13 15:58:31'),
(7, 'Adriana Sierra ', 'V', NULL, 'El Dorado', '+584249308093', '', '+584249308093', '', '', 'bae9c814-4ebd-4633-885d-62e07e92bea5', NULL, '2024-06-13 16:01:48', '2024-06-13 16:01:48'),
(8, 'Argenis Lopez', 'V', NULL, 'Hoja de Lata El Dorado', '+584126555837', '', '+584126555837', '', '', 'a993a126-7a43-4934-8ef4-a55ca0018247', NULL, '2024-06-13 16:02:30', '2024-06-13 16:02:30'),
(9, 'Yuliana', 'V', NULL, 'Parupita', '+584262292901', '', '+584262292901', '', '', '85593ab2-369a-4c73-add8-020efa0049b8', NULL, '2024-06-13 16:08:17', '2024-06-13 16:08:17'),
(10, 'Feniel', 'V', NULL, 'Las Bonitas', '+584249244115', '', '+584249244115', '', '', 'c9a8e742-1c0d-47fc-8067-0828639bd871', NULL, '2024-06-13 16:08:51', '2024-06-13 16:08:51'),
(11, 'Cristhian Arekuna', 'V', '', 'Arekuna', '+584163905010', '', '+584163905010', '', '', 'e249617f-033a-4e3d-833b-1021f153746c', NULL, '2024-06-13 16:09:33', '2024-07-30 18:53:24'),
(12, 'Elio', 'V', NULL, 'Arekuna', '+584249264874', '', '+584249264874', '', '', 'f251bf86-35b5-4531-84ae-356f5fa1aa47', NULL, '2024-06-13 16:10:19', '2024-06-13 16:10:19'),
(13, 'Ana el foco', 'V', NULL, 'El Foco Dorado', '+584164864536', '', '+584164864536', '', '', 'd642a018-2bf7-4692-b5ee-3393dc74f702', NULL, '2024-06-15 00:47:01', '2024-06-15 00:47:01'),
(21, 'Maikol Muñoz', 'V', '20078475', '', '584249019911', '', '589019911', '', '', 'f4540d49-e349-4950-8cfc-f0ac9a18122d', NULL, '2024-07-04 00:46:08', '2024-07-04 00:46:08'),
(22, 'Reynaldo Carima', 'V', '14726281', '', '584297996304', '', '584297996304', '', '', 'd4b1f7fb-b7b1-4252-9a02-6e2c7a74ee69', NULL, '2024-07-04 00:57:34', '2024-07-04 00:57:34'),
(23, 'alfonzo', 'V', '27506408', '', 'ew', '', '', '', 'a@gmail.ocom', '0d7dbdf9-89ae-4445-850d-127682ef1029', NULL, '2024-07-04 01:43:17', '2024-07-04 01:43:17'),
(24, 'Maikol Muñoz', 'V', '20078475', '', '584249019911', '', '584249019911', '', '', '84e5e916-7d83-4a2c-a73b-247ff18f0a1f', NULL, '2024-07-04 16:24:11', '2024-07-04 16:24:11'),
(25, 'Jose Marcano', 'V', '15782528', '', '584141920628', '', '584141920628', '', '', '5ca2d251-6f28-464e-a167-5d6f2bd3577a', NULL, '2024-07-04 16:25:48', '2024-07-04 16:25:48'),
(26, 'Jesus Briceño', 'V', '18623432', '', '584249302506', '', '584249302506', '', '', '7576ddf3-b1c5-46ab-86f0-f90ef384a49d', NULL, '2024-07-04 16:27:00', '2024-07-04 16:27:00'),
(27, 'Jesus Briceño', 'V', '18623432', '', '584249302506', '', '584249302506', '', '', 'fe3ce322-15e4-4101-946f-b695004fcc4b', NULL, '2024-07-04 16:27:38', '2024-07-04 16:27:38'),
(28, 'Kenet España', 'V', '28240574', '', '584249467359', '', '584249467359', '', '', '5ca45976-bfcf-4c4a-9122-364080f689d2', NULL, '2024-07-04 16:31:44', '2024-07-04 16:31:44'),
(29, 'Leudys Naranjo', 'V', '', 'Arekuna', '584266978046', '', '584266978046', '', '', '3fa12a78-bc4f-4c5b-9c4b-b423d419af3d', NULL, '2024-07-10 18:41:27', '2024-07-10 18:41:27'),
(30, 'Luis Ramirez', 'V', '', 'Parupita', '584147628756', '', '584147628756', '', '', '708a15b3-0f4f-4177-a34f-3da7065aae9a', NULL, '2024-07-10 18:42:24', '2024-07-10 18:42:24'),
(31, 'Luis Lentes', 'V', '', 'Paragua el Manteco', '584128768693', '', '584128768693', '', '', 'fc70ee9d-4868-4938-a969-d3deae0f9218', NULL, '2024-07-10 18:43:08', '2024-07-10 18:43:08'),
(32, 'Camilo de Curtis', 'V', '', '', '584241174055', '', '584241174055', '', '', '0f50c2a7-d461-410e-9704-eed31b9c9ef7', NULL, '2024-07-10 18:43:38', '2024-07-10 18:43:38'),
(33, 'Nohel Octava Estrella', 'V', '', '', '584241174055', '', '584241174055', '', '', '80cb6f85-7d3d-43d6-b0c4-24ea45f57c65', NULL, '2024-07-10 18:44:11', '2024-07-10 18:44:11'),
(34, 'Pedro de Curtis', 'V', '', '', '584149118047', '', '584149118047', '', '', '89109644-8b96-459f-8680-778f0058bcd8', NULL, '2024-07-10 18:44:38', '2024-07-10 18:44:38'),
(35, 'Maracucho La Paragua', 'V', '', '', '584249494599', '', '584249494599', '', '', '673fb754-94f1-4588-b8a7-bc008dd0b200', NULL, '2024-07-10 18:45:07', '2024-07-10 18:45:07'),
(36, 'Emilio Visaez', 'V', '', '', '584147815044', '', '584147815044', '', '', '654dfb0b-b0d9-48b1-83a9-a63908c6a0d6', NULL, '2024-07-30 16:52:36', '2024-07-30 16:52:36'),
(37, 'Jorge Jimenez', 'V', '', '', '584143208240', '', '584143208240', '', '', '25a8fe51-4050-468d-b62c-62eccac4bd44', NULL, '2024-07-30 16:53:38', '2024-07-30 16:53:38'),
(38, 'Napoleon Vellaville', 'V', '', '', '584148161629', '', '584129447299', '', '', '101315e2-b514-4717-b4d1-a7b012a932a8', NULL, '2024-07-30 16:55:20', '2024-08-09 22:27:36'),
(39, 'C. Barrios', 'V', '', '', '584127022460', '', '584127022460', '', '', 'b6c4efee-35fa-4796-a491-6be0381fbd7f', NULL, '2024-07-30 16:55:58', '2024-08-22 20:36:17'),
(40, 'GD Hernadez Aguirre', 'V', '', '', '544247446892', '', '544247446892', '', '', '6f90fe6f-3a28-440f-aa75-0852e6e409a4', NULL, '2024-07-30 16:56:38', '2024-07-30 16:56:38'),
(41, 'Tony', 'V', '', '', '584143584524', '', '584143584524', '', '', 'd3294907-dea6-4aef-95a2-e77e3cae932e', NULL, '2024-07-30 16:57:08', '2024-07-30 16:57:08'),
(42, 'C. Urbina', 'V', '', '', '584144466203', '', '584144466203', '', '', 'a5db9808-eb58-4d20-a50d-974eb30f6f43', NULL, '2024-07-30 16:58:14', '2024-07-30 16:58:14'),
(43, 'G.D Falcon', 'V', '', '', '584144624796', '', '584144624796', '', '', '40c6e464-f3a2-4373-989c-7764c58ef499', NULL, '2024-07-30 16:58:56', '2024-07-30 16:58:56'),
(44, 'Reynaldo Carima', 'V', '', '', '584267996304', '', '584267996304', '', '', '71e09d03-33c7-4681-820b-be3849ec9f1a', NULL, '2024-07-30 18:03:40', '2024-07-30 18:03:40'),
(45, 'Juan Santamaria', 'V', '', '', '584120428653', '', '584120428653', '', '', '612f96bf-b30f-42da-aa9f-18dd9b919ba7', NULL, '2024-07-30 18:04:27', '2024-07-30 18:04:27'),
(46, 'Enrique Carballo', 'V', '', '', '584161978402', '', '584161978402', '', '', '1a033eb3-d6ea-47f5-bd42-fba67c743dc3', NULL, '2024-07-30 18:06:10', '2024-07-30 18:06:10'),
(47, 'Ventura Sandoval', 'V', '', '', '584167277507', '', '584167277507', '', '', 'cf5a9e15-2cc1-4865-af80-1c6bbd279b89', NULL, '2024-07-30 18:07:05', '2024-07-30 18:07:05'),
(48, 'Nick', 'V', '', '', '584123899194', '', '584123899194', '', '', '26d2a7fa-1808-4ced-ac5a-a739c3ae3ec4', NULL, '2024-07-30 19:17:29', '2024-07-30 19:17:29'),
(49, 'Roselys', 'V', '', '', '584262908689', '', '584262908689', '', '', '2859d476-1188-4f4a-a43b-67f626094210', NULL, '2024-07-30 19:18:11', '2024-07-30 19:18:11'),
(50, 'Willian Lott', 'V', '', '', '584263921894', '', '584263921894', '', '', '7823a603-4a79-4073-a8b9-78518d9b0d1a', NULL, '2024-07-30 19:19:28', '2024-07-30 19:19:28'),
(51, 'Guape Dennis', 'V', '', '', '573026205081', '', '573026205081', '', '', 'fee76342-5539-46e1-8343-79d8ed16a67c', NULL, '2024-07-30 20:03:22', '2025-05-12 18:20:46'),
(52, 'Negron', 'V', '', '', '584249707306', '', '584249707306', '', '', '58acf9a5-825c-4be1-8722-edfbba44e800', NULL, '2024-07-30 20:03:39', '2024-07-30 20:03:39'),
(53, 'Daniel', 'V', '', '', '584249586851', '', '584249586851', '', '', '438f5ca8-c738-443b-b271-06ce754e9922', NULL, '2024-07-30 20:04:13', '2024-07-30 20:04:13'),
(54, 'Erick Bermudez', 'V', '', '', '584249707306', '', '584249707306', '', '', 'fe0c57dd-9ab0-4de6-9d19-4a7bb544b226', NULL, '2024-07-30 20:05:18', '2024-07-30 20:05:28'),
(55, 'Luisito', 'V', '', '', '584249299271', '', '584249299271', '', '', '6b9d8d0f-3558-4bd9-b1d2-9539164030fe', NULL, '2024-07-30 20:06:06', '2024-07-30 20:06:06'),
(56, 'Alicia', 'V', '', '', '559591148143', '', '559591148143', '', '', 'a6ddc254-6ccb-427d-b196-83e6c91ebab9', NULL, '2024-07-30 20:06:46', '2024-07-30 20:06:46'),
(57, 'Rosmery Ventana', 'V', '', '', '584128428647', '', '584128428647', '', '', 'a9f9dd12-d8fc-4ec4-8bd2-8520f677b10b', NULL, '2024-07-30 20:07:22', '2024-07-30 20:07:22'),
(58, 'Hippie', 'V', '', '', '584249019911', '', '584249019911', '', '', '61babf0a-9ade-4e7a-9743-d6939ea8c9e9', NULL, '2024-08-05 22:17:15', '2024-08-05 22:17:15'),
(59, 'Fidel ', 'V', '', '', '584249019911', '', '584249019911', '', '', '9770b9a3-b85a-455c-bd56-876c08268109', NULL, '2024-08-05 22:17:38', '2024-08-05 22:17:38'),
(60, 'Elimar Bolivar', 'V', '', '', '584249707306', '', '584249707306', '', '', 'a6537ae2-db24-4927-9812-c11f6536cb1c', NULL, '2024-08-05 22:18:32', '2024-08-05 22:18:32'),
(61, 'Nancy el Limoncito', 'V', '', '', '584260394217', '', '584260394217', '', '', 'ce8b64f8-1da5-471c-aecf-3ddf590bca29', NULL, '2024-08-06 21:51:38', '2025-05-12 18:21:26'),
(62, 'Daniela Guijarro', 'V', '', '', '584128786822', '', '584128786822', '', '', '557d3cd5-8ee0-4f2e-be19-6a1ea9566227', NULL, '2024-08-06 21:57:16', '2025-05-12 18:21:54'),
(63, 'Jorlkeidys', 'V', '', '', '584249341002', '', '584249341002', '', '', '15976ac3-71cb-4744-a4a3-20375ab53a7d', NULL, '2024-08-06 21:58:00', '2024-08-06 21:58:00'),
(64, 'Rey', 'V', '', '', '584267933315', '', '584267933315', '', '', '49c2f056-8258-4647-b1da-d468ef5ff146', NULL, '2024-08-06 22:57:47', '2024-08-06 22:57:47'),
(65, 'Maryuri Cerro el Tigre', 'V', '', '', '584264606423', '', '584264606423', '', '', '8c10148f-afee-45c6-8268-d04160cdd8c2', NULL, '2024-08-06 22:59:52', '2024-08-06 22:59:52'),
(66, 'Rosmary  Agua fria', 'V', '', '', '584249478168', '', '584249478168', '', '', '87330ea8-29b3-477c-a8c4-404c8e89d5ce', NULL, '2024-08-06 23:00:49', '2024-08-06 23:00:49'),
(67, 'Abreu Linares', 'V', '', '', '584241848405', '', '584241848405', '', '', '82ddada4-bc0e-4068-888b-0c4d197681c0', NULL, '2024-08-06 23:01:38', '2024-08-06 23:01:38'),
(68, 'Carlos Chirinos', 'V', '', '', '584148753127', '', '584148753127', '', '', '07193b95-fc07-486f-a49a-e182b71174bc', NULL, '2024-08-06 23:02:22', '2024-08-06 23:02:22'),
(69, 'C. Nelson Garcia', 'V', '', '', '584129039560', '', '584129039560', '', '', 'df809171-9d39-49d5-949d-38a9db034511', NULL, '2024-08-07 16:12:12', '2024-08-07 16:12:12'),
(70, 'M Fernadez Gabriel', 'V', '', '', '584120309512', '', '584120309512', '', '', 'd6d6bb0a-f9c9-468e-9c9c-e82357e7dfb2', NULL, '2024-08-07 16:13:10', '2024-08-07 16:13:10'),
(71, 'Ramon Simon', 'V', '', '', '584165442478', '', '584165442478', '', '', '8bff440b-1d9a-4060-a824-3c6b8eaeee1e', NULL, '2024-08-07 16:13:53', '2024-08-07 16:13:53'),
(72, 'Jefrey Rosi', 'V', '', '', '584260624475', '', '584260624475', '', '', '7806caaf-42eb-4070-a81d-64c4db0842ee', NULL, '2024-08-07 16:14:34', '2024-08-07 16:14:34'),
(73, 'Chaman Mamuca', 'V', '', '', '584140990496', '', '584140990496', '', '', '2f3c61e2-a082-46fb-88b0-eff3c1ab31fc', NULL, '2024-08-07 16:15:22', '2024-08-07 16:15:22'),
(74, 'Alexandra', 'V', '', '', '584269961515', '', '584269961515', '', '', '0701f8fc-5afe-4f15-83d5-313fd3b82141', NULL, '2024-08-07 16:25:48', '2024-08-07 16:25:48'),
(75, 'Elvis', 'V', '', '', '584249302506', '', '584249302506', '', '', '8e1e447d-d958-4914-85c9-64c2cad0b5de', NULL, '2024-08-07 16:26:41', '2024-08-07 16:26:41'),
(76, 'Marbelys ', 'V', '', '', '584164980275', '', '584164980275', '', '', 'b52b9766-87ef-4a6d-bb7b-34c23dfd11b2', NULL, '2024-08-07 16:27:24', '2024-08-07 16:27:24'),
(77, 'Gloriangel', 'V', '', '', '584249019911', '', '584249019911', '', '', '9b45ea04-70e3-45ac-a8ad-145380872db3', NULL, '2024-08-07 16:28:26', '2024-08-07 16:28:26'),
(78, 'Erick Bermudez', 'V', '', '', '584249707306', '', '584249707306', '', '', 'b1637b56-3486-4924-8d4f-13f69817652a', NULL, '2024-08-07 16:29:38', '2024-08-07 16:29:38'),
(79, 'Ochoa Milton', 'V', '', '', '584169929878', '', '584169929878', '', '', 'bb055be2-c9c4-4279-a80e-f5b192109d23', NULL, '2024-08-07 16:48:42', '2024-08-07 16:48:42'),
(80, 'Argenis hoja', 'V', '', '', '584249483247', '', '584249483247', '', '', '488ebb1e-8fa5-4794-870d-144aff5aaac0', NULL, '2024-08-07 17:11:36', '2024-08-07 17:11:36'),
(81, 'Barbosa Dioner', 'V', '', '', '573107917186', '', '573107917186', '', '', '6a8eb9b5-2514-4de4-a650-3b039e54aa27', NULL, '2024-08-07 17:12:12', '2025-05-12 18:22:25'),
(82, 'Johan Raujo', 'V', '', '', '584249302506', '', '584249302506', '', '', 'cfcef063-a349-4fca-96c5-54d3ac975b78', NULL, '2024-08-07 17:12:58', '2024-08-07 17:12:58'),
(83, 'Yan ', 'V', '', '', '584140972689', '', '584140972689', '', '', 'f1f92559-1dab-44cd-8c2e-2e7fb4ce0c82', NULL, '2024-08-07 17:13:40', '2024-08-07 17:13:40'),
(84, 'Ronald ', 'V', '', '', '584249317054', '', '584249317054', '', '', 'e7c4ecbb-3447-4228-acd9-9ebc268e97ff', NULL, '2024-08-07 17:14:29', '2024-08-07 17:14:29'),
(85, 'Robinson', 'V', '', '', '584162974743', '', '584162974743', '', '', 'd766b4ca-d571-4010-a95e-c1cc29285adc', NULL, '2024-08-07 17:15:07', '2024-08-07 17:15:07'),
(86, 'Olis Ronald', 'V', '', '', '584162819829', '', '584162819829', '', '', '5a386dcd-53cb-4200-ba0e-638e8cf010bc', NULL, '2024-08-07 17:15:49', '2024-08-07 17:15:49'),
(87, 'Deyalberis Mora', 'V', '', '', '584249707306', '', '584249707306', '', '', 'a2ebcad9-e9a5-46fa-ba15-37f8168d6462', NULL, '2024-08-07 17:16:35', '2024-08-07 17:16:35'),
(88, 'Yelitza ', 'V', '', '', '584264907478', '', '584264907478', '', '', '13996e4b-437a-4f24-9c17-a50431ff15d0', NULL, '2024-08-07 17:17:30', '2024-08-07 17:17:30'),
(89, 'Erlernys', 'V', '', '', '584249249601', '', '584249249601', '', '', 'e5fc4381-ce55-460b-ac3e-28b573d1820f', NULL, '2024-08-08 16:18:15', '2024-08-08 16:18:15'),
(90, 'Bombillo Minimo', 'V', '', '', '584249707306', '', '584249707306', '', '', 'ed983f87-d8da-481a-baa4-d1de2104292f', NULL, '2024-08-08 16:18:58', '2024-08-08 16:18:58'),
(91, 'Lorena', 'V', '', '', '584267933315', '', '584267933315', '', '', 'cab3fc0b-3857-4e5f-bb0c-66bba6c7bc2a', NULL, '2024-08-08 16:19:38', '2024-08-08 16:19:38'),
(92, 'July', 'V', '', '', '584162997669', '', '584162997669', '', '', 'f34e8a45-956d-4e9a-a043-66ed2420681d', NULL, '2024-08-08 16:21:53', '2025-05-12 18:23:02'),
(93, 'Genesis', 'V', '', '', '584249707306', '', '584249707306', '', '', '45cce093-e1ef-454a-83f5-b09ac0d6d965', NULL, '2024-08-08 16:27:30', '2024-08-08 16:27:30'),
(94, 'Lennis ', 'V', '', '', '584249302506', '', '584249302506', '', '', '9c042380-e5da-4fb7-8982-067b6430b403', NULL, '2024-08-08 16:28:35', '2024-08-08 16:28:35'),
(95, 'Wilmer Paul', 'V', '', '', '584267906474', '', '584267906474', '', '', '4b0e0684-bbf3-408e-85c9-18603f3d3f10', NULL, '2024-08-08 16:29:18', '2024-08-08 16:29:18'),
(96, 'Anaika', 'V', '', '', '584141920628', '', '584141920628', '', '', '1d7e223f-8656-42cc-8f93-f6209d52d937', NULL, '2024-08-08 16:29:59', '2024-08-08 16:29:59'),
(97, 'Ninoska Silva', 'V', '', '', '573005557423', '', '573005557423', '', '', '91727062-bd50-4ec4-a6dd-7641cb24621f', NULL, '2024-08-08 16:32:37', '2024-08-08 16:32:37'),
(98, 'Liannis', 'V', '', 'Los Alacranes', '584125790399', '', '584125790399', '', '', '086297b5-77a9-4c43-9a28-9f7f515f5171', NULL, '2024-08-08 16:34:25', '2024-08-19 17:53:10'),
(99, 'Andres', 'V', '', 'Panama', '584124098856', '', '584124098856', '', '', 'c8732da0-b91f-4f8d-aabe-824b403d429f', NULL, '2024-08-08 16:35:10', '2024-08-08 16:35:10'),
(100, 'Alcides', 'V', '', 'avikri', '584125844800', '', '584125844800', '', '', '542d3bba-de78-4ef4-bf31-a833d756e3be', NULL, '2024-08-08 16:36:07', '2024-08-08 16:36:07'),
(101, 'G. Magallanes', 'V', '', '', '584166341363', '', '584166341363', '', '', '95159bbb-83d7-4bbe-8d0b-80cd20efd2f7', NULL, '2024-08-08 16:36:51', '2024-08-08 16:36:51'),
(102, 'Barty', 'V', '', '', '584249251073', '', '584249251073', '', '', '1ca0a269-a44a-4e78-8507-a413768d4a84', NULL, '2024-08-08 16:37:36', '2024-08-08 16:37:36'),
(103, 'Jesus Montes Castro', 'V', '', '', '584161631913', '', '584161631913', '', '', '6a3d83b1-ab5b-468a-b554-7353ec9319e3', NULL, '2024-08-08 16:38:27', '2024-08-08 16:38:27'),
(104, 'Leonardo Villanueva', 'V', '', '', '584249019911', '', '584249019911', '', '', '49c4e962-13bf-42f2-b29c-33f6cd589418', NULL, '2024-08-08 16:39:06', '2024-08-08 16:39:06'),
(105, 'Diego DKY', 'V', '', '', '584148978299', '', '584148978299', '', '', '4a395d47-ec58-4e6a-80c8-793c746a1f1f', NULL, '2024-08-08 16:39:50', '2024-08-08 16:39:50'),
(106, 'Carlos Cambiador', 'V', '', '', '584249492279', '', '584249492279', '', '', '24b34644-8660-4912-badd-0cf71d94d565', NULL, '2024-08-08 16:40:32', '2024-08-08 16:40:32'),
(107, 'Roaxis ', 'V', '', 'El Foco', '584249707306', '', '584249707306', '', '', 'c16badef-5225-4e1e-a630-8c87296f91ea', NULL, '2024-08-08 16:41:30', '2024-08-08 16:41:30'),
(108, 'Jose Luis Perra', 'V', '', '', '584148775697', '', '584148775697', '', '', 'dc11a498-5645-4bf5-a404-314470c5e485', NULL, '2024-08-08 16:42:22', '2024-08-08 16:42:22'),
(109, 'Daniel Silva ', 'V', '', '', '584160946404', '', '584160946404', '', '', 'f05cbdb8-d8d5-4d73-90aa-e355407cbbe4', NULL, '2024-08-08 16:43:02', '2024-08-08 16:43:02'),
(110, 'Ronald Jimenez', 'V', '', '', '584249311701', '', '584249311701', '', '', 'b90b9097-c908-442f-a4b3-8f73a74f7f98', NULL, '2024-08-08 23:17:47', '2024-08-08 23:17:47'),
(111, 'Junior Bernal', 'V', '', '', '584165928498', '', '584165928498', '', '', '19efc955-5ca9-46c0-b67b-acb617790e7d', NULL, '2024-08-13 17:43:33', '2024-08-13 17:43:33'),
(112, 'Cristian Difo', 'V', '', '', '584241503140', '', '584241503140', '', '', '76db1296-b2ab-4733-bb1f-31151cdaf40a', NULL, '2024-08-13 21:27:50', '2024-08-13 21:27:50'),
(113, 'Ramses', 'V', '', '', '584261923669', '', '584261923669', '', '', 'a82e6190-baee-4d30-81ca-e7e41b6d3694', NULL, '2024-08-14 00:30:38', '2024-08-14 00:30:38'),
(114, 'Keiser Canta Rana', 'V', '', '', '554197158903', '', '554197158903', '', '', '03df6b3f-78ec-45da-a644-c37eca0c85b0', NULL, '2024-08-20 20:39:21', '2024-08-20 20:39:21'),
(115, 'Gustavo Travieso', 'V', '', '', '584148753317', '', '584148753317', '', '', 'f1db7512-ede3-4961-ac91-373ee73c9cd1', NULL, '2024-08-24 21:13:59', '2024-08-24 21:13:59'),
(116, 'Cap Argenis Pïrela', 'V', '', '', '584143368811', '', '584143368811', '', '', '896edbf6-49fb-4e73-a50c-7871af55a471', NULL, '2024-09-05 17:34:38', '2024-09-05 17:34:38'),
(117, 'Ansberto Rached', 'V', '', 'puerto ordaz', '584242253999', '584242253999', '584242253999', '', '', 'c1110e80-4bb2-40ac-90de-c6a210db01ee', NULL, '2024-10-23 00:29:08', '2024-10-23 00:29:08'),
(118, 'Jesus Alfonzo', 'V', '', '', '584249612217', '', '584249612217', '', '', 'b72d4473-5953-444c-9f69-4ff4590a6d00', NULL, '2024-10-28 23:59:56', '2024-10-28 23:59:56'),
(119, 'T. Coronel Blanco', 'V', '', '', '584149150114', '', '584149150114', '', '', 'cec6fe0a-7d86-49ed-9670-ca1b01e4cb69', NULL, '2024-10-31 00:58:34', '2024-10-31 00:58:34'),
(120, 'Transmandu', 'V', '', '', '584128397258', '', '584128397258', '', '', '16c0fc30-2a3a-4a0e-b311-db09ed900f3b', NULL, '2024-10-31 17:35:35', '2024-10-31 17:35:35'),
(121, 'General Valero CVM', 'V', '', '', '584148753127', '', '584148753127', '', '', '046bd1e4-633f-46e0-b8cb-5e2ecd4895e4', NULL, '2024-11-02 00:21:15', '2024-11-02 00:21:15'),
(122, 'Pedro Dorado Km88', 'V', '', '', '573146643987', '', '573146643987', '', '', '91b50b38-06c5-4188-a546-19e52c7de51d', NULL, '2024-11-06 23:09:54', '2024-11-06 23:09:54'),
(123, 'Gabriela Dorado', 'V', '', '', '584120537357', '', '584120537357', '', '', '35f2dcd6-da19-4498-ae80-a8263695c6e1', NULL, '2024-11-11 16:38:30', '2024-11-11 16:38:30'),
(124, 'Erlys Medina', 'V', '', 'Bolivar', '584249487861', '', '584249487861', '', '', '9e7dc242-d80e-420b-87d9-7a64c1189991', NULL, '2024-11-22 20:16:53', '2024-11-22 20:16:53'),
(125, 'Frederik Wuis', 'V', '', '', '584145689516', '', '584145689516', '', '', 'd9f62b73-ef35-409e-b841-5e6da18696e8', NULL, '2024-11-25 22:35:15', '2024-11-25 22:35:15'),
(126, 'Carlitos Gregorio Canaima', 'V', '', '', '584162850976', '', '584162850976', '', '', '3ee6fe01-92ae-4583-b960-2e1df827c2c0', NULL, '2025-01-02 20:53:28', '2025-01-02 20:54:14'),
(127, 'Selvia Alfaro', 'V', '', '', '584129473895', '', '584129473895', '', '', '8ba08644-5613-4f72-af3a-774933ed8126', NULL, '2025-02-08 19:19:35', '2025-02-08 19:19:35'),
(128, 'Carlos Cubillan', 'V', '', '', '584147708712', '', '584147708712', '', '', '7244db51-cacc-4536-b246-43af6c79d131', NULL, '2025-02-15 18:10:54', '2025-02-15 18:10:54'),
(129, 'Roberto Zamora', 'V', '', '', '584148773992', '', '584148773992', '', '', 'dc66c9d2-fbd8-4319-ac46-cec48c5f5fea', NULL, '2025-02-15 18:15:22', '2025-02-15 18:15:22'),
(130, 'Jesus Ramos', 'V', '', '', '584140987067', '', '584140987067', '', '', '2f0f3d55-032d-4064-b5db-946abb5e73f6', NULL, '2025-02-17 20:11:25', '2025-02-17 20:11:25'),
(131, 'Maria Fernada', 'V', '', '', '584249733674', '', '584249733674', '', '', 'cbda7001-8289-4917-ae86-a21c8da79fbd', NULL, '2025-02-18 22:59:32', '2025-02-18 22:59:32'),
(132, 'Javier Lezama', 'V', '', '', '584160688882', '', '584160688882', '', '', '38be5315-9a1a-4f67-8405-9bf68d9b6b99', NULL, '2025-02-27 23:34:54', '2025-02-27 23:34:54'),
(133, 'General Anacoco', 'V', '', '', '584149118047', '', '584149118047', '', '', 'cae5998d-433e-4e64-9146-ce4c3c8096cf', NULL, '2025-02-28 02:06:56', '2025-02-28 02:06:56'),
(134, 'Deisy Rodriguez Caruto', 'V', '', '', '584261463159', '', '584261463159', '', '', '07876c11-ffaa-400a-96ba-74ccb052571e', NULL, '2025-03-24 17:29:29', '2025-05-12 18:23:28'),
(135, 'Jose Marcano', 'V', '', '', '584141920628', '', '584141920628', '', '', 'fc05a9e8-58b0-4aa4-a18a-6421625bd4a2', NULL, '2025-03-29 22:29:03', '2025-03-29 22:29:03'),
(136, 'Edwin Castro', 'V', '', '', '573207721644', '', '573207721644', '', '', '3dfa3be7-8172-430e-93ac-f0394b43b3a8', NULL, '2025-04-09 18:21:25', '2025-05-12 18:23:54'),
(137, 'Dangelo Botini', 'V', '', '', '584265900338', '', '584265900338', '', '', '95c5b374-4a0b-48f1-8219-c0694acef137', NULL, '2025-04-14 18:00:31', '2025-04-14 18:00:31'),
(138, 'Eliana', 'V', '', '', '584249019911', '', '584249019911', '', '', '639aedce-dfaf-4eec-a2fd-80b177eb99aa', NULL, '2025-04-25 00:44:19', '2025-04-25 00:44:19'),
(139, 'Santos', 'V', '', '', '584141174055', '', '584141174055', '', '', 'a1c3b1b4-7e36-434a-86d7-11317bec1cf8', NULL, '2025-04-30 23:04:40', '2025-04-30 23:04:40'),
(140, 'Rafael Alvarez', 'V', '', '', '584245691521', '', '584245691521', '', '', 'fed8cd8d-c0f6-48d8-bf62-ae63e1b6ddb1', NULL, '2025-05-01 23:24:49', '2025-05-01 23:24:49'),
(141, 'Rafael Pata Fondo', 'V', '', '', '584267996304', '', '584267996304', '', '', '636bad9a-9dec-41f7-8edc-17749627ff7b', NULL, '2025-05-14 01:13:12', '2025-05-14 01:13:12'),
(142, 'Jossber Maturin', 'V', '', '', '584147708712', '', '584147708712', '', '', '17126896-573f-4857-9154-5a52864e8334', NULL, '2025-05-20 23:03:22', '2025-05-20 23:03:22'),
(143, 'Rixi Diaz', 'V', '', '', '584147708712', '', '584147708712', '', '', '878286e2-1cd1-4f1b-ae44-23d428aced46', NULL, '2025-06-18 01:42:05', '2025-06-18 01:42:05'),
(144, 'Teniente Suarez', 'V', '', '', '584161640698', '', '584161640698', '', '', '57753409-8738-4cbd-9e10-d1d548f7eb40', NULL, '2025-06-20 17:11:39', '2025-06-20 17:11:39'),
(145, 'Marcos Frente', 'V', '16759967', '', '584161895947', '', '584161895947', '', '', '2197925c-9af9-4c3b-9958-2a6ccfbe41ba', NULL, '2025-06-26 17:30:20', '2025-06-26 17:30:20'),
(146, 'Wuikame Lezama', 'V', '', '', '584267914174', '', '584267914174', '', '', '8104f704-7b47-426f-8b6d-9918f365b126', NULL, '2025-07-25 19:58:14', '2025-07-25 19:58:14'),
(147, 'Oberto Carvajal', 'V', '', '', '584163080645', '', '584163080645', '', '', 'b84ccf72-587e-4128-bf35-bf7783dfcdaa', NULL, '2025-07-26 19:53:33', '2025-07-26 19:53:33'),
(148, 'Elizabeth  de muñoz', 'V', '11726798', '', '584163255350', '', '584163255350', '', '', '0602a176-b50c-4bc3-9dd8-217ed68f5b50', NULL, '2025-08-15 16:22:20', '2025-08-15 16:22:20'),
(149, 'Gabriela Express Dorado', 'V', '', '', '584249201575', '', '584249201575', '', '', '3e45e94a-7f4f-4b86-8211-755e1680b7b1', NULL, '2025-08-19 17:47:21', '2025-08-19 17:47:21'),
(150, 'Ennis Chala Comadre Rosmery', 'V', '', '', '584128753011', '', '584128753011', '', '', '8232c8a4-59a9-46cb-821e-61564448678c', NULL, '2025-08-22 18:44:30', '2025-08-22 18:44:30');

-- --------------------------------------------------------

--
-- Estructura de tabla para la tabla `planes`
--

CREATE TABLE `planes` (
  `id` bigint(20) UNSIGNED NOT NULL,
  `nombre` varchar(255) NOT NULL,
  `costo` decimal(8,2) NOT NULL DEFAULT 0.00,
  `precio` decimal(8,2) NOT NULL DEFAULT 0.00,
  `uuid` char(36) NOT NULL,
  `deleted_at` timestamp NULL DEFAULT NULL,
  `created_at` timestamp NULL DEFAULT NULL,
  `updated_at` timestamp NULL DEFAULT NULL,
  `proveedor_id` bigint(20) UNSIGNED NOT NULL
) ENGINE=InnoDB DEFAULT CHARSET=utf8mb4 COLLATE=utf8mb4_unicode_ci;

--
-- Volcado de datos para la tabla `planes`
--

INSERT INTO `planes` (`id`, `nombre`, `costo`, `precio`, `uuid`, `deleted_at`, `created_at`, `updated_at`, `proveedor_id`) VALUES
(1, 'Estandar ', 108.00, 160.00, '62ebecec-b3b3-47f6-a45a-656a159c4a2e', NULL, '2024-06-11 20:13:17', '2025-06-12 18:51:12', 1),
(2, 'Empresarial', 108.00, 360.00, 'dadd9b27-c395-43b0-983f-58533e806664', NULL, '2024-06-11 20:19:21', '2025-06-12 18:50:52', 1),
(3, 'Personal Empresarial', 108.00, 260.00, '46aa7559-a8b0-4bbe-b771-4ed60d035380', NULL, '2024-06-11 20:19:41', '2025-06-12 18:50:30', 1),
(4, 'Estandar RB', 125.00, 160.00, 'f4e3dbe2-3d7c-4a8e-ad45-e1f3b2fbd054', NULL, '2024-06-11 20:19:57', '2025-06-23 23:51:01', 2),
(5, 'Personal Empresarial RB', 125.00, 260.00, '6f317a96-c01a-4893-9377-5bdaea9b0244', NULL, '2024-06-11 20:20:20', '2025-06-23 23:49:02', 2),
(6, 'Empresarial RB', 160.00, 360.00, 'd22b5fc0-9735-4b48-8347-a0c59165d1e2', NULL, '2024-06-11 20:20:35', '2025-06-12 18:49:24', 2),
(7, 'Estandar 50Gb', 54.00, 80.00, '06abfe4c-2c51-4403-86ef-291c1d49e9e5', NULL, '2024-12-11 18:22:00', '2025-03-07 16:38:18', 1),
(8, 'Estandar 20Gb', 15.00, 40.00, '1180ed45-3a6a-43a6-a425-58a93c84dddf', NULL, '2025-03-07 16:29:10', '2025-03-07 16:42:48', 1),
(9, 'Estandar RB LITE 125', 125.00, 160.00, '789dd293-367e-4cd9-9b32-8c02cecf3145', NULL, '2025-03-20 01:00:51', '2025-06-23 23:48:42', 2),
(10, 'Personal Empresarial RB 125', 125.00, 260.00, 'ab6ecbc9-88e1-47f1-868e-c1941c52b284', NULL, '2025-03-20 01:01:51', '2025-06-23 23:48:19', 2),
(11, 'Plan Estandar Argentina', 80.00, 160.00, 'cee6de2b-9e52-4787-905b-f46150ce1fda', NULL, '2025-06-26 17:52:49', '2025-06-26 17:52:49', 1),
(12, 'Plan 50GB Argentina', 45.00, 80.00, '5214fbee-d726-4856-b129-fdae02edaf07', NULL, '2025-06-26 17:53:24', '2025-06-26 17:53:24', 1);

-- --------------------------------------------------------

--
-- Estructura de tabla para la tabla `protocolos_mikrotiks`
--

CREATE TABLE `protocolos_mikrotiks` (
  `id` bigint(20) UNSIGNED NOT NULL,
  `protocolo` varchar(255) NOT NULL,
  `puerto` mediumint(8) UNSIGNED NOT NULL,
  `uuid` char(36) NOT NULL,
  `deleted_at` timestamp NULL DEFAULT NULL,
  `created_at` timestamp NULL DEFAULT NULL,
  `updated_at` timestamp NULL DEFAULT NULL
) ENGINE=InnoDB DEFAULT CHARSET=utf8mb4 COLLATE=utf8mb4_unicode_ci;

--
-- Volcado de datos para la tabla `protocolos_mikrotiks`
--

INSERT INTO `protocolos_mikrotiks` (`id`, `protocolo`, `puerto`, `uuid`, `deleted_at`, `created_at`, `updated_at`) VALUES
(1, 'telnet', 23, '62c4b28d-79c2-4163-b0a2-407ce0a708b5', NULL, NULL, NULL),
(2, 'ftp', 21, 'e39656da-29d5-41f4-ba28-3ac21e414671', NULL, NULL, NULL),
(3, 'www', 80, '6677a61c-e056-4e32-af4b-acf7e5083632', NULL, NULL, NULL),
(4, 'ssh', 22, 'a9ed7253-e541-4631-a6cb-ef31e7f2578e', NULL, NULL, NULL),
(5, 'www-ssl', 443, '980ed1a6-908f-4fa3-9793-75fd3cb01850', NULL, NULL, NULL),
(6, 'api', 8728, '8009be4c-3ee4-4202-8d96-3824198ac359', NULL, NULL, NULL),
(7, 'winbox', 8291, '189cbddf-f422-4633-8948-e480c122de62', NULL, NULL, NULL);

-- --------------------------------------------------------

--
-- Estructura de tabla para la tabla `proveedores`
--

CREATE TABLE `proveedores` (
  `id` bigint(20) UNSIGNED NOT NULL,
  `empresa_id` bigint(20) UNSIGNED NOT NULL,
  `created_at` timestamp NULL DEFAULT NULL,
  `updated_at` timestamp NULL DEFAULT NULL,
  `deleted_at` timestamp NULL DEFAULT NULL
) ENGINE=InnoDB DEFAULT CHARSET=utf8mb4 COLLATE=utf8mb4_unicode_ci;

--
-- Volcado de datos para la tabla `proveedores`
--

INSERT INTO `proveedores` (`id`, `empresa_id`, `created_at`, `updated_at`, `deleted_at`) VALUES
(1, 1, '2024-06-11 20:12:20', '2024-06-11 20:12:20', NULL),
(2, 2, '2024-06-11 20:12:34', '2024-06-11 20:12:34', NULL);

-- --------------------------------------------------------

--
-- Estructura de tabla para la tabla `remotas`
--

CREATE TABLE `remotas` (
  `id` bigint(20) UNSIGNED NOT NULL,
  `equipo` varchar(100) NOT NULL,
  `tipo_router_id` bigint(20) UNSIGNED DEFAULT NULL,
  `puerto` varchar(255) DEFAULT NULL,
  `meses_contrato` int(10) UNSIGNED DEFAULT 0,
  `ubicacion` varchar(255) DEFAULT NULL,
  `zona` varchar(255) DEFAULT NULL,
  `encargado` varchar(255) DEFAULT NULL,
  `serial` varchar(255) DEFAULT NULL,
  `kit_serial` varchar(255) DEFAULT NULL,
  `antena_serial` varchar(255) DEFAULT NULL,
  `dia_corte` date NOT NULL,
  `dia_activacion` date NOT NULL,
  `metodo_de_pago_id` bigint(20) UNSIGNED DEFAULT 1,
  `correo_cuenta` varchar(255) DEFAULT NULL,
  `password_correo_cuenta` varchar(255) DEFAULT NULL,
  `status` enum('activo','pausada','inactivo','pausada_por_pago','oculta') DEFAULT 'activo',
  `fecha_cuenta` date DEFAULT NULL,
  `detalle` varchar(300) DEFAULT NULL,
  `ip_gestion` varchar(45) DEFAULT NULL,
  `cliente_id` bigint(20) UNSIGNED NOT NULL,
  `plan_id` bigint(20) UNSIGNED NOT NULL,
  `costo` decimal(10,2) DEFAULT NULL,
  `socio_id` bigint(20) UNSIGNED DEFAULT NULL,
  `vendedor_id` bigint(20) UNSIGNED NOT NULL,
  `comision` decimal(10,2) DEFAULT 0.00,
  `proveedor_id` bigint(20) UNSIGNED NOT NULL,
  `uuid` char(36) NOT NULL,
  `deleted_at` timestamp NULL DEFAULT NULL,
  `created_at` timestamp NULL DEFAULT NULL,
  `updated_at` timestamp NULL DEFAULT NULL,
  `detalles_extra` text DEFAULT NULL
) ENGINE=InnoDB DEFAULT CHARSET=utf8mb4 COLLATE=utf8mb4_unicode_ci;

--
-- Volcado de datos para la tabla `remotas`
--

INSERT INTO `remotas` (`id`, `equipo`, `tipo_router_id`, `puerto`, `meses_contrato`, `ubicacion`, `zona`, `encargado`, `serial`, `kit_serial`, `antena_serial`, `dia_corte`, `dia_activacion`, `metodo_de_pago_id`, `correo_cuenta`, `password_correo_cuenta`, `status`, `fecha_cuenta`, `detalle`, `ip_gestion`, `cliente_id`, `plan_id`, `costo`, `socio_id`, `vendedor_id`, `comision`, `proveedor_id`, `uuid`, `deleted_at`, `created_at`, `updated_at`, `detalles_extra`) VALUES
(14, 'Feniel Cocopaso', 31, '3502', 0, 'Canaima', NULL, NULL, '2DWC233900009882', 'KIT302664588', '01000000-00000000-00A68C38', '2025-07-18', '2024-04-20', 8, 'c19@ven2vpn.com', 'Cloud1401..', 'activo', '2024-12-20', 'Feniel Caroni', '192.168.191.224', 7, 3, 250.00, NULL, 1, 60.00, 1, 'e97816d6-a6d9-428a-ab20-60e566059689', NULL, '2024-07-08 18:06:03', '2025-07-26 21:26:06', NULL),
(15, 'Elio Arekuna', 32, '3502', 0, 'Arekuna', NULL, NULL, '2DWC230600010048', 'KIT301609213', '01000000-00000000-007010C5', '2025-09-25', '2023-11-11', 9, 'c27@mikrologin.com', 'Cloud1401..', 'activo', '2024-12-26', 'Elio Arekuna', '0', 9, 1, 160.00, NULL, 5, 0.00, 1, '87e7302d-42ec-447f-98c1-0eee41e79d2a', NULL, '2024-07-10 19:02:04', '2025-08-26 00:29:49', NULL),
(16, 'Elio Paul', 31, '3502', 0, 'Canaima', NULL, NULL, '2DWC233700013602', 'KIT302678428', '01000000-00000000-0056B943', '2025-09-11', '2023-12-11', 11, 'c12@ven2vpn.com', 'Cloud1401..', 'activo', '2024-12-12', 'Elio Paul Solangel Elio 3', '192.168.191.54', 9, 1, 180.00, NULL, 1, 10.00, 1, '4c2d45fb-8fce-4dd7-bce2-b683d16da03f', NULL, '2024-07-10 19:06:25', '2025-08-07 02:29:43', NULL),
(17, 'Elio Canaima', 31, '3502', 0, 'Canaima', NULL, NULL, '2DWC233200031948', 'KIT302436353', '01000000-00000000-00A1C6F6', '2025-09-06', '2024-02-10', 10, 'c8@buscarif.com', 'Cloud1401..', 'activo', '2024-12-09', 'Elio Canaima Elio4', '192.168.191.112', 9, 1, 160.00, NULL, 1, 10.00, 1, '0d75d8c3-1e3c-4ef2-aac2-bc93a34d196a', NULL, '2024-07-10 19:08:38', '2025-09-03 17:53:39', NULL),
(18, 'Americano-Canaima', 31, '3502', 0, 'Canaima', NULL, NULL, '2DWC232000012209', 'KIT301948160', '01000000-00000000-00689A39', '2025-09-08', '2023-08-14', 12, 'brasil@buscarif.com', 'Cloud1401..', 'activo', '2024-12-09', 'Americano Casa', '192.168.191.231', 1, 3, 200.00, NULL, 1, 30.00, 1, '9a270d60-99fa-4e22-bfa9-a32b701dacd2', NULL, '2024-07-11 17:15:28', '2025-08-18 18:26:50', NULL),
(19, 'Americano Arenal', 31, '3502', 0, 'Canaima', 'Canaima', NULL, '2DWC234200001400', 'KIT302735967', '01000000-00000000-00AE5085', '2024-08-20', '2024-04-20', 9, 'c14@ven2vpn.com', 'Cloud1401..', 'inactivo', '2024-12-15', 'Americano Trabajo', '192.168.191.218', 1, 3, 200.00, NULL, 1, 40.00, 1, 'af66ac58-1258-435e-af1f-999160067c37', NULL, '2024-07-12 01:12:13', '2024-10-02 16:19:19', NULL),
(20, 'Fiorella Playa Linda', 31, '3502', 0, 'Canaima', NULL, NULL, '2DUNE00000314128', 'KIT302212136', '01000000-00000000-00788180', '2025-05-08', '2024-11-20', 11, 'c9@ven2vpn.com', 'Cloud1401..', 'pausada', '2024-12-10', 'Fiorella Playa Linda', '192.168.191.165', 2, 1, 150.00, NULL, 1, 10.00, 1, '477a93a6-338c-482c-be8c-a799c6481a90', NULL, '2024-07-12 01:20:17', '2025-06-12 18:55:04', NULL),
(21, 'Fiorella Bernal Personal', 31, '3502', 0, 'Canaima', NULL, NULL, '2DWC233800014891', 'KIT302625424', '01000000-00000000-0051A892', '2025-09-07', '2024-04-20', 10, 'c8@buscarif.com', 'Cloud1401..', 'activo', '2024-12-09', 'Fiorella Personal', '192.168.191.123', 2, 1, 150.00, NULL, 1, 10.00, 1, 'e204eda0-6ef9-43ff-803d-b77e8326c44e', NULL, '2024-07-12 01:26:37', '2025-08-13 16:13:09', NULL),
(22, 'Fiorella Arekuna salto arive', 31, '3502', 0, 'Arekuna', NULL, NULL, '2DWC233200025207', 'KIT302669537', '01000000-00000000-00A57253', '2025-08-17', '2024-04-20', 8, 'c19@ven2vpn.com', 'Cloud1401..', 'activo', '2024-12-19', 'Fiorella Arekuna', '192.168.191.83', 2, 1, 150.00, NULL, 1, 10.00, 1, 'b00c1339-1a15-44a7-88f6-d77ec5fb0510', NULL, '2024-07-12 01:29:11', '2025-08-28 18:21:27', NULL),
(23, 'Comunidad Parupita', 31, '3502', 0, 'Parupita', NULL, NULL, '2DWC232000018618', 'KIT301940618', '01000000-00000000-007632A9', '2025-03-26', '2023-09-23', 11, 'c11-1@ven2vpn.com', 'Cloud1401..', 'pausada_por_pago', '2024-12-11', 'Comunidad Parupita PEN 300', '192.168.191.9', 3, 2, 300.00, NULL, 1, 60.00, 1, '703ea942-eeaa-46d4-981e-57d551605279', NULL, '2024-07-12 01:32:37', '2025-05-09 16:32:22', NULL),
(24, 'Yuliana Personal', 31, '3502', 0, 'Parupita', NULL, NULL, '2DUNI00000012154', 'KIT301940623', '01000000-00000000-00784C8F', '2025-09-13', '2023-07-23', 9, 'c14-2@ven2vpn.com', 'Cloud1401..', 'activo', '2024-12-14', 'Yuliana Personal Parupita', '192.168.191.241', 6, 1, 180.00, NULL, 1, 20.00, 1, '1dd8d6d5-bb85-4697-bee7-329d54a11493', NULL, '2024-07-12 01:35:32', '2025-08-28 00:26:11', NULL),
(25, 'Feniel Las Bonitas', 33, '3502', 0, 'Canaima', NULL, NULL, '2DUNI00000005525', 'KIT301943406', '01000000-00000000-007C7825', '2025-07-18', '2024-07-11', 11, 'c12@ven2vpn.com', 'Cloud1401..', 'activo', '2024-12-12', 'Feniel Casa Las Bonitas', '192.168.191.200', 7, 3, 250.00, NULL, 1, 60.00, 1, '4c3611e2-2af3-40c9-91ee-9a4c55b0d3ae', NULL, '2024-07-12 01:36:49', '2025-06-23 20:13:38', NULL),
(26, 'Luis Ramirez Cigarron angela', 31, '3502', 0, 'Canaima', NULL, NULL, '2DWC232600013506', 'KIT302189512', '01000000-00000000-00762E3A', '2025-09-12', '2024-07-11', 11, 'c24@mikrologin.com', 'Cloud1401..', 'activo', '2024-12-25', 'Luis Ramirez Cigarron', '192.168.194.248', 13, 3, 200.00, NULL, 5, 0.00, 1, '847b1e89-b828-4b2d-9228-faf1a1616a1c', NULL, '2024-07-12 01:40:49', '2025-08-25 16:56:11', NULL),
(27, 'Luis Ramirez Parupita', 31, '3502', 0, 'Canaima', NULL, NULL, '0', 'KIT302493045', '0', '2025-04-28', '2024-07-11', 14, '0@cloudsatllc.com', 'Cloud1401..', 'pausada_por_pago', '2024-07-17', 'Comunidad de Parupita 2 meses pendiente + renta', '192.168.191.103', 13, 5, 260.00, NULL, 1, 60.00, 2, 'cd33b199-1fd7-44ef-86db-2460de8e1f42', NULL, '2024-07-12 01:44:07', '2025-06-21 20:06:41', NULL),
(29, 'Camilo Personal', 31, '3502', 0, 'Puerto Ordaz', 'Puerto Ordaz', NULL, '2DWC230600012057', 'KIT301550755', '01000000-00000000-007044D8', '2024-08-10', '2023-06-10', 9, 'c18@ven2vpn.com', 'Cloud1401..', 'inactivo', '2024-12-18', 'Camilo Carro Gen2 dañada', '192.168.194.221', 15, 3, 220.00, NULL, 1, 40.00, 1, '742e78cc-8bbb-4c64-84d5-930f044d68e5', NULL, '2024-07-29 18:00:23', '2024-08-15 00:05:47', NULL),
(30, 'Camilo Vehiculo', 38, '0', 0, 'Puerto Ordaz', NULL, NULL, 'HPCP300258800901', 'KITP00148527', '01000000-00000000-00870D96', '2025-03-04', '2024-05-17', 12, 'c18@ven2vpn.com', 'Cloud1401..', 'pausada', '2024-12-18', 'Camilo Vehicular', '0', 15, 3, 260.00, NULL, 1, 40.00, 1, 'e2e9ef46-bade-467d-b2e1-37b490a2fb2f', NULL, '2024-07-29 18:15:25', '2025-04-30 01:08:45', NULL),
(31, 'GEN 2 Santos', 38, '0', 0, 'Puerto Ordaz', NULL, NULL, '2DWC233500001972', 'KIT302523156', '01000000-00000000-0057C4EE', '2025-07-04', '2024-07-19', 12, 'c5-1@cloudsatllc.com', 'CloudSat1401..', 'inactivo', '2024-12-18', 'GEN 2 Santos', '0', 133, 1, 140.00, NULL, 1, 10.00, 1, '99e693e3-0035-4553-a490-e772da2faace', NULL, '2024-07-29 18:22:57', '2025-07-10 23:27:51', NULL),
(32, 'Camilo Casa GEN3', 38, '0', 0, 'Puerto Ordaz', NULL, NULL, '4PBA00187780', 'KIT400190729', '01000000-00000000-008C816E', '2025-09-04', '2024-05-13', 9, 'c14-1@ven2vpn.com', 'Cloud1401..', 'activo', '2024-12-14', 'Camilo Casa GEN3', '0', 15, 1, 130.00, NULL, 1, 5.00, 1, '57bcdbc7-7209-4bd3-9b05-8487adf10f91', NULL, '2024-07-29 18:29:11', '2025-08-09 23:15:05', NULL),
(33, 'Indio Panare Camilo', 31, '0', 0, 'El Dorado', NULL, NULL, '4PBA00094294', 'KIT400094013', '01000000-00000000-008E31A1', '2025-09-04', '2024-06-04', 12, 'c18@ven2vpn.com', 'Cloud1401..', 'activo', '2024-12-18', 'Indio Panare', '0', 15, 3, 260.00, NULL, 1, 40.00, 1, 'b2beb6e9-a729-4345-893e-aab945ba14bc', NULL, '2024-07-29 18:40:57', '2025-08-09 23:16:24', NULL),
(34, 'Nohel Pozo 3', 31, '0', 0, 'indio Panare', NULL, NULL, '2DDDBAIBB009013B', 'KIT301646438', '01000000-00000000-005D588A', '2024-10-03', '2023-09-02', 11, 'c9@ven2vpn.com', 'Cloud1401..', 'pausada_por_pago', '2024-12-10', 'Nohel Pozo 3', '192.168.194.205', 16, 3, 260.00, NULL, 1, 40.00, 1, '97c59622-f56e-4801-b4a5-03d44fba5fc2', NULL, '2024-07-29 18:48:17', '2025-05-06 22:37:18', NULL),
(35, 'Nohel Molino', 31, '0', 0, 'Puerto Ordaz', NULL, NULL, '2DWC232800013714', 'KIT302249587', '01000000-00000000-00A087E4', '2024-10-03', '2023-10-21', 12, 'c5-3@cloudsatllc.com', 'CloudSat1401..', 'activo', '2024-12-05', 'Nohel Molino', '0', 16, 3, 260.00, NULL, 1, 40.00, 1, '1bc98632-c132-45ed-a23e-86a05810c383', NULL, '2024-07-29 18:56:10', '2025-05-06 22:21:05', NULL),
(36, 'Nohel Socio Draga', 31, '0', 0, 'La Paragua', NULL, NULL, '2DUNI00000009718', 'KIT301899919', '01000000-00000000-006611F4', '2024-10-03', '2023-09-01', 12, 'brasil@buscarif.com', 'Cloud1401..', 'inactivo', '2024-12-10', 'Nohel Socio Draga', '192.168.194.237', 16, 3, 260.00, NULL, 1, 40.00, 1, '8d5cf4cc-deb4-4e64-b012-223439922fbd', NULL, '2024-07-29 19:04:15', '2025-04-17 18:23:32', NULL),
(37, 'Nohel Socio  Casa', 38, '0', 0, 'Puerto Ordaz', NULL, NULL, '2DWC233800012728', 'KIT302655653', '01000000-00000000-00ADC551', '2024-12-03', '2024-02-08', 12, 'c5-4@cloudsatllc.com', 'CloudSta1401..', 'activo', '2024-12-05', 'Nohel  Personal casa', '0', 16, 1, 140.00, NULL, 1, 10.00, 1, '9885348e-caa0-47ec-b989-c7c4b971db44', NULL, '2024-07-29 19:13:02', '2025-06-12 19:00:20', NULL),
(38, 'General Enio Flores', 38, '0', 0, 'Bolivar', NULL, NULL, '2DUNE00000266386', 'KIT302189697', '01000000-00000000-0079C1A4', '2025-09-04', '2024-01-26', 11, 'c15@ven2vpn.com', 'Cloud1401..', 'activo', '2024-12-16', 'Enio Flores', '0', 15, 1, 130.00, NULL, 1, 10.00, 1, '7104b9da-d423-4ba7-a991-7fcc4cccadd3', NULL, '2024-07-29 19:22:59', '2025-08-09 23:14:48', NULL),
(39, 'Maracucho La Paragua', 38, '0', 0, 'La Paragua', 'La Paragua', NULL, '2DWC234100006999', 'KIT302768534', '01000000-00000000-00AE25B1', '2025-10-08', '2024-04-08', 9, 'c14-2@ven2vpn.com', 'Cloud1401..', 'activo', '2024-12-14', 'Maracucho La Paragua', '0', 18, 1, 100.00, NULL, 1, 0.00, 1, '116dc685-45a3-452d-8db1-8ebc7a4d5fc6', NULL, '2024-07-29 19:28:37', '2025-08-30 20:26:25', NULL),
(40, 'Paulino Draga', 38, '0', 0, 'La Paragua', NULL, NULL, '2DUNI00000030016', 'KIT301940634', '01000000-00000000-00786D44', '2024-11-04', '2023-09-12', 12, 'brasil@buscarif.com', 'Cloud1401..', 'inactivo', '2024-12-10', 'Paulino Draga', '0', 15, 1, 120.00, NULL, 1, 5.00, 1, '3d8bbbab-ef6d-4fe4-8e5e-3ad19da19510', NULL, '2024-07-29 20:00:37', '2024-11-25 16:49:22', NULL),
(41, 'Emilio Visaez/Carlos Villarroel', 38, '0', 0, 'Puerto Ordaz', NULL, NULL, '2DWC232600010793', 'KIT302191839', '01000000-00000000-0070DC16', '2024-12-12', '2023-10-19', 9, 'c13@vn2vpn.com', 'Cloud1401..', 'inactivo', '2024-12-13', 'THE EDGE', '0', 19, 1, 120.00, NULL, 1, 5.00, 1, 'b286792f-73aa-4e37-be1a-c9eb06d7ee2d', NULL, '2024-07-30 17:10:18', '2024-12-11 18:13:07', NULL),
(42, 'Jorge Jimenez', 38, '0', 0, 'Puerto Ordaz', NULL, NULL, '2DWC233100010247', 'KIT302655560', '01000000-00000000-00A07E50', '2024-12-25', '2024-01-26', 15, 'c27@mikrologin.com', 'Cloud1401..', 'inactivo', '2024-12-27', 'MOTISIMA', '0', 20, 1, 120.00, NULL, 1, 5.00, 1, '89c18fa4-35b2-4d13-b46e-30da4f73eb81', NULL, '2024-07-30 17:15:46', '2025-02-08 22:18:26', NULL),
(43, 'Joanis Flores / Yimis', 38, '0', 0, 'Lecherias', NULL, NULL, '2DUNI00000096986', 'KIT302381358', '01000000-00000000-006E8452', '2025-09-15', '2023-11-16', 9, 'c16@ven2vpn.com', 'Cloud1401..', 'activo', '2024-12-17', 'SEA WOLF', '0', 21, 1, 130.00, NULL, 1, 5.00, 1, '98a3b880-4741-4d67-bc2d-08732df721e6', NULL, '2024-07-30 17:22:05', '2025-07-23 23:47:48', NULL),
(44, 'Joanis Flores / Yimis', 38, '0', 0, 'Lecherias', NULL, NULL, '2DWC233700011529', 'KIT302652405', '01000000-00000000-0056A11D', '2025-09-01', '2024-03-01', 10, 'c2@buscarif.com', 'Cloud1401..', 'activo', '2024-12-03', 'ALBACORA', '0', 21, 1, 130.00, NULL, 1, 5.00, 1, '1e172bdc-b2cf-4299-9f73-5a8c4101a600', NULL, '2024-07-30 17:27:57', '2025-07-23 23:52:45', NULL),
(45, 'Yimis SEA BOSS', 38, '0', 0, 'Lecherias', 'Lecherias', NULL, '2DWC232500008413', 'KIT302436257', '01000000-00000000-009AD95D', '2024-04-07', '2024-02-07', 10, 'c6@buscarif.com', 'Cloud1401..', 'inactivo', '2024-12-07', 'SEA BOSS', '0', 21, 1, 0.00, NULL, 1, 0.00, 1, '46730255-9849-4285-81ab-a949b5797d9a', NULL, '2024-07-30 17:34:07', '2024-08-09 18:18:20', NULL),
(46, 'Napoleon BellaVille', 38, '0', 0, 'Lecherias', NULL, NULL, '2DWC240100009876', 'KIT303325169', '01000000-00000000-00C07C3E', '2025-09-08', '2024-05-08', 8, 'c9-1@ven2vpn.com', 'Cloud1401..', 'activo', '2024-12-09', 'Napoleon BellaVille', '0', 22, 1, 130.00, NULL, 1, 10.00, 1, '7e8aea3b-aca7-4738-845a-a769ef996851', NULL, '2024-07-30 17:38:47', '2025-08-11 17:55:46', NULL),
(47, 'Napoleon BellaVille', 38, '0', 0, 'Lecherias', NULL, NULL, '2DUNI00000329633', 'KIT303325091', '01000000-00000000-00618330', '2025-09-08', '2024-05-08', 8, 'c9-1@ven2vpn.com', 'Cloud1401..', 'activo', '2024-12-09', 'Napoleon BellaVille2', '0', 22, 1, 130.00, NULL, 1, 10.00, 1, '9d9c8ec6-dbe4-4732-9508-3f1b8ce685dd', NULL, '2024-07-30 17:42:21', '2025-08-11 17:55:29', NULL),
(48, 'Comandante Barrios DGCIM', 38, '0', 0, 'Puerto Ordaz', NULL, NULL, '2DUNE00000335409', 'KIT302234203', '01000000-00000000-004D6039', '2025-09-01', '2023-10-26', 11, 'c25-1@mikrologin.com', 'Cloud1401..', 'activo', '2024-12-30', 'Comandante Barrios DGCIM', '0', 23, 1, 120.00, NULL, 1, 5.00, 1, 'f44546d8-db49-484b-9d6e-d972c1ce1188', NULL, '2024-07-30 17:53:28', '2025-08-09 23:51:43', NULL),
(49, 'Comandante Barrios DGCIM CARRO', 38, '0', 0, 'Puerto Ordaz', NULL, NULL, '4PBA00078594', 'KIT400077666', '01000000-00000000-0088C19D', '2025-10-01', '2024-04-20', 11, 'c25-1@mikrologin.com', 'Cloud1401..', 'activo', '2024-12-30', 'Comandante Barrios VEHICULO', '0', 23, 3, 240.00, NULL, 1, 40.00, 1, '2949b213-0722-413d-b0f8-0d165b369bbd', NULL, '2024-07-30 17:58:07', '2025-08-09 23:50:28', NULL),
(50, 'GD Hernandez Aguirre Vehiculo', 38, '0', 0, 'Puerto Ordaz', NULL, NULL, '4PBA00047196', 'KIT400047937', '01000000-00000000-008787ED', '2025-09-11', '2024-04-18', 12, 'cc14-arg@cloudsatllc.com', 'CloudSat1401..', 'activo', '2024-12-13', 'GD Hernandez Aguirre Vehiculo', '0', 24, 11, 120.00, NULL, 1, 5.00, 1, 'cdc050e6-dbf0-49b6-980d-c8ad8b626371', NULL, '2024-07-30 18:03:26', '2025-08-14 16:49:03', 'Cloudsat LLC • ACC-8174703-82094-18 Argentina'),
(51, 'GD Hernandez Aguirre Fija', 38, '0', 0, 'Puerto Ordaz', NULL, NULL, '2DWC232400028945', 'KIT302435492', '01000000-00000000-00754001', '2025-09-11', '2024-04-18', 12, 'cc14-arg@cloudsatllc.com', 'CloudSat1401..', 'activo', '2024-12-13', 'GD Hernandez Aguirre Fija', '0', 24, 11, 120.00, NULL, 1, 5.00, 1, '3ead2278-b056-4257-a71e-e639eba4fec8', NULL, '2024-07-30 18:07:22', '2025-08-14 16:49:21', 'Cloudsat LLC • ACC-8174703-82094-18 Argentina'),
(52, 'Tony Aserradero', 38, '0', 0, 'Puerto Ordaz', NULL, NULL, '2DWC232500005569', 'KIT302436675', '01000000-00000000-009F4AD3', '2025-08-03', '2024-02-03', 11, 'c6-1@buscarif.com', 'CloudSat1401..', 'pausada_por_pago', '2024-12-07', 'Tony Aserradero', '0', 25, 1, 120.00, NULL, 1, 3.00, 1, '5bdf099d-cd6e-467b-a37c-c55455caf165', NULL, '2024-07-30 18:11:30', '2025-09-01 17:29:54', NULL),
(53, 'Tony Aserradero Vehiculo', 38, '0', 0, 'Puerto Ordaz', NULL, NULL, '4PBA00066498', 'KIT400070011', '01000000-00000000-00889112', '2025-08-03', '2024-06-03', 11, 'c6-1@buscarif.com', 'CloudSat1401..', 'pausada_por_pago', '2024-12-07', 'Tony Aserradero Vehiculo', '0', 25, 1, 120.00, NULL, 1, 3.00, 1, '135777a8-f407-496c-b9d9-09a2c60c5a70', NULL, '2024-07-30 18:15:13', '2025-09-01 17:29:59', NULL),
(54, 'Frederick Personal Casa Modelo Carro', 38, '0', 0, 'Puerto Ordaz', NULL, NULL, '2DWC234500021542', 'KIT303056852', '01000000-00000000-00B3507A', '2025-09-15', '2024-07-17', 10, 'rc17-arg@cloudsatllc.com', 'CloudSat1401..', 'activo', '2024-12-16', 'Tony Aserradero Carro Personal', '0', 119, 11, 120.00, NULL, 1, 0.00, 1, '3a72493e-445e-4a3f-8b1c-9bfc719a7d47', NULL, '2024-07-30 18:19:42', '2025-08-19 23:27:48', 'Reinaldo Carima • ACC-8221275-97486-26 Argentina'),
(55, 'Comandate Urbina 2', 38, '0', 0, 'Piar', NULL, NULL, '2DWC233900010550', 'KIT302668406', '01000000-00000000-00A670E1', '2025-06-21', '2024-02-14', 11, 'c22-1@mikrologin.com', 'Cloud1401..', 'pausada_por_pago', '2024-12-23', 'Comandate Urbina 2', '0', 26, 1, 120.00, NULL, 1, 5.00, 1, 'e3855644-08cd-4114-ac1e-d12d635e0f2f', NULL, '2024-07-30 18:28:20', '2025-07-02 16:10:55', 'Debe una renta 120'),
(56, 'Comandante Urbina Carro', 38, '0', 0, 'Piar', NULL, NULL, '2DUNE00000331711', 'KIT302243096', '01000000-00000000-004DBC6C', '2025-07-20', '2023-10-14', 11, 'c22-1@mikrologin.com', 'Cloud1401..', 'pausada_por_pago', '2024-12-23', 'Comandante Urbina Carro', '0', 26, 1, 120.00, NULL, 1, 5.00, 1, '182f8223-b3b3-4c94-bc9f-16b43c06ce55', NULL, '2024-07-30 18:33:37', '2025-08-08 23:46:49', 'pendiente 120'),
(57, 'General Falcon GEN 2 Carro', 38, '0', 0, 'Puerto Ordaz', NULL, NULL, '2DWC234200002207', 'KIT302736914', '01000000-00000000-00B2FC9F', '2024-12-05', '2024-02-21', 10, 'c5@buscarif.com', 'Cloud1401..', 'inactivo', '2024-12-05', 'General Falcon GEN 2 Carro Pedro de Curtis', '0', 27, 1, 120.00, NULL, 1, 5.00, 1, 'f379ba0d-1b34-4f66-8060-f7207215846e', NULL, '2024-07-30 18:38:35', '2025-05-13 19:13:00', NULL),
(58, 'Coronel Pedro de Curtis GEN3 Vehiculo', 38, '0', 0, 'Puerto Ordaz', NULL, NULL, '4PBA00078623', 'KIT400077668', '01000000-00000000-00873743', '2025-09-23', '2024-04-23', 15, 'c28@mikrologin.com', 'Cloud1401..', 'activo', '2024-12-28', 'Coronel Pedro de Curtis GEN3 Vehiculo', '0', 17, 1, 130.00, NULL, 1, 10.00, 1, 'e1a08dbd-43fa-4544-ace2-35e93905469b', NULL, '2024-07-30 18:43:05', '2025-08-21 23:12:47', NULL),
(59, 'Coronel Pedro de Curtis San Martin', 38, '0', 0, 'San Martin', NULL, NULL, '2DWC233000017762', 'KIT302405617', '01000000-00000000-009B97AE', '2025-09-18', '2024-02-21', 8, 'c22-2@mikrologin.com', 'Cloud1401..', 'activo', '2024-12-23', 'Coronel Pedro de Curtis San Martin', '0', 17, 1, 130.00, NULL, 1, 10.00, 1, '6cc47fe7-53be-4661-92cb-7da6aba47967', NULL, '2024-07-30 18:47:56', '2025-08-21 20:10:20', NULL),
(60, 'Coronel Pedro de Curtis Caminpeg', 38, '0', 0, 'San Martin', NULL, NULL, '2DWC234100029900', 'KIT302768352', '01000000-00000000-00ADC52F', '2025-09-18', '2024-03-12', 8, 'c22-2@mikrologin.com', 'Cloud1401..', 'activo', '2024-12-23', 'Coronel Pedro de Curtis Caminpeg', '0', 17, 1, 130.00, NULL, 1, 5.00, 1, '7fc8c139-e80c-456f-94f3-a3163417050b', NULL, '2024-07-30 18:52:15', '2025-08-21 20:10:53', NULL),
(61, 'Esedantok', 32, '3502', 0, 'Canaima', NULL, NULL, '2DDDCABBI011107B', 'KIT301652020', '01000000-00000000-005D95B4', '2025-10-04', '2023-09-04', 11, 'c15@ven2vpn.com', 'Cloud1401..', 'activo', '2024-12-16', 'Esedantok', '192.168.194.74', 28, 1, 88.00, NULL, 1, 0.00, 1, '935a4651-65a3-4921-8643-3737bdaf6da1', NULL, '2024-07-30 19:00:39', '2025-09-03 21:38:37', NULL),
(62, 'Campamento Ucaima', 32, '3502', 0, 'Canaima', 'Canaima', NULL, '2DWC230200005497', 'KIT301498245', '01000000-00000000-003A7522', '2025-10-01', '2023-08-29', 11, 'c24@mikrologin.com', 'Cloud1401..', 'activo', '2024-12-25', 'Campamento Ucaima', '192.168.194.167', 30, 1, 160.00, NULL, 1, 10.00, 1, '6d29ebef-7d53-4c3d-af0a-c7eba1b70c17', NULL, '2024-07-30 19:07:05', '2025-08-27 18:25:12', NULL),
(63, 'Tapuy Lodge', 32, '3502', 0, 'Canaima', NULL, NULL, '2DCP206423102602', 'KIT301476387', '01000000-00000000-005D6261', '2025-10-10', '2023-09-10', 10, 'c6@buscarif.com', 'Cloud1401..', 'activo', '2024-12-07', 'Tapuy Lodge pend 120', '192.168.194.61', 33, 1, 140.00, NULL, 1, 5.00, 1, 'c73e1140-7f6f-456a-b027-2d290f6da9a4', NULL, '2024-07-30 19:20:25', '2025-09-03 00:46:31', NULL),
(64, 'Sabbia', 32, '3502', 0, 'Los Roques', NULL, NULL, '2DWC231200005842', 'KIT302032265', '01000000-00000000-0053BDC2', '2025-10-01', '2023-10-03', 10, 'c2@buscarif.com', 'Cloud1401..', 'activo', '2024-12-02', 'Sabbia', '192.168.194.137', 34, 1, 140.00, NULL, 1, 20.00, 1, 'd036b0a1-4ebf-4cc1-a428-de378f819314', NULL, '2024-07-30 19:25:02', '2025-09-03 00:45:55', NULL),
(65, 'Laguna Los Roques', 32, '3502', 0, 'Los Roques', NULL, NULL, '2DWC240100004787', 'KIT303352427', '01000000-00000000-00BFFEC6', '2025-10-14', '2024-07-14', 11, 'c17@ven2vpn.com', 'Cloud1401..', 'activo', '2024-12-16', 'Laguna Los Roques', '192.168.191.223', 34, 1, 140.00, NULL, 1, 10.00, 1, 'ff0751c9-22ca-446b-ac67-5ffa0284834b', NULL, '2024-07-30 19:30:35', '2025-09-03 00:47:21', NULL),
(66, 'Nick Caño Negro', 32, '3502', 0, 'San Martin', NULL, NULL, '2DWC233600005163', 'KIT302609856', '01000000-00000000-00569e63', '2025-09-28', '2024-01-23', 11, 'c28-1@cloudsatllc.com', 'CloudSat1401..', 'activo', '2024-08-30', 'Nick Caño Negro Renta 260 + Pendiente', '192.168.194.203', 36, 1, 120.00, NULL, 4, 0.00, 1, 'dc2eecc8-5adc-4130-a8ee-645f16b810aa', NULL, '2024-07-30 19:41:39', '2025-09-04 01:15:06', NULL),
(67, 'Nick San Martin REBAUR', 36, '3502', 0, 'San Martin', NULL, NULL, '0', 'KIT301997507', '0', '2024-12-24', '2023-08-24', 14, '0@cloudsatllc.com', '0', 'pausada_por_pago', '2024-08-05', 'Nick San Martin REBAUR', '192.168.194.23', 36, 5, 260.00, NULL, 4, 40.00, 2, '0fdf0947-7d2e-406b-8079-2bb6a3792147', NULL, '2024-07-30 19:47:28', '2025-02-08 21:58:46', NULL),
(68, 'Roselys Puntabrava', 31, '3502', 0, 'El Dorado', NULL, NULL, '0', 'KIT302639342', '0', '2025-09-18', '2024-01-18', 14, 'o@cloudsatllc.com', '0', 'activo', '2024-08-18', 'Roselys Puntabrava', '192.168.194.25', 37, 9, 160.00, NULL, 1, 10.00, 2, 'ee3ec4bc-32b3-4c75-85e2-5f6cff05e577', NULL, '2024-07-30 19:53:27', '2025-08-16 21:06:01', NULL),
(69, 'Roselys Starlink', 31, '3502', 0, 'El Dorado', NULL, NULL, '2DWC233000026346', 'KIT302205222', '01000000-00000000-00A16741', '2025-09-23', '2023-09-23', 11, 'c24@mikrologin.com', 'Cloud1401..', 'activo', '2024-12-25', 'Roselis Starlink', '192.168.194.5', 37, 1, 160.00, NULL, 1, 10.00, 1, '1d6fd393-67d4-42ee-9680-66be4c2e1388', NULL, '2024-07-30 20:00:34', '2025-08-16 21:05:30', NULL),
(70, 'Adriana Diana Starlink', 31, '0', 0, 'Mochila', NULL, NULL, '2DUNE00000222481', 'KIT301930690', '01000000-00000000-007cc196', '2024-09-30', '2023-10-02', 12, 'cloudsat.col1@cloudsatllc.com', 'Cloud1401..', 'pausada_por_pago', '2024-12-30', 'Adriana Diana Starlink', '192.168.194.68', 38, 2, 360.00, NULL, 1, 60.00, 1, '01c320c2-a9aa-4c8b-80cf-0131c6521c8b', NULL, '2024-07-30 20:06:14', '2025-09-01 18:41:42', NULL),
(71, 'Williams Lottt', 32, '3502', 0, 'El Dorado', NULL, NULL, '0', 'KIT301608894', '0', '2025-09-26', '2023-08-01', 14, '0@cloudsatllc.com', '0', 'activo', '2024-08-28', 'Williams Lottt', '192.168.194.6', 39, 9, 160.00, NULL, 4, 0.00, 2, '4ceded2d-bd1f-4dcc-88a0-5e6737882316', NULL, '2024-07-30 20:13:00', '2025-08-27 16:18:14', NULL),
(72, 'Enrique Panama', 31, '3502', 0, 'Panama', NULL, NULL, '2DUNI00000066894', 'KIT302235362', '01000000-00000000-007837CE', '2025-09-23', '2023-10-26', 11, 'c24@mikrologin.com', 'Cloud1401..', 'activo', '2024-12-25', 'Enrique Panama', '192.168.194.146', 40, 2, 360.00, NULL, 4, 0.00, 1, '4abb47f0-86f2-4de0-8e66-fbe06f23a648', NULL, '2024-07-30 20:17:27', '2025-08-22 19:03:04', NULL),
(73, 'Guape Starlink', 31, '3502', 0, '0', NULL, NULL, '2DUNI00000030451', 'KIT301938598', '01000000-00000000-007CDD16', '2025-09-23', '2023-09-26', 15, 'c26@mikrologin.com', 'Cloud1401..', 'activo', '2024-12-24', 'Guape Starlink', '192.168.194.195', 41, 1, 200.00, NULL, 6, 40.00, 1, 'fd8863a4-db7f-4de3-9ade-0cf4ae88b75b', NULL, '2024-07-30 20:23:05', '2025-08-27 00:00:02', NULL),
(74, 'Negron Starlink', 33, '3502', 0, 'El Foco', NULL, NULL, '2DDDBAJCG006099B', 'KIT301556274', '01000000-00000000-004d5054', '2025-08-28', '2023-09-02', 12, 'cloudsat.col1@cloudsatllc.com', 'Cloud1401..', 'activo', '2024-12-30', 'Negron Starlink', '192.168.194.239', 42, 1, 160.00, NULL, 4, 0.00, 1, '9721c8a9-c7b7-41bc-a060-d2185aafabaf', NULL, '2024-07-30 20:28:58', '2025-09-01 18:41:22', NULL),
(75, 'Daniel Marisol', 37, '0', 0, 'El Dorado', NULL, NULL, '2DUNE00000140025', 'KIT301940641', '01000000-00000000-007cd48d', '2025-01-04', '2023-10-04', 12, 'c10@ven2vpn.com', 'Cloud1401..', 'inactivo', '2024-12-13', 'Daniel Marisol', '0', 43, 3, 250.00, NULL, 3, 60.00, 1, 'dbe6b24e-357f-41ee-84af-1a1fa965a176', NULL, '2024-08-05 22:18:26', '2025-07-02 16:13:35', NULL),
(76, 'Daniel el foco', 31, '0', 0, 'El Dorado', NULL, NULL, '0', 'KIT302042868', '01000000-00000000-0013725a', '2025-09-04', '2023-10-01', 12, 'c10@ven2vpn.com', 'Cloud1401..', 'activo', '2024-12-13', 'Daniel el foco', '192.168.194.153', 43, 1, 160.00, NULL, 3, 0.00, 1, 'f0b7af7f-5caf-4fc4-b239-f4d7502be0b7', NULL, '2024-08-05 22:23:08', '2025-08-14 17:00:28', NULL),
(77, 'Luisito Starlink', 38, '0', 0, 'El Dorado', NULL, NULL, '2DWC232400012959', 'KIT302186455', '01000000-00000000-0052CC63', '2025-08-22', '2023-09-22', 8, 'c25@mikrologin.com', 'Cloud1401..', 'activo', '2024-12-26', 'Luisito Starlink', '0', 44, 3, 240.00, NULL, 4, 0.00, 1, 'eb648b57-81ea-434d-94e6-1177e7386cae', NULL, '2024-08-05 22:29:09', '2025-08-08 17:06:03', NULL),
(78, 'Alicia', 32, '3502', 0, 'El Dorado', NULL, NULL, '2DDDBBAAH001103A', 'KIT301608722', '01000000-00000000-00613a9c', '2025-09-06', '2023-08-06', 15, 'rc25-arg@cloudsatllc.com', 'CloudSat1401..', 'activo', '2024-08-24', 'Alicia', '192.168.194.4', 45, 11, 160.00, NULL, 4, 5.00, 1, 'efde1330-b72f-4d41-8925-bd4e071c3732', NULL, '2024-08-05 22:32:25', '2025-08-15 23:12:55', 'Reinaldo Carima • ACC-7930744-48626-25 Argentina'),
(79, 'Rosmery Los Bastantes', 32, '3502', 0, 'Los Bastantes', NULL, NULL, '2DWC231300002941', 'KIT301754443', '01000000-00000000-00538C49', '2025-09-04', '2023-08-04', 11, 'c11-1@ven2vpn.com', 'Cloud1401..', 'activo', '2024-12-11', 'Rosmery Los Bastantes', '192.168.194.164', 46, 3, 260.00, NULL, 4, 0.00, 1, 'a5be4f8f-20b9-40cc-ac15-72aef1006bf6', NULL, '2024-08-05 22:39:45', '2025-08-21 00:35:37', NULL),
(81, 'Rosmery La playita', 38, '0', 0, 'La Playita', NULL, NULL, '2DDDCAFBH002117B', 'KIT302483310', '01000000-00000000-005698EC', '2025-09-25', '2023-12-24', 15, 'c27@mikrologin.com', 'Cloud1401..', 'activo', '2024-12-27', 'Rosmery La playita', '192.168.191.7', 46, 3, 260.00, NULL, 4, 0.00, 1, 'f944375d-eb50-4aa7-987d-db608b059514', NULL, '2024-08-05 22:47:56', '2025-08-21 00:35:55', NULL),
(82, 'Rosmery San Pollo', 32, '3502', 0, 'Corosal', NULL, NULL, '2DWC232600006520', 'KIT302485783', '01000000-00000000-006d12de', '2025-08-26', '2024-06-26', 12, 'cs29-arg@cloudsatllc.com', 'CloudSat1401..', 'activo', '2024-08-27', 'Rosmery San Pollo', '192.168.191.212', 46, 11, 160.00, NULL, 1, 20.00, 1, 'a9e65a76-58bc-4f56-bd62-816c3ece498f', NULL, '2024-08-05 22:52:22', '2025-09-02 18:29:23', 'Cloudsat Llc • ACC-DF-8794570-39960-15 Argentina'),
(83, 'Rosmery Heladeria', 32, '3502', 0, 'San Pollo', NULL, NULL, '2DWC230800004775', 'KIT301605294', '01000000-00000000-006D3371', '2025-09-10', '2023-08-11', 11, 'c12@ven2vpn.com', 'Cloud1401..', 'activo', '2024-12-12', 'Rosmery Heladeria', '192.168.194.204', 46, 1, 160.00, NULL, 1, 0.00, 1, '69e94f52-d07e-4693-b919-fe518d944779', NULL, '2024-08-05 22:57:43', '2025-08-30 20:29:52', NULL),
(84, 'Rosmery El Piñal', 32, '3502', 0, 'El Piñal', NULL, NULL, '2DUNE00000026788', 'KIT301858248', '01000000-00000000-006AB84C', '2025-09-04', '2023-09-04', 11, 'c11-1@ven2vpn.com', 'Cloud1401..', 'activo', '2024-12-11', 'Rosmery El Piñal', '192.168.194.154', 46, 3, 260.00, NULL, 4, 40.00, 1, 'ef3fea90-edc4-4aac-9a5f-3fde034a2711', NULL, '2024-08-05 23:03:17', '2025-08-21 00:35:19', NULL),
(85, 'Hippie', 32, '3502', 0, 'Los Bastantes', NULL, NULL, '0', 'KIT301559691', '0', '2025-09-22', '2023-08-22', 14, 'o@cloudsatllc.com', '0', 'activo', '2024-08-10', 'Hippie', '192.168.194.235', 47, 6, 360.00, NULL, 3, 60.00, 2, 'c326343a-7ffe-42a4-af5e-a16b5c9209a6', NULL, '2024-08-05 23:08:06', '2025-08-26 23:03:39', NULL),
(86, 'Fidel Waito Efrain', 31, '0', 0, 'Tumeremo', NULL, NULL, '2DUNI00000076005', 'KIT302659090', '01000000-00000000-007C4070', '2025-09-10', '2024-03-14', 9, 'c14@ven2vpn.com', 'Cloud1401..', 'activo', '2024-12-15', 'Fidel Waito Efrain', '192.168.194.28', 48, 3, 200.00, NULL, 3, 0.00, 1, '3ce3bf56-d5e7-4543-b435-ee0ada888a1e', NULL, '2024-08-05 23:13:22', '2025-08-12 00:05:54', NULL),
(87, 'Fidel Waito Yaguarin', 31, '0', 0, 'Tumeremo', NULL, NULL, '0', 'KIT302657772', '0', '2025-09-10', '2024-03-14', 14, 'o@cloudsatllc.com', '0', 'activo', '2024-09-06', 'Fidel Waito Yaguarin', '192.168.194.253', 48, 9, 200.00, NULL, 3, 0.00, 2, 'be6a76d8-d5d6-4f81-859e-f480be53d6a8', NULL, '2024-08-05 23:17:24', '2025-08-12 00:05:15', NULL),
(88, 'Fidel Waito Hoja de lata 2', 31, '0', 0, 'Tumeremo', NULL, NULL, '2DWC234000006408', 'KIT302774912', '01000000-00000000-00AB1468', '2025-09-10', '2024-03-14', 11, 'c7@buscarif.com', 'Cloud1401..', 'activo', '2024-12-09', 'Fidel Waito Hoja de lata 2', '192.168.194.30', 48, 3, 200.00, NULL, 3, 0.00, 1, 'fa31caff-5e73-4c94-8862-9faa6214ad9c', NULL, '2024-08-05 23:22:17', '2025-08-12 00:06:10', NULL),
(89, 'Jaime2-HojaDeLata1-Starlink Fidel', 38, '0', 0, 'Tumeremo', NULL, NULL, '2DWC234300007096', 'KIT302922127', '01000000-00000000-00AD526D', '2025-09-10', '2024-03-14', 12, 'c10-2@buscarif.com', 'Cloud1401..', 'activo', '2024-12-13', 'Jaime2-HojaDeLata1-Starlink antiguo Fidel hoja de lata fidel3', '192.168.194.95', 48, 3, 200.00, NULL, 3, 0.00, 1, 'cc04fc53-9177-40d0-9e35-e122e9f43981', NULL, '2024-08-05 23:26:44', '2025-08-12 00:06:25', NULL),
(90, 'Fidel6 pata de gallina', 38, '0', 0, 'Tumeremo', NULL, NULL, '2DWC232400018195', 'KIT302713475', '01000000-00000000-009BC315', '2025-09-10', '2024-05-10', 11, 'c11-1@ven2vpn.com', 'Cloud1401..', 'activo', '2024-12-11', 'Fidel pata gallina', '192.168.194.106', 48, 3, 200.00, NULL, 3, 0.00, 1, '53f8f9b6-dfc5-4081-86f0-1cfe76c05b38', NULL, '2024-08-05 23:32:05', '2025-08-12 00:04:57', NULL),
(91, 'Fidel wuaito', 38, '0', 0, 'Tumeremo', NULL, NULL, '2DWC234700007652', 'KIT303016031', '01000000-00000000-00B7FF93', '2025-10-10', '2024-05-10', 15, 'c28@mikrologin.com', 'Cloud1401..', 'activo', '2024-12-28', 'Fidel wuaito', '192.168.194.236', 48, 3, 200.00, NULL, 3, 0.00, 1, 'f341d9dc-2208-4c5b-aa18-da9d18f42fcb', NULL, '2024-08-05 23:37:21', '2025-08-21 23:12:57', NULL),
(92, 'Elimar Bolivar', 38, '0', 0, 'El Dorado', 'El Dorado', NULL, '2DUNI00000171279', 'KIT303014963', '01000000-00000000-00778260', '2024-08-29', '2024-02-29', 9, 'c4@buscarif.com', 'Cloud1401..', 'pausada', '2024-12-01', 'Elimar Bolivar', '0', 49, 3, 270.00, NULL, 1, 60.00, 1, 'a968c6b0-49e1-4e42-aa5c-0a09514aea9a', NULL, '2024-08-05 23:43:18', '2024-10-04 17:40:35', NULL),
(93, 'Rosa Los Bastantes', 32, '3502', 0, 'Los Bastantes', NULL, NULL, '0', 'KIT301498374', '0', '2025-06-14', '2023-05-21', 14, 'o@cloudsatllc.com', '0', 'pausada', '2024-08-15', 'Rosa Los Bastantes', '192.168.194.151', 50, 9, 180.00, NULL, 3, 20.00, 2, '28341cc0-cea9-4727-b763-f3adec8955cd', NULL, '2024-08-05 23:51:03', '2025-08-16 00:41:31', 'pendiente renta 180'),
(94, 'Nancy el Limoncito Rosito', 31, '0', 0, 'El Limoncito', NULL, NULL, '0', 'KIT302571211', '0', '2025-09-17', '2024-01-17', 14, 'o@cloudsatllc.com', '0', 'activo', '2024-08-19', 'Nancy el Limoncito Rosito', '192.168.191.122', 51, 10, 200.00, NULL, 6, 40.00, 2, '715e37d3-603a-41c8-9736-cc616a4349f3', NULL, '2024-08-06 22:04:55', '2025-08-15 23:16:53', NULL),
(95, 'Adriana El dorado russo', 33, '3502', 0, 'El Dorado', 'El Dorado', NULL, '2DUNE00000244499', 'KIT302032931', '01000000-00000000-00783BF9', '2025-09-22', '2023-08-22', 12, 'brasil@buscarif.com', 'Cloud1401..', 'activo', '2024-12-10', 'Adriana El dorado russo', '192.168.194.71', 52, 3, 180.00, NULL, 1, 40.00, 1, 'b6d051b4-925d-4c83-8745-1db4ae3b2ef9', NULL, '2024-08-06 22:09:26', '2025-08-24 16:51:00', NULL),
(96, 'Adriana Inv Coromoto Bolivar Rebaur', 31, '3502', 0, 'Bolivar', 'Bolivar', NULL, '0', 'KIT301917221', '0', '2023-09-07', '2024-03-07', 14, 'o@cloudsatllc.com', '0', 'inactivo', '2024-03-07', 'Adriana Inv Coromoto Bolivar Rebaur', '192.168.194.155', 52, 4, 0.00, NULL, 1, 0.00, 2, '63b4e8f7-7061-425b-b760-b43df379d22e', NULL, '2024-08-06 22:14:29', '2024-08-06 22:14:29', NULL),
(97, 'Adriana Inv Km88 / Robinson', 31, '3502', 0, 'KM88', 'KM88', NULL, '2DWC232700009277', 'KIT302176654', '01000000-00000000-009AF3C0', '2024-09-20', '2023-10-20', 8, 'c22@mikrologin.com', 'CloudSat1401..', 'pausada', '2024-12-22', 'Adriana Inv Km88 / Robinson', '192.168.191.171', 78, 1, 160.00, NULL, 1, 10.00, 1, '6f78fdb9-9dd1-491f-b659-ac8b5e973078', NULL, '2024-08-06 22:18:52', '2024-10-28 18:40:40', NULL),
(98, 'Adriana Personal Cap. Solis', 38, '0', 0, 'La Paragua', NULL, NULL, '2DUNI00000169896', 'KIT302674200', '01000000-00000000-00179C99', '2025-09-26', '2023-12-27', 15, 'rc28@cloudsatllc.com', 'CloudSat1401..', 'activo', '2024-12-27', 'Adriana Personal Cap. Solis', '0', 52, 1, 120.00, NULL, 1, 5.00, 1, '2ca2e1fe-7b0d-4368-9cfe-5d7053db337e', NULL, '2024-08-06 22:24:28', '2025-08-27 19:22:34', NULL),
(99, 'Adriana Los Cajones', 31, '3502', 0, 'Los Cajones', 'Los Cajones', NULL, '2DWC233500011003', 'KIT302529907', '01000000-00000000-0057010D', '2025-09-07', '2023-12-07', 15, 'c29@mikrologin.com', 'Cloud1401..', 'activo', '2024-12-01', 'Adriana Los Cajones', '192.168.194.135', 52, 3, 180.00, NULL, 1, 40.00, 1, '1303a70d-a581-498c-96aa-344162534547', NULL, '2024-08-06 22:37:44', '2025-08-11 23:59:11', NULL),
(100, 'Adriana inv Coromoto 3 REBAUR', 31, '3502', 0, 'La Paragua', 'La Paragua', NULL, '0', 'KIT302571257', '0', '2024-03-28', '2023-12-28', 14, 'o@cloudsatllc.com', '0', 'inactivo', '2024-03-28', 'Adriana inv Coromoto 3 REBAUR', '0', 52, 4, 0.00, NULL, 1, 0.00, 2, 'c2bd4e9d-f0da-440c-9516-8daa7b2a90b0', NULL, '2024-08-06 22:40:55', '2024-08-07 16:51:54', NULL),
(101, 'Adriana Inv Coromoto', 33, '3502', 0, 'El Dorado', NULL, NULL, '2DUNE00000218050', 'KIT301930070', '01000000-00000000-007CBCC8', '2025-06-09', '2023-08-26', 12, 'brasil@buscarif.com', 'Cloud1401..', 'inactivo', '2024-12-10', 'Adriana Inv Coromoto liberada', '192.168.194.12', 52, 1, 140.00, NULL, 1, 20.00, 1, 'c6c5a9e2-3bad-4ab8-9be8-0d7e112a1fb4', NULL, '2024-08-06 22:45:38', '2025-06-09 18:28:35', NULL),
(102, 'Daniela Guijarro El limon', 31, '3502', 0, 'El Dorado', NULL, NULL, '0', 'KIT301608073', '0', '2025-10-02', '2023-09-01', 14, 'o@cloudsatllc.com', '0', 'activo', '2024-09-01', 'Daniela Guijarro El limon', '192.168.194.139', 53, 9, 220.00, NULL, 6, 60.00, 2, '7ada547d-94ba-4ba9-be22-c657a742af35', NULL, '2024-08-06 22:48:47', '2025-08-28 19:17:07', NULL),
(103, 'Jorlkeidys Los maracuchos', 33, '3502', 0, 'El Dorado', NULL, NULL, '0', 'KIT301609426', '0', '2025-09-30', '2023-09-01', 14, 'o@cloudsatllc.com', '0', 'activo', '2024-09-30', 'Jorlkeidys Los maracuchos', '192.168.194.47', 54, 9, 160.00, NULL, 1, 5.00, 2, 'b04b57bf-c725-49b3-8b4f-32f36f632b5a', NULL, '2024-08-06 22:53:40', '2025-07-29 22:26:35', NULL),
(104, 'Jorlkeidys Los maracuchos 2', 31, '3502', 0, 'El Dorado', NULL, NULL, '2DWC232600032345', 'KIT302265056', '01000000-00000000-006C955A', '2024-11-24', '2023-09-25', 8, 'c25@mikrologin.com', 'Cloud1401..', 'pausada', '2024-12-26', 'Jorlkeidys Los maracuchos 2', '192.168.194.252', 54, 1, 160.00, NULL, 1, 10.00, 1, '20c9bbce-0225-4c6e-bf2b-d8fe308b7b73', NULL, '2024-08-06 23:02:29', '2024-11-23 19:22:20', NULL),
(105, 'Rey Bodega', 31, '3502', 0, 'La Paragua', NULL, NULL, '0', 'KIT301551993', '0', '2025-09-27', '2023-09-01', 15, 'rc29@cloudsatllc.com', '0', 'activo', '2025-05-28', 'Rey Bodega', '192.168.194.134', 55, 1, 160.00, NULL, 1, 20.00, 1, '743f81e8-0b9a-4698-b12f-83994489980f', NULL, '2024-08-06 23:07:13', '2025-08-27 23:01:54', NULL),
(106, 'Cerro El Tigre', 31, '3502', 0, 'Cerro El Tigre', NULL, NULL, '2DDDCAGCJ010013B', 'KIT302545774', '01000000-00000000-007C36D6', '2025-04-12', '2024-03-23', 9, 'c13@vn2vpn.com', 'Cloud1401..', 'pausada_por_pago', '2024-12-13', 'Cerro El Tigre', '192.168.194.178', 56, 1, 160.00, NULL, 1, 10.00, 1, '54bfccbe-6e08-4581-83bf-a21b05139055', NULL, '2024-08-06 23:11:55', '2025-04-16 19:05:48', NULL),
(107, 'Rosmarys Agua Fria REBAUR', 31, '3502', 0, 'Agua Fria', NULL, NULL, '0', 'KIT302496477', '0', '2025-09-14', '2024-06-14', 14, 'o@cloudsatllc.com', '0', 'activo', '2024-08-15', 'Rosmarys Agua Fria REBAUR', '192.168.191.214', 57, 9, 180.00, NULL, 1, 10.00, 2, '7b0c664f-0966-4c6b-80b5-1feea1d33790', NULL, '2024-08-06 23:15:17', '2025-08-14 18:21:38', NULL),
(108, 'Rey Personal Ciego', 38, '0', 0, 'La Paragua', NULL, NULL, '0', 'KIT301609654', '0', '2025-09-20', '2023-09-12', 14, 'o@cloudsatllc.com', '0', 'activo', '2024-09-01', 'Rey Personal', '0', 55, 10, 180.00, NULL, 1, 20.00, 2, 'b753250a-87fb-49d7-a800-65d825d1a28f', NULL, '2024-08-06 23:18:11', '2025-09-03 21:48:58', NULL),
(109, 'Abreu General Zodi', 31, '0', 0, 'Bolivar', NULL, NULL, '2DUNE00000240579', 'KIT302031347', '01000000-00000000-00788E27', '2025-01-15', '2023-09-15', 9, 'c16@ven2vpn.com', 'Cloud1401..', 'pausada_por_pago', '2024-12-17', 'Abreu General Zodi PEND 300 + Renta', '192.168.194.152', 58, 1, 100.00, NULL, 1, 5.00, 1, '68e3a5ce-1c8e-4d79-a3c2-15aedc232b96', NULL, '2024-08-06 23:22:10', '2025-04-05 17:14:03', NULL),
(110, 'M.G Perez Ampueda', 38, '0', 0, 'Caracas', NULL, NULL, '2DWC233600001801', 'KIT302545070', '01000000-00000000-0056CAEF', '2025-06-28', '2024-03-04', 15, 'c29@mikrologin.com', 'Cloud1401..', 'pausada', '2024-12-01', 'Mayor General Perez Ampueda', '0', 60, 1, 100.00, NULL, 1, 5.00, 1, 'c2b8cd07-e540-4c43-890c-b369d66a573d', NULL, '2024-08-06 23:29:59', '2025-08-16 00:41:27', NULL),
(111, 'Carlos Chirinos DG', 38, '0', 0, 'Puerto Ordaz', NULL, NULL, '4PBA00265101', 'KIT400268165', '01000000-00000000-0084D2EC', '2025-09-22', '2024-07-22', 10, 'c23@mikrologin.com', 'Cloud1401..', 'inactivo', '2024-12-24', 'Carlos Chirinos DG', '0', 59, 3, 240.00, NULL, 1, 60.00, 1, '389a3dc8-49bd-446b-81c4-942b5cc36ec8', NULL, '2024-08-06 23:35:34', '2025-08-30 20:34:19', NULL),
(112, 'Pnb Guayana', 38, '0', 0, 'Puerto Ordaz', NULL, NULL, '2DWC240300015513', 'KIT303264937', '01000000-00000000-005CCE99', '2024-11-26', '2024-07-27', 15, 'c27-2@mikrologin.com', 'Cloud1401..', 'inactivo', '2024-12-27', 'Pnb Guayana', '0', 61, 1, 120.00, NULL, 4, 5.00, 1, 'fdb50f59-f666-4331-b4fa-78e9e1ed8fa5', NULL, '2024-08-07 16:19:18', '2024-11-26 17:12:58', NULL),
(113, 'Cap . Nelson  vehiculo', 38, '0', 0, 'Puerto Ordaz', NULL, NULL, '4PBA00035298', 'KIT400037626', '01000000-00000000-0083C917', '2025-09-07', '2024-05-07', 10, 'c8-1@buscarif.com', 'Cloud1401..', 'activo', '2024-12-08', 'Cap . Nelson  vehiculo', '0', 62, 1, 120.00, NULL, 1, 5.00, 1, 'ba839227-82ca-4996-b0fb-0905841ab1bf', NULL, '2024-08-07 16:23:15', '2025-08-11 17:44:07', NULL),
(114, 'Cap . Nelson  vehiculo 2', 38, '0', 0, 'Puerto Ordaz', NULL, NULL, '4PBA00234265', 'KIT400247943', '01000000-00000000-00853F1D', '2025-09-07', '2024-06-07', 10, 'c8-1@buscarif.com', 'Cloud1401..', 'activo', '2024-12-08', 'Cap . Nelson  vehiculo 2', '0', 62, 1, 120.00, NULL, 1, 5.00, 1, '964e2163-15ca-4a76-8b2f-81ba79bab4bd', NULL, '2024-08-07 16:26:25', '2025-08-11 17:44:28', NULL),
(115, 'Mayor Fernandez Vehiculo Hembrita', 38, '0', 0, 'Puerto Ordaz', NULL, NULL, '4PBA00201918', 'KIT400205185', '01000000-00000000-008CD018', '2025-09-03', '2024-06-03', 9, 'c14-2@ven2vpn.com', 'Cloud1401..', 'pausada', '2024-12-14', 'Mayor Fernandez Vehiculo Hembrita', '0', 63, 1, 120.00, NULL, 1, 5.00, 1, '1a50e441-7515-4238-adc3-5f84cec6d10d', NULL, '2024-08-07 16:33:02', '2025-09-02 16:22:56', NULL),
(116, 'Mayor Fernandez Vehiculo 2', 38, '0', 0, 'Puerto Ordaz', NULL, NULL, '4PBA00245270', 'KIT400248023', '01000000-00000000-008DB095', '2025-06-05', '2024-06-05', 10, 'c7-1@buscarif.com', 'Cloud1401..', 'inactivo', '2024-12-06', 'Mayor Fernandez Vehiculo 2 debe 120 + equipos', '0', 63, 1, 120.00, NULL, 1, 10.00, 1, '7d75f593-1f54-463e-bb8c-d0be06262c37', NULL, '2024-08-07 16:36:22', '2025-08-16 00:42:42', NULL),
(117, 'Ramon Simons', 32, '0', 0, 'Canaima', 'Canaima', NULL, '2DWC232800023894', 'KIT302173488', '01000000-00000000-009BADC4', '2025-10-09', '2023-09-09', 12, 'brasil@buscarif.com', 'Cloud1401..', 'activo', '2024-12-10', 'Ramon Simons kairolis', '192.168.194.19', 64, 1, 180.00, NULL, 1, 40.00, 1, '2cf69f94-a7a0-4d15-93b3-e6b9135a3571', NULL, '2024-08-07 16:39:45', '2025-09-03 17:52:39', NULL),
(118, 'Jefry  Canaima', 32, '0', 0, 'Canaima', NULL, NULL, '2DWC232400014214', 'KIT302237797', '01000000-00000000-0074E60F', '2025-05-15', '2023-09-15', 9, 'c13@vn2vpn.com', 'Cloud1401..', 'inactivo', '2024-12-13', 'Jefry  Canaima', '192.168.191.207', 65, 1, 150.00, NULL, 1, 10.00, 1, 'da3bd6b7-d485-4a4f-8e1f-32c1a48b4804', NULL, '2024-08-07 16:43:12', '2025-05-10 22:29:00', NULL),
(119, 'Chaman Mamuca', 31, '0', 0, 'San Felix', NULL, NULL, '2DUNE00000258941', 'KIT302189012', '01000000-00000000-0079A393', '2025-06-20', '2023-09-22', 15, 'rc22@cloudsatllc.com', 'CloudSat1401..', 'pausada', '2024-12-21', 'Chaman Mamuca', '192.168.194.122', 66, 1, 120.00, NULL, 4, 10.00, 1, 'dd7a4704-cbcf-48d5-9cb6-84f03cce9f78', NULL, '2024-08-07 16:47:53', '2025-08-16 00:42:33', NULL),
(120, 'Carlitos Canaima', 31, '0', 0, 'La Paragua', NULL, NULL, '2DWC233300000062', 'KIT302436499', '01000000-00000000-0075220F', '2025-10-03', '2024-02-11', 10, 'c5@buscarif.com', 'Cloud1401..', 'activo', '2024-12-05', 'Carlos El nene Canaima', '192.168.191.226', 120, 1, 160.00, NULL, 1, 10.00, 1, 'a120c636-c8ec-4d9a-85f4-acd9ba2bb8c2', NULL, '2024-08-07 16:52:38', '2025-09-01 19:57:27', NULL),
(121, 'Elvis', 31, '0', 0, 'Arekuna', NULL, NULL, '2DUNE00000264389', 'KIT302189269', '01000000-00000000-0079981E', '2025-09-24', '2023-10-10', 11, 'c24@mikrologin.com', 'Cloud1401..', 'activo', '2024-12-25', 'Elvis', '192.168.194.58', 68, 1, 160.00, NULL, 5, 20.00, 1, '07da560f-80ab-400a-862c-dafaecadbf7a', NULL, '2024-08-07 16:56:47', '2025-08-24 16:51:24', NULL),
(122, 'Marbelys Arekuna', 31, '0', 0, 'Arekuna', NULL, NULL, '2DWC233900002437', 'KIT302656881', '01000000-00000000-00A66AC2', '2025-07-14', '2024-02-19', 9, 'c14@ven2vpn.com', 'Cloud1401..', 'pausada_por_pago', '2024-12-15', 'Marbelys Arekuna 44+260+renta', '192.168.194.51', 69, 3, 200.00, NULL, 5, 0.00, 1, '3e7dac92-19cd-434e-86a2-837e2a509250', NULL, '2024-08-07 17:00:34', '2025-09-01 18:50:48', NULL),
(123, 'Gloriangel Arenales', 31, '0', 0, 'Los Arenales', NULL, NULL, '0', 'KIT301971823', '0', '2025-10-01', '2023-10-01', 14, 'o@cloudsatllc.com', '0', 'activo', '2024-08-27', 'Gloriangel Arenales', '192.168.194.196', 70, 9, 160.00, NULL, 3, 0.00, 2, '39d9d116-c78c-426a-8b6a-6e47b8c6629f', NULL, '2024-08-07 17:07:50', '2025-08-30 23:01:29', NULL),
(124, 'Erick El Dorado', 31, '0', 0, 'El Dorado', NULL, NULL, '2DWC233400023020', 'KIT302523676', '01000000-00000000-0054ECAB', '2025-08-13', '2024-07-13', 9, 'c16@ven2vpn.com', 'Cloud1401..', 'pausada_por_pago', '2024-12-17', 'Erick El Dorado', '192.168.194.245', 71, 1, 180.00, NULL, 1, 20.00, 1, '74c544e4-d089-416f-91b0-60be0eeaa6c4', NULL, '2024-08-07 17:12:53', '2025-09-03 21:33:11', NULL),
(125, 'Ochoa Milton', 31, '0', 0, 'Los Arenales', NULL, NULL, '2DUNE00000291868', 'KIT302215251', '01000000-00000000-004D9B91', '2025-09-20', '2023-10-15', 8, 'c22@mikrologin.com', 'CloudSat1401..', 'activo', '2024-12-22', 'Ochoa Milton debe 620', '192.168.194.1', 72, 1, 160.00, NULL, 1, 20.00, 1, '623a881b-a3ef-498f-947a-0749dc1d803b', NULL, '2024-08-07 17:19:32', '2025-08-20 16:48:31', NULL),
(126, 'Ochoa  3 Lory', 31, '3502', 0, 'Los Arenales', NULL, NULL, '0', 'KIT302664859', '0', '2025-08-15', '2024-01-15', 14, 'o@cloudsatllc.com', '0', 'activo', '2024-04-17', 'Ochoa 3 Willy', '192.168.194.199', 72, 9, 160.00, NULL, 1, 10.00, 2, '25267bd4-8410-403e-91ef-b266a3df8745', NULL, '2024-08-07 17:24:08', '2025-08-19 16:30:13', NULL),
(127, 'Ochoa KUANA', 31, '0', 0, 'Kuana', NULL, NULL, '2DUNE00000264156', 'KIT302211957', '01000000-00000000-004DC588', '2025-09-08', '2023-10-15', 11, 'c11@ven2vpn.com', 'Cloud1401..', 'activo', '2024-12-10', 'Ochoa KUANA', '192.168.194.94', 72, 1, 160.00, NULL, 1, 20.00, 1, '66e178b0-ccc9-4bf8-a0fe-de13dd43139d', NULL, '2024-08-07 17:28:02', '2025-08-20 16:47:34', NULL),
(128, 'Argenis Lopez hoja de lata', 31, '0', 0, 'Hoja de Lata', NULL, NULL, '2DDDCADCA018031B', 'KIT302281051', '01000000-00000000-004D6F1B', '2025-09-08', '2023-10-09', 11, 'c11@ven2vpn.com', 'Cloud1401..', 'activo', '2024-12-10', 'Argenis Lopez hoja de lata', '192.168.194.103', 73, 3, 260.00, NULL, 1, 60.00, 1, 'e1cc90ff-38ec-4164-9743-cd78549c8394', NULL, '2024-08-07 17:31:19', '2025-08-11 23:59:28', NULL),
(129, 'Barbosa', 38, '0', 0, 'El Dorado', NULL, NULL, '2DWC232500000864', 'KIT302241018', '01000000-00000000-009F5F8A', '2025-08-10', '2023-10-01', 11, 'c11@ven2vpn.com', 'Cloud1401..', 'activo', '2024-12-10', 'Barbosa', '0', 74, 3, 260.00, NULL, 6, 60.00, 1, '39d01cd7-ed25-44a7-a030-f2842e582112', NULL, '2024-08-07 17:38:23', '2025-07-15 01:28:00', NULL),
(130, 'Johan Raujo JALCA', 38, '0', 0, 'La Paragua', 'La Paragua', NULL, '2DWC232300013172', 'KIT302175650', '01000000-00000000-0070BCCF', '2024-11-24', '2023-10-24', 9, 'c13@vn2vpn.com', 'Cloud1401..', 'inactivo', '2024-12-13', 'Johan Raujo JALCA', '0', 75, 3, 260.00, NULL, 5, 60.00, 1, '43cbcefb-dc6d-48a4-be32-dc531079dae9', NULL, '2024-08-07 17:41:54', '2024-11-12 16:42:55', NULL),
(131, 'Ronald María Fernanda  Bulla Loca', 32, '0', 0, 'Bulla Loca', NULL, NULL, '2DWC233800020468', 'KIT302634595', '01000000-00000000-00AADD85', '2025-10-04', '2024-07-04', 10, 'c6@buscarif.com', 'Cloud1401..', 'activo', '2024-12-07', 'Ronald María Fernanda  Bulla Loca', '192.168.194.69', 77, 1, 160.00, NULL, 1, 10.00, 1, 'a7a20679-17e6-4727-b0b3-e0512f7f008d', NULL, '2024-08-07 17:45:31', '2025-09-05 01:06:56', NULL),
(132, 'Ronald Puerto Guaco', 31, '0', 0, 'Puerto Guaco', NULL, NULL, '2DUNI00000142303', 'KIT302649658', '01000000-00000000-007C5724', '2025-09-12', '2024-02-12', 8, 'c20@mikrologin.com', 'Cloud1401..', 'pausada', '2024-12-21', 'Ronald Puerto Guaco', '192.168.191.199', 77, 1, 160.00, NULL, 1, 20.00, 1, 'ff703a7a-f7a2-46f9-a880-09fb64bcf3df', NULL, '2024-08-07 17:49:53', '2025-09-05 01:09:05', NULL),
(133, 'Ronald La Lapa', 31, '0', 0, 'La Paragua', NULL, NULL, '2DWC232600033169', 'KIT302189252', '01000000-00000000-006C1C34', '2025-09-22', '2023-11-05', 11, 'c24@mikrologin.com', 'Cloud1401..', 'activo', '2024-12-25', 'Ronald La Lapa', '192.168.194.249', 79, 1, 160.00, NULL, 1, 20.00, 1, 'd7c356f4-4b0d-46f0-be00-d0a55c57fb0d', NULL, '2024-08-08 16:21:30', '2025-08-19 23:26:11', NULL),
(134, 'Deyalberis Mora', 38, '0', 0, 'El Dorado', 'El Dorado', NULL, '2DDDCAHBA005093A', 'KIT302523322', '01000000-00000000-0079FC89', '2024-02-15', '2023-11-15', 9, 'c16@ven2vpn.com', 'Cloud1401..', 'pausada_por_pago', '2024-12-17', 'Deyalberis Mora Pend 270', '0', 80, 1, 0.00, NULL, 1, 0.00, 1, 'e4a4563e-c3f6-465b-abd2-a91d202739e6', NULL, '2024-08-08 16:28:04', '2024-08-08 16:28:04', NULL),
(135, 'Yelitza El Dorado', 31, '0', 0, 'El Dorado', NULL, NULL, '2DDDCAHBE003009A', 'KIT302524419', '01000000-00000000-007A25E4', '2025-03-28', '2023-11-28', 8, 'c20@mikrologin.com', 'Cloud1401..', 'inactivo', '2024-12-21', 'Yelitza El Dorado pendiente 2 meses', '192.168.194.128', 81, 3, 200.00, NULL, 1, 40.00, 1, '9de92b04-7f7d-42a3-896b-5b4b8984d13b', NULL, '2024-08-08 16:33:09', '2025-05-13 02:26:47', NULL),
(136, 'Yelitza La Bendicion de dios 1', 31, '3502', 0, 'El Dorado', NULL, NULL, '2DWC234300032168', 'KIT302920657', '01000000-00000000-00B3AB61', '2025-09-11', '2024-03-14', 12, 'c10@buscarif.com', 'Cloud1401..', 'activo', '2024-12-13', 'Yelitza La Bendicion de dios 1', '192.168.191.64', 81, 1, 180.00, NULL, 1, 10.00, 1, 'ec706144-da09-4e4e-b85b-c0eb13a210f5', NULL, '2024-08-08 16:37:45', '2025-08-20 19:45:08', NULL),
(137, 'Yelitza Mama 2 Jose gregorio Elernys', 31, '0', 0, 'El Dorado', NULL, NULL, '2DUNI00000186731', 'KIT303082633', '01000000-00000000-007AEE2C', '2025-03-21', '2024-05-21', 9, 'c18-1@ven2vpn.com', 'Cloud1401..', 'pausada_por_pago', '2024-12-18', ']Jose gregorio Elernys debe 200 + renta', '192.168.191.86', 82, 3, 200.00, NULL, 1, 40.00, 1, '40a46bbf-1fc8-44bd-8c6c-e84bfdf3c8e7', NULL, '2024-08-08 16:41:21', '2025-04-09 16:56:06', NULL),
(138, 'Yelitza La Bendicion de dios 2 Mirian', 31, '0', 0, 'El Dorado', NULL, NULL, '2DWC235100021466', 'KIT303082722', '01000000-00000000-00C04EFC', '2025-09-15', '2024-06-15', 9, 'c18-1@ven2vpn.com', 'Cloud1401..', 'activo', '2024-12-18', 'Yelitza La Bendicion de dios 2 Mirian', '192.168.191.52', 81, 1, 180.00, NULL, 1, 10.00, 1, 'b20108b1-3111-4285-baa9-358ed8459aa8', NULL, '2024-08-08 16:46:13', '2025-08-20 19:45:31', NULL),
(139, 'Bombillo Minino', 31, '0', 0, 'El Dorado', NULL, NULL, '2DUN000000065872', 'KIT301746238', '01000000-00000000-002EF222', '2025-09-17', '2023-11-17', 8, 'c20@mikrologin.com', 'Cloud1401..', 'activo', '2024-12-21', 'Bombillo Minino', '192.168.194.40', 83, 1, 180.00, NULL, 1, 40.00, 1, '8fa1c8a4-f542-4e26-9a37-1ab965a60120', NULL, '2024-08-08 16:50:19', '2025-08-20 17:43:55', NULL),
(140, 'Lorena La Paragua', 31, '0', 0, 'La Paragua', NULL, NULL, '2DWC233800004708', 'KIT302678612', '01000000-00000000-00A6914A', '2025-09-19', '2023-12-20', 8, 'c19@ven2vpn.com', 'Cloud1401..', 'activo', '2024-12-20', 'Lorena La Paragua', '192.168.194.234', 84, 1, 160.00, NULL, 1, 10.00, 1, 'ff44e2cf-9eb6-4af4-843a-cda079781ccc', NULL, '2024-08-08 16:53:45', '2025-08-18 20:04:36', NULL),
(141, 'July', 31, '0', 0, 'El Dorado', NULL, NULL, '2DWC233200005575', 'KIT302464237', '01000000-00000000-00A4B4CD', '2025-09-03', '2023-12-07', 10, 'c5@buscarif.com', 'Cloud1401..', 'activo', '2024-12-05', 'July', '192.168.194.104', 85, 1, 220.00, NULL, 6, 40.00, 1, 'c191764f-4166-4ebe-9ebb-75afa9099a32', NULL, '2024-08-08 16:57:01', '2025-07-28 20:30:39', NULL);
INSERT INTO `remotas` (`id`, `equipo`, `tipo_router_id`, `puerto`, `meses_contrato`, `ubicacion`, `zona`, `encargado`, `serial`, `kit_serial`, `antena_serial`, `dia_corte`, `dia_activacion`, `metodo_de_pago_id`, `correo_cuenta`, `password_correo_cuenta`, `status`, `fecha_cuenta`, `detalle`, `ip_gestion`, `cliente_id`, `plan_id`, `costo`, `socio_id`, `vendedor_id`, `comision`, `proveedor_id`, `uuid`, `deleted_at`, `created_at`, `updated_at`, `detalles_extra`) VALUES
(142, 'Genesis', 31, '0', 0, 'El Dorado', NULL, NULL, '2DWC233200024403', 'KIT302671861', '01000000-00000000-00A2C36C', '2024-10-19', '2023-12-20', 12, 'c21@mikrologin.com', 'Cloud1401..', 'pausada_por_pago', '2024-12-20', 'Genesis', '192.168.194.121', 86, 2, 360.00, NULL, 4, 60.00, 1, '04808eaf-e6a2-4722-b1c7-9191fdf0d671', NULL, '2024-08-08 17:00:26', '2024-11-23 19:52:50', NULL),
(143, 'Lennis la Periquera', 31, '0', 0, 'La Periquera', NULL, NULL, '2DUNI00000136852', 'KIT302673288', '01000000-00000000-0017CCF5', '2025-09-19', '2023-12-22', 12, 'c21@mikrologin.com', 'Cloud1401..', 'activo', '2024-12-20', 'Lennis la Periquera', '192.168.194.129', 87, 1, 160.00, NULL, 5, 0.00, 1, 'bc9d6e45-2877-4c46-ab80-2cf8b32e1922', NULL, '2024-08-08 17:06:11', '2025-08-20 17:39:50', NULL),
(144, 'Wilmer Paul', 31, '0', 0, 'Paul', NULL, NULL, '2DWC233900009477', 'KIT302671644', '01000000-00000000-00A64935', '2024-11-19', '2023-12-20', 12, 'c21@mikrologin.com', 'Cloud1401..', 'inactivo', '2024-12-20', 'Wilmer Paul', '192.168.194.29', 88, 3, 260.00, NULL, 1, 40.00, 1, '34252ef9-0609-41dd-8998-65bc265079d3', NULL, '2024-08-08 17:09:20', '2024-11-23 19:55:57', NULL),
(145, 'Barrios DGCIM MINI', 38, '3502', 0, 'Puerto Ordaz', NULL, NULL, 'M1HT00018319', 'KIT4M00008599', '00A803A0-09226C06-D79A892B', '2025-09-01', '2024-08-27', 11, 'c25-1@mikrologin.com', 'Cloud1401..', 'activo', '2024-12-30', 'Mini Personal', '0', 23, 1, 120.00, NULL, 1, 5.00, 1, '474aaa42-3325-4883-b710-b662d31660f6', NULL, '2024-08-08 17:11:00', '2025-08-09 23:50:06', NULL),
(146, 'Anaika La Playita', 31, '0', 0, 'La Playita', NULL, NULL, '2DWC232800034483', 'KIT302592723', '01000000-00000000-009b557c', '2025-01-30', '2023-12-30', 12, 'c10@ven2vpn.com', 'Cloud1401..', 'inactivo', '2024-12-13', 'Anaika La Playita', '192.168.194.206', 89, 3, 260.00, NULL, 4, 40.00, 1, 'c53dc420-5f9e-47f6-91d8-66078e525137', NULL, '2024-08-08 17:12:12', '2025-01-14 20:05:49', NULL),
(147, 'Liannis los alacranes', 31, '0', 0, 'Los Alacranes', NULL, NULL, '2DWC233200017089', 'KIT302436564', '01000000-00000000-00A52B59', '2025-07-07', '2024-02-01', 10, 'c8@buscarif.com', 'Cloud1401..', 'pausada_por_pago', '2024-12-09', 'Liannis los alacranes', '192.168.191.43', 91, 1, 160.00, NULL, 4, 0.00, 1, '968aabac-79e7-4799-8137-10729e999455', NULL, '2024-08-08 17:19:25', '2025-09-02 21:09:09', NULL),
(148, 'Andres Panama', 32, '0', 0, 'Panama', NULL, NULL, '0', 'KIT302565711', '0', '2025-09-27', '2023-12-27', 14, 'o@cloudsatllc.com', '0', 'activo', '2024-08-19', 'Andres Panama Julian Caicedo', '192.168.194.186', 92, 5, 200.00, NULL, 4, 0.00, 2, '33908530-2468-4550-b245-41dd79fd7482', NULL, '2024-08-08 17:22:40', '2025-08-26 00:33:13', NULL),
(149, 'Ninoska Rivas', 38, '0', 0, 'La Bullita', NULL, NULL, '2DWC240500011472', 'KIT303352445', '01000000-00000000-005CD83A', '2025-09-14', '2024-06-15', 11, 'c17@ven2vpn.com', 'Cloud1401..', 'activo', '2024-12-15', 'Ninoska Rivas', '0', 90, 1, 170.00, NULL, 1, 10.00, 1, 'b704da8f-0526-478f-933f-661ecc22550d', NULL, '2024-08-08 17:28:01', '2025-08-25 20:15:42', NULL),
(150, 'Ana La Bullita', 31, '0', 0, 'La Bullita', NULL, NULL, '0', 'KIT302565202', '0', '2025-08-14', '2024-01-14', 14, 'o@cloudsatllc.com', '0', 'pausada', '2024-08-11', 'Ana La Bullita', '192.168.194.228', 10, 4, 240.00, NULL, 4, 0.00, 2, 'dc0574d2-d995-4bc7-b622-42ea7c097a5b', NULL, '2024-08-08 17:31:59', '2025-08-15 17:41:24', NULL),
(151, 'Alcides Avikri', 31, '0', 0, 'Avikri', NULL, NULL, '2DWC232800015939', 'KIT302593802', '01000000-00000000-00a0c9ad', '2025-08-05', '2024-01-09', 12, 'cs7@cloudsatllc.com', 'CloudSat1401..', 'pausada_por_pago', '2024-07-11', 'Alcides Avikri debe', '192.168.194.80', 93, 3, 260.00, NULL, 5, 0.00, 1, '81b6b9ce-1aef-44b7-ae48-e1999619678c', NULL, '2024-08-08 17:35:29', '2025-09-01 18:51:36', NULL),
(152, 'GD Magallanes', 38, '0', 0, 'Delta', NULL, NULL, '2DWC232400032081', 'KIT302257412', '01000000-00000000-006D0B87', '2024-12-28', '2023-11-29', 15, 'c29@mikrologin.com', 'Cloud1401..', 'pausada', '2024-12-01', 'GD Magallanes', '0', 94, 1, 130.00, NULL, 1, 10.00, 1, 'ae29d0c4-a233-4f25-b9f8-f13d9f9ad01e', NULL, '2024-08-08 17:39:03', '2024-12-26 19:37:45', NULL),
(153, 'Barty Jesus Montes', 31, '3502', 0, 'La Paragua', NULL, NULL, '2DWC232800006545', 'KIT302580811', '01000000-00000000-009AC406', '2025-09-04', '2024-03-07', 8, 'c26@mikrologin.com', 'Cloud1401..', 'activo', '2024-12-27', 'Barty Jesus Montes', '192.168.194.115', 95, 3, 260.00, NULL, 1, 60.00, 1, 'a2ae5339-94a7-4570-9681-c536d69f8991', NULL, '2024-08-08 17:42:52', '2025-09-04 17:49:37', NULL),
(154, 'Jesus Montes Paragua', 31, '0', 0, 'La Paragua', NULL, NULL, '2DWC231700009877', 'KIT301832467', '01000000-00000000-0052D3C0', '2025-07-26', '2024-02-26', 8, 'c26@mikrologin.com', 'Cloud1401..', 'pausada_por_pago', '2024-12-27', 'Jesus Montes Paragua', '192.168.194.193', 96, 3, 260.00, NULL, 1, 40.00, 1, '2d7f5e54-bde5-4858-96ed-e0d6c6342919', NULL, '2024-08-08 17:45:54', '2025-08-19 16:21:18', NULL),
(155, 'Jesus Montes 2', 32, '0', 0, 'La Paragua', NULL, NULL, '2DWC234100000682', 'KIT302774886', '01000000-00000000-00AE0DAE', '2025-07-01', '2024-04-17', 12, 'c10-2@buscarif.com', 'Cloud1401..', 'pausada_por_pago', '2024-12-13', 'Jesus Montes 2  160 + Renta', '0', 96, 3, 260.00, NULL, 1, 40.00, 1, '8a24a0f8-f258-4e8e-9c45-b4d1786e9d14', NULL, '2024-08-08 17:54:16', '2025-08-28 18:40:11', 'pendiente 2 meses'),
(156, 'Leornado Villanueva barco Coyote', 38, '0', 0, 'Puerto Ordaz', NULL, NULL, '4PBA00052965', 'KIT400051478', '01000000-00000000-0095CCD2', '2024-12-02', '2024-05-03', 9, 'c3@buscarif.com', 'Cloud1401..', 'inactivo', '2024-12-04', 'Leornado Villanueva barco Coyote Renta 260', '0', 97, 3, 260.00, NULL, 3, 60.00, 1, 'b1d0f3a8-5e4a-4a4b-b8c4-5217fc061af2', NULL, '2024-08-08 17:59:33', '2025-02-08 22:20:01', NULL),
(157, 'Diego DKY Clinica', 38, '0', 0, 'Puerto Ordaz', 'Puerto Ordaz', NULL, '2DWC232500005442', 'KIT302442151', '01000000-00000000-009F4BFB', '2024-09-28', '2024-04-28', 11, 'c28@mikrologin.com', 'Cloud1401..', 'inactivo', '2024-12-28', 'Diego DKY Clinica', '0', 98, 1, 150.00, NULL, 4, 10.00, 1, '7a9a001c-5bf8-4336-95af-5aaf07c97a28', NULL, '2024-08-08 18:03:11', '2024-09-03 00:01:02', NULL),
(158, 'Carlos Cambiador Gen2 Carro', 38, '0', 0, 'Puerto Ordaz', 'Puerto Ordaz', NULL, '2DUNI00000309240', 'KIT303352705', '01000000-00000000-0060983A', '2024-09-14', '2024-05-14', 11, 'c17@ven2vpn.com', 'Cloud1401..', 'inactivo', '2024-12-16', 'Carlos Cambiador', '0', 99, 1, 120.00, NULL, 1, 5.00, 1, '778e96f8-19d7-4345-80f1-3b236274fb4c', NULL, '2024-08-08 18:06:26', '2024-10-28 18:19:55', NULL),
(159, 'Roaxis El Foco', 31, '0', 0, 'El Foco', NULL, NULL, '2DWC233200012230', 'KIT302436841', '01000000-00000000-00A16550', '2025-10-01', '2024-02-26', 10, 'c2@buscarif.com', 'Cloud1401..', 'activo', '2024-12-03', 'Roaxis El Foco', '192.168.194.163', 100, 1, 180.00, NULL, 1, 40.00, 1, 'd93d28f9-1e69-4372-afd1-07c46af6e1f7', NULL, '2024-08-08 18:11:19', '2025-08-13 01:40:53', NULL),
(160, 'Jose Luis la Perra Autobus', 31, '0', 0, 'Autobus', NULL, NULL, '2DUNE00000026216', 'KIT301870104', '01000000-00000000-006AB89B', '2025-08-20', '2024-06-20', 8, 'c20@mikrologin.com', 'Cloud1401..', 'activo', '2024-12-21', 'Jose Luis la Perra Autobus', '192.168.191.49', 101, 1, 120.00, NULL, 1, 0.00, 1, '18cdb5dc-58a4-413e-9a2e-320fb69f8e06', NULL, '2024-08-08 18:16:17', '2025-08-25 17:25:03', NULL),
(161, 'Jose Luis la Perra Autobus 2', 31, '0', 0, 'Autobus', NULL, NULL, '2DUNI00000306104', 'KIT303352451', '01000000-00000000-00607FF7', '2025-08-14', '2024-07-16', 11, 'c17@ven2vpn.com', 'Cloud1401..', 'activo', '2024-12-15', 'Jose Luis la Perra Autobus 2', '192.168.191.106', 101, 1, 120.00, NULL, 1, 0.00, 1, 'd143cf2a-e7af-4292-bb18-8ff9d3cb4ffa', NULL, '2024-08-08 18:19:37', '2025-08-25 17:24:20', NULL),
(162, 'Jose Luis la Perra Autobus 3', 31, '0', 0, 'Autobus', NULL, NULL, '2DWC234200006435', 'KIT303057030', '01000000-00000000-00AF24E0', '2025-09-01', '2024-08-01', 9, 'c4@buscarif.com', 'Cloud1401..', 'activo', '2024-12-01', 'Jose Luis la Perra Autobus 3', '192.168.191.120', 101, 1, 120.00, NULL, 1, 0.00, 1, '9ddd68fe-449c-42f2-a19a-bb649050b4dd', NULL, '2024-08-08 18:22:45', '2025-08-25 17:27:38', NULL),
(163, 'Daniel Silva Carro', 38, '0', 0, 'El Callao', NULL, NULL, '2DWC240400003183', 'KIT303265480', '01000000-00000000-00707F8D', '2025-09-18', '2024-06-18', 9, 'c18-2@ven2vpn.com', 'Cloud1401..', 'activo', '2024-12-17', 'Daniel Silva Carro', '0', 102, 1, 120.00, NULL, 1, 0.00, 1, '4d1a9245-d135-43ec-a980-86597a0ebab0', NULL, '2024-08-08 18:26:42', '2025-08-18 17:25:13', NULL),
(164, 'Mini santos', 38, '0', 0, 'Puerto Ordaz', NULL, NULL, 'M1HT00018289', 'KIT4M00008594', '00A89995-09226C06-D79AD64A', '2025-07-03', '2024-08-02', 12, 'c5-1@cloudsatllc.com', 'CloudSat1401..', 'inactivo', '2024-12-04', 'Mini santos', '0', 133, 1, 140.00, NULL, 1, 10.00, 1, 'ac875ed4-b96c-4009-bde8-bbc23b6d00c4', NULL, '2024-08-08 18:37:51', '2025-07-10 23:27:55', NULL),
(165, 'Camilo Mini 2', 38, '0', 0, 'Puerto Ordaz', NULL, NULL, 'M1HT00019438', 'KIT4M00008688', '00289218-09226C06-97AE0BB8', '2024-12-07', '2024-08-06', 11, 'c28-1@mikrologin.com', 'Cloud1401..', 'inactivo', '2024-12-07', 'Camilo Mini 2', '0', 15, 1, 120.00, NULL, 1, 5.00, 1, '05dceaf4-26da-4b91-8dc1-163144889393', NULL, '2024-08-08 18:40:06', '2024-12-16 20:06:14', NULL),
(166, 'Gen3 Carro Santos', 38, '0', 0, 'Puerto Ordaz', NULL, NULL, '4PBA00094892', 'KIT400094455', '01000000-00000000-008555CF', '2025-07-01', '2024-08-02', 9, 'c3-1@buscarif.com', 'Cloud1401..', 'inactivo', '2024-12-01', 'Gen3 Carro Santos', '0', 133, 1, 140.00, NULL, 1, 10.00, 1, '0815e025-a487-4f95-86c5-4c125948c33d', NULL, '2024-08-08 18:42:56', '2025-07-10 23:28:00', NULL),
(167, 'Ronald Jimenez Gen3', 38, '3502', 0, 'El Manteco', NULL, NULL, '4PBA00259087', 'KIT400266229', '01000000-00000000-00837F10', '2025-08-03', '2024-08-08', 15, 'rc5-arg@cloudsatllc.com', 'CloudSat1401..', 'activo', '2024-12-04', 'Ronald Jimenez Personal', '0', 103, 11, 120.00, NULL, 1, 5.00, 1, '56f41587-5d08-4c90-8e97-92377afe3e28', NULL, '2024-08-08 23:22:10', '2025-09-05 19:45:35', NULL),
(168, 'Pnb Guayana 2 unare', 38, '3502', 0, 'Puerto Ordaz', NULL, NULL, '2DUNI00000148037', 'KIT302967308', '01000000-00000000-005BF4D0', '2025-09-06', '2024-08-08', 8, 'c8-3@ven2vpn.com', 'Cloud1401..', 'activo', '2024-12-07', 'Pnb Guayana 2 unare', '0', 61, 1, 120.00, NULL, 4, 3.00, 1, '223b5866-c323-460c-a1cf-a8d4a335d7cf', NULL, '2024-08-08 23:37:39', '2025-08-08 17:13:28', NULL),
(169, 'Cristhian Arekuna', 31, '3502', 0, 'Arekuna', NULL, NULL, '0', 'KIT301940624', '0', '2025-01-02', '2024-04-19', 14, '0@cloudsatllc.com', '0', 'pausada_por_pago', '2024-08-19', 'Cristhian Arekuna pend 280', '192.168.194.202', 8, 5, 280.00, NULL, 1, 40.00, 2, 'dd1da505-0ee6-4ab4-8dea-0b91a3c14976', NULL, '2024-08-09 17:39:34', '2025-05-14 01:25:56', NULL),
(170, 'Luis Lentes', 32, '3502', 0, 'El Manteco', NULL, NULL, '0', 'KIT301557247', '0', '2025-07-05', '2023-09-05', 14, '0@cloudsatllc.com', '0', 'inactivo', '2024-08-10', 'Luis Lentes', '192.168.194.159', 14, 5, 220.00, NULL, 1, 60.00, 2, '85aa8949-8872-43b9-8327-ae73e1914885', NULL, '2024-08-09 17:46:26', '2025-07-08 00:44:28', NULL),
(171, 'Yan', 31, '3502', 0, 'El Manteco', NULL, NULL, '2DWC232700004640', 'KIT302094972', '01000000-00000000-00A1C0F1', '2025-09-27', '2024-07-27', 12, 'c27-1@mikrologin.com', 'Cloud1401..', 'activo', '2024-12-27', 'Yan El manteco', '192.168.191.60', 76, 1, 160.00, NULL, 1, 20.00, 1, '5cabc033-0262-460a-8feb-45df04c0a700', NULL, '2024-08-09 17:50:49', '2025-08-27 23:02:43', NULL),
(172, 'Juan Santamaria', 32, '3502', 0, 'Canaima', NULL, NULL, '2DDDCABBG003081A', 'KIT301652019', '01000000-00000000-005d9e59', '2025-11-05', '2023-08-11', 10, 'c18-1@cloudsatllc.com', 'CloudSat1401..', 'activo', '2024-08-18', 'Juan Santamaria Elsy', '192.168.194.183', 29, 3, 200.00, NULL, 1, 40.00, 1, 'ed00c50a-2269-41b0-b14f-6b5a9320912a', NULL, '2024-08-10 20:16:37', '2025-09-03 21:44:07', NULL),
(173, 'Junior Bernal', 31, '3502', 0, 'Canaima', 'Canaima', NULL, '0', 'KIT302657780', '0', '2024-08-05', '2024-03-05', 14, '0@cloudsatllc.com', '0', 'pausada_por_pago', '2024-08-05', 'Junior Bernal', '192.168.191.31', 104, 5, 250.00, NULL, 1, 40.00, 2, 'cda41d58-f5db-474a-abc6-b86983e20792', NULL, '2024-08-13 17:42:37', '2024-08-13 17:44:02', NULL),
(175, 'Enrique Kavak', 32, '3502', 0, 'Kavak', NULL, NULL, '2DCP208260906102', 'KIT301399768', '01000000-00000000-005C9335', '2025-09-11', '2023-08-11', 12, 'c10@buscarif.com', 'Cloud1401..', 'activo', '2024-08-13', 'Enrique Kavak', '192.168.194.132', 31, 3, 250.00, NULL, 1, 60.00, 1, 'ba30ab0f-34eb-43b9-93fc-6bcd861013f9', NULL, '2024-08-13 22:45:38', '2025-08-08 17:04:10', NULL),
(176, 'Enrique Kamarata', 31, '3502', 0, 'Canaima', NULL, NULL, '2DCP208361802802', 'KIT301503527', '01000000-00000000-004D02E7', '2025-09-11', '2024-08-13', 12, 'c10@buscarif.com', 'Cloud1401..', 'activo', '2024-08-13', 'Enrique Kamarata', '192.168.194.247', 31, 3, 250.00, NULL, 1, 60.00, 1, 'b528475a-20fb-481c-8e37-7430934afc08', NULL, '2024-08-13 22:50:58', '2025-08-22 21:15:41', NULL),
(177, 'Ventura Canaima', 31, '3502', 0, 'Canaima', NULL, NULL, '2DWC230500008390', 'KIT301609558', '01000000-00000000-00535ca1', '2025-09-18', '2024-08-27', 10, 'c18-1@cloudsatllc.com', 'CloudSat1401..', 'activo', '2024-08-19', 'Ventura Canaima', '192.168.194.216', 32, 1, 180.00, NULL, 1, 20.00, 1, 'fc0dfb94-7320-4142-9448-3ddc18114615', NULL, '2024-08-14 00:25:48', '2025-08-21 20:11:57', NULL),
(178, 'Sinfonica', 32, '3502', 0, 'Canaima', NULL, NULL, '0', 'KIT301556363', '0', '2025-09-05', '2023-08-22', 14, '0@cloudsatllc.com', '0', 'activo', '2024-08-19', 'Ramses Sinfonica', '192.168.194.75', 106, 10, 240.00, NULL, 1, 60.00, 2, 'd47d691f-99f9-4789-b37c-4780695e0978', NULL, '2024-08-14 00:32:49', '2025-08-08 17:10:34', NULL),
(179, 'Camilo Gen2 Carro Russo', 38, '3502', 0, 'Puerto Ordaz', 'Puerto Ordaz', NULL, '2DUNE00000051102', 'KIT301815540', '01000000-00000000-00663EA8', '2025-01-04', '2024-08-26', 8, 'c26@mikrologin.com', 'Cloud1401..', 'inactivo', '2024-12-27', 'Camilo Gen2 Carro', '0', 15, 3, 220.00, NULL, 1, 40.00, 1, '2dd592fd-89e3-4b27-8fcc-a58a9c4c7f9f', NULL, '2024-08-15 00:07:45', '2024-11-20 19:09:58', NULL),
(180, 'Ana Mini runner', 38, '3502', 0, 'Dorado', NULL, NULL, 'M1HT00011991', 'KIT4M00008750', '50b09a07-48120919-5818952e', '2025-08-17', '2024-08-18', 11, 'c17-1@ven2vpn.com', 'Cloud1401..', 'activo', '2024-12-18', 'Ana Mini', '0', 10, 7, 65.00, NULL, 1, 3.00, 1, '11d13b16-93bc-4dcc-bbbc-acb4275fd2c4', NULL, '2024-08-17 20:15:41', '2025-07-28 20:25:55', NULL),
(181, 'Keiser Canta Rana', 38, '3502', 0, 'Dorado', NULL, NULL, '2DWC240800013187', 'KIT303320272', '01000000-00000000-00cbaee0', '2025-03-19', '2024-08-20', 11, 'c20-1@mikrologin.com', 'Cloud1401..', 'inactivo', '2024-12-14', 'Keiser Canta Rana', '0', 107, 3, 260.00, NULL, 1, 40.00, 1, '05315c05-ee3b-43a8-9b7b-8ec392cb3f3b', NULL, '2024-08-20 20:49:06', '2025-03-17 16:10:03', NULL),
(182, 'Fidel Casa Personal', 38, '3502', 0, 'El Manteco', 'El Manteco', NULL, '2DWC240400011765', 'KIT303269980', '01000000-00000000-005ceac0', '2025-09-10', '2024-08-21', 11, 'c16-2@ven2vpn.com', 'Cloud1401..', 'activo', '2024-12-16', 'Fidel Casa Personal', '0', 48, 1, 160.00, NULL, 3, 0.00, 1, 'bfa9c856-d64e-4956-be2f-d60f65997605', NULL, '2024-08-21 22:59:46', '2025-08-12 00:07:14', NULL),
(183, 'Gustavo Bus1', 31, '3502', 0, 'Puerto Ordaz', NULL, NULL, '2DWC235100018134', 'KIT303081730', '01000000-00000000-00c008b2', '2025-07-12', '2024-08-24', 12, 'cc14-2-arg@cloudsatllc.com', 'CloudSat1401..', 'pausada', '2025-07-13', 'Gustavo Travieso Bus 1', '0', 108, 11, 120.00, NULL, 1, 5.00, 1, 'c54f1063-8468-4ddc-8316-71af3ba83ab0', NULL, '2024-08-24 21:17:25', '2025-07-28 18:27:54', 'Cloudsat LLC • ACC-8175706-26243-16 Argentina'),
(184, 'Jose Luis Perra 4', 31, '3502', 0, 'Puerto Ordaz', NULL, NULL, '4PBA00263193', 'KIT400266227', '01000000-00000000-008ea71b', '2025-08-24', '2024-08-24', 8, 'c26-1@mikrologin.com', 'Cloud1401..', 'activo', '2024-12-27', 'Bus 4 Perra', '0', 101, 1, 120.00, NULL, 1, 0.00, 1, '4b8747f5-6aba-42aa-a495-cff4ce186497', NULL, '2024-08-27 17:13:04', '2025-08-25 17:25:32', NULL),
(185, 'Fundacion Trailer', 38, '3502', 0, 'Puerto Ordaz', NULL, NULL, '2DWC240400020488', 'KIT303323242', '01000000-00000000-00c975d6', '2025-08-28', '2024-08-28', 12, 'c28-2@mikrologin.com', 'Cloud1401..', 'activo', '2024-12-30', 'constructora Parque La Fundacion', '0', 109, 1, 120.00, NULL, 1, 5.00, 1, '230e2da8-8fd0-44ea-ac31-f68ae2b30bfc', NULL, '2024-08-29 01:02:14', '2025-08-05 05:11:06', NULL),
(186, 'Camioneta Negra CCS', 38, '3502', 0, 'Maturin', NULL, NULL, '4PBA00470413', 'KIT400506376', '01000000-00000000-00d5267c', '2025-08-04', '2024-09-04', 11, 'c7@buscarif.com', 'Cloud1401..', 'activo', '2024-12-09', 'Camioneta Negra CCS', '0', 109, 1, 120.00, NULL, 1, 20.00, 1, '00972f09-888e-4e38-9716-015ab8d25708', NULL, '2024-09-04 17:25:59', '2025-08-09 00:15:06', NULL),
(187, 'Cap Argenis Pirela', 38, '3502', 0, 'Puerto Ordaz', NULL, NULL, '4PBA00094419', 'KIT400094515', '01000000-00000000-008861da', '2025-09-03', '2024-09-05', 12, 'cl5-arg@cloudsatllc.com', 'CloudSat1401..', 'pausada', '2024-12-04', 'Argenis Perez Pirela', '0', 110, 11, 120.00, NULL, 1, 5.00, 1, 'df69996d-7351-434c-9001-4e13aa2472e6', NULL, '2024-09-05 20:12:39', '2025-09-03 21:36:44', 'Cloudsat LLC • ACC-8068315-83720-16  Argentina'),
(188, 'Indio Panare 2 Camilo', 32, '3502', 0, 'Dorado', NULL, NULL, '4PBA00426021', 'KIT400445081', '01000000-00000000-00d28238', '2025-09-04', '2024-09-05', 11, 'c9@ven2vpn.com', 'Cloud1401..', 'activo', '2024-12-10', 'Indio Panare 2 Camilo', '0', 15, 3, 260.00, NULL, 1, 40.00, 1, '9f8ad930-63de-49f2-960e-95014d615005', NULL, '2024-09-06 01:54:05', '2025-08-09 23:15:47', NULL),
(189, 'Hilux amazonas', 38, '3502', 0, 'Puerto Ordaz', NULL, NULL, '4PBA00504959', 'KIT400555653', '01000000-00000000-00dc92f0', '2025-05-08', '2024-09-09', 12, 'c9-2@ven2vpn.com', 'Cloud1401..', 'inactivo', '2024-12-09', 'Hilux', '0', 122, 1, 120.00, NULL, 1, 5.00, 1, 'ddfd9e83-b82c-48cd-b6cc-d59842d06dc7', NULL, '2024-09-10 17:31:36', '2025-06-26 19:51:50', NULL),
(190, 'Explorer Negra Maturin', 38, '3502', 0, 'Puerto Ordaz', NULL, NULL, '4PBA00450879', 'KIT400477763', '01000000-00000000-00d52ebf', '2025-08-08', '2024-09-09', 12, 'cc10-arg@cloudsatllc.com', 'CloudSat1401..', 'activo', '2024-12-09', 'Ford Fundacion', '0', 109, 12, 80.00, NULL, 1, 5.00, 1, '82b7780c-cfde-4629-97cd-cb2960a84c47', NULL, '2024-09-10 17:33:30', '2025-08-09 00:08:58', 'Cloudsat LLC • ACC-8129668-92423-25 Argentina'),
(191, 'Leudys Rafael Arekuna', 31, '3502', 0, 'Arekuna', NULL, NULL, '2DWC232800033756', 'KIT302565303', '01000000-00000000-009bfddd', '2025-08-25', '2024-09-27', 10, 'rc28-col@cloudsatllc.com', 'CloudSat1401..', 'activo', '2024-09-27', 'Leudys Rafael Arekuna', '0', 12, 3, 200.00, NULL, 5, 0.00, 1, 'a37ec01a-6c66-41a3-b7bc-05fa96d0f8aa', NULL, '2024-09-11 01:43:13', '2025-09-05 19:42:11', NULL),
(192, 'Camioneta Roja Fundacion', 38, '3502', 0, 'Puerto Ordaz', NULL, NULL, '4PBA00476919', 'KIT400515390', '01000000-00000000-00d42960', '2025-08-08', '2024-09-11', 12, 'c9-2@ven2vpn.com', 'Cloud1401..', 'activo', '2024-12-09', 'CarRed Rojo fundacion', '0', 109, 7, 80.00, NULL, 1, 10.00, 1, '3a1fb022-13f3-49c0-bed3-afff792480e5', NULL, '2024-09-11 19:43:01', '2025-08-05 05:08:26', NULL),
(193, 'Jose luis Perra 5 Bus', 38, '3502', 0, 'Puerto Ordaz', NULL, NULL, '4PBA00425871', 'KIT400445069', '01000000-00000000-00d398bb', '2025-08-24', '2024-09-11', 8, 'c26-1@mikrologin.com', 'Cloud1401..', 'activo', '2024-12-27', 'Jose luis Perra 5 Bus', '0', 101, 1, 120.00, NULL, 1, 0.00, 1, '81f1fd7b-1f93-49e4-a542-c15cad37fda6', NULL, '2024-09-11 20:05:30', '2025-08-25 17:25:57', NULL),
(194, 'Portatil AR', 38, '3502', 0, 'Puerto Ordaz', NULL, NULL, '4PBA00469843', 'KIT400505813', '01000000-00000000-00d237c5', '2025-09-14', '2024-09-13', 15, 'rc16-col@cloudsatllc.com', 'CloudSat1401..', 'activo', '2024-12-15', 'Portatil AR', '0', 122, 7, 80.00, NULL, 1, 5.00, 1, 'd144fa94-0a26-4697-92ae-19c871e189db', NULL, '2024-09-14 00:54:05', '2025-08-18 17:34:03', 'Cuenta a Nombre de Reinaldo Carima\r\nSL-5332635-64536-76'),
(195, 'Redcom Carro', 38, '3502', 0, 'Puerto Ordaz', NULL, NULL, '2DUNI00000110169', 'KIT302768498', '01000000-00000000-00588809', '2025-07-24', '2024-09-16', 15, 'rc25-arg@cloudsatllc.com', 'CloudSat1401..', 'pausada', '2024-12-14', 'Redcom Carro', '0', 28, 12, 70.00, NULL, 1, 0.00, 1, '5ed483cf-6754-4233-bf45-5da481686b03', NULL, '2024-09-17 01:17:39', '2025-07-21 22:36:58', 'Reinaldo Carima • ACC-7930744-48626-25  Argentina'),
(196, 'Camioneta Blanca Fundacion', 38, '0', 0, 'Puerto Ordaz', NULL, NULL, '4PBA00445886', 'KIT400473054', '01000000-00000000-00e1c28b', '2025-08-08', '2024-09-17', 12, 'cc10-arg@cloudsatllc.com', 'CloudSat1401..', 'activo', '2024-12-09', 'Conexion 100 fundacion', '0', 109, 12, 80.00, NULL, 1, 10.00, 1, '0c009442-9143-4e2e-930d-9d631e240a42', NULL, '2024-09-17 16:21:34', '2025-08-09 00:09:22', 'Cloudsat LLC • ACC-8129668-92423-25 Argentina'),
(197, 'Nohel octava Mini', 38, '3502', 0, 'Puerto Ordaz', NULL, NULL, 'M1HT00016250', 'KIT4M00004943', '00480c95-48120919-175f509b', '2025-02-04', '2024-09-16', 12, 'c19-1@ven2vpn.com', 'Cloud1401..', 'activo', '2024-12-16', 'Nohel octava Mini', '0', 16, 1, 140.00, NULL, 1, 10.00, 1, '931b4f09-819e-4d92-aee7-d8b829712c97', NULL, '2024-09-25 01:56:23', '2025-06-12 19:08:14', NULL),
(198, 'CCS2525', 38, '3502', 0, 'Puerto Ordaz', NULL, NULL, '4PBA00275493', 'KIT400548542', '01000000-00000000-008e811d', '2025-08-16', '2025-02-17', 9, 'c18@cloudsatllc.com', 'CloudSat1401..', 'activo', '2025-02-17', 'Hilux nueva dubai general paredes hoyota', '0', 109, 1, 120.00, NULL, 1, 5.00, 1, '6e3df1f2-07e8-4831-9d1c-00071ce6bb90', NULL, '2024-09-26 20:44:17', '2025-08-05 05:10:34', NULL),
(199, 'Cocollar fundación Cumanacoa', 38, '3502', 0, 'Puerto Ordaz', NULL, NULL, '2DWC240700023558', 'KIT303322400', '01000000-00000000-00c957de', '2025-08-27', '2024-09-27', 12, 'c28-2@mikrologin.com', 'Cloud1401..', 'activo', '2024-12-30', 'Cumanacoa Activa Danger PR dinamico fundacion', '0', 109, 1, 120.00, NULL, 1, 10.00, 1, '54684a3b-2410-425e-9880-0873fb76a8d9', NULL, '2024-09-27 17:51:40', '2025-08-05 05:12:02', NULL),
(200, 'Camilo Fundo', 32, '3502', 0, 'Dorado', NULL, NULL, '4PBA00425991', 'KIT400445094', '01000000-00000000-00d29473', '2025-09-04', '2024-09-27', 11, 'c9@ven2vpn.com', 'Cloud1401..', 'activo', '2024-12-10', 'Camilo Fundo', '0', 15, 3, 260.00, NULL, 1, 40.00, 1, '40abaf77-2cff-4d76-8cfc-43a58c3bfd73', NULL, '2024-09-27 19:54:59', '2025-08-09 23:16:07', 'antigua mina el carmen'),
(201, 'Barrios Mini Carro', 38, '3502', 0, 'Puerto Ordaz', NULL, NULL, 'M1HT00034068', 'KIT4M00024211', '10189219-48120919-17cb884b', '2025-09-01', '2024-10-11', 8, 'c25-1@mikrologin.com', 'Cloud1401..', 'activo', '2024-12-26', 'Barrios Mini Carro', '0', 23, 1, 120.00, NULL, 1, 5.00, 1, '1613db25-8016-45da-92f6-7e5fde4df1b5', NULL, '2024-10-12 02:28:53', '2025-08-09 23:51:22', NULL),
(202, 'Transporte Principal 01', 38, '3502', 0, 'Puerto Ordaz', NULL, NULL, '4PBA00782640', 'KIT400854873', '01000000-00000000-00b9c387', '2025-07-12', '2024-10-18', 11, 'c13-1@ven2vpn.com', 'Cloud1401..', 'inactivo', '2024-12-14', 'Principal 01', '0', 137, 1, 140.00, NULL, 1, 10.00, 1, '9d780edb-6384-4da8-9c10-0814e9a92598', NULL, '2024-10-18 19:24:07', '2025-07-10 17:01:25', NULL),
(203, 'Juan guevara Abreu', 38, '3502', 0, 'Puerto Ordaz', 'Puerto Ordaz', NULL, '2DWC235100039858', 'KIT303325078', '01000000-00000000-00c016ca', '2024-11-20', '2024-10-21', 1, 'c21-1@ven2vpn.com', 'CloudSat1401..', 'pausada', '2024-10-21', 'Juan guevara Abreu', '0', 58, 1, 100.00, NULL, 1, 0.00, 1, 'a305a2bb-2a54-448f-8dc7-7dbbf1d0ef7a', NULL, '2024-10-21 23:49:41', '2024-11-08 17:19:09', NULL),
(204, 'Ansberto Rached Barco Solano', 38, '3502', 0, 'Puerto Ordaz', NULL, NULL, '4PBA00424566', 'KIT400443491', '01000000-00000000-00d30491', '2025-09-20', '2024-10-22', 12, 'c22@ven2vpn.com', 'CloudSat1401..', 'activo', '2024-12-23', 'Ansberto Rached Barco Solano', '0', 111, 1, 120.00, NULL, 1, 5.00, 1, 'f8cd8203-b7ea-4be3-9280-bf4e5b602a8c', NULL, '2024-10-23 00:26:44', '2025-08-25 17:02:49', NULL),
(205, 'Ansberto Rached Fija Gen3', 38, '3502', 0, 'Puerto Ordaz', NULL, NULL, '4PBA00782639', 'KIT400854892', '01000000-00000000-00b9f68f', '2025-09-20', '2024-10-22', 12, 'c22@ven2vpn.com', 'CloudSat1401..', 'activo', '2024-12-23', 'Ansberto Rached Fija', '0', 111, 1, 120.00, NULL, 1, 5.00, 1, '99d4d087-5ba1-48bd-9d71-fa7d15943d92', NULL, '2024-10-23 00:37:24', '2025-08-25 17:03:08', NULL),
(206, 'Gn Muñoz Fundación', 38, '3502', 0, 'Puerto Ordaz', NULL, NULL, '4PBA00781803', 'KIT400854113', '01000000-00000000-00b9a904', '2025-08-28', '2024-10-25', 12, 'c28-2@mikrologin.com', 'Cloud1401..', 'activo', '2024-12-30', 'Zona Privada Fundacion', '0', 109, 1, 120.00, NULL, 1, 5.00, 1, 'f2f4df67-4e60-46fd-b674-c0542817ccb4', NULL, '2024-10-25 17:17:05', '2025-08-05 05:07:26', NULL),
(207, 'DGCIM Mini Blanco', 38, '3502', 0, 'Puerto Ordaz', NULL, NULL, 'M1HT00089506', 'KIT4M00070316ZPS', '50b00196-02d27d19-1855e155', '2025-09-25', '2024-10-27', 11, 'cloudsat.col15-1@cloudsatllc.com', 'Cloud1401..', 'activo', '2024-10-27', 'DGCIM Mini blanco', '0', 113, 7, 120.00, NULL, 1, 5.00, 1, '3f4f5a7b-2094-4d7b-b3be-66cd64cc468e', NULL, '2024-10-28 16:26:12', '2025-08-25 16:52:28', NULL),
(208, 'Carlos Cambiador Mini', 38, '0', 0, 'Puerto Ordaz', NULL, NULL, 'M1HT00087797', 'KIT4M00070318G6D', '10080884-02617119-18cdd94e', '2025-09-28', '2024-10-28', 11, 'cloudsat.col15-2@cloudsatllc.com', 'Cloud1401..', 'activo', '2024-10-30', 'Carlos Cambiador Mini', '0', 99, 1, 100.00, NULL, 1, 5.00, 1, 'e0ecdc02-23aa-4b2a-804d-b58fa4da551d', NULL, '2024-10-28 18:19:00', '2025-08-25 19:41:24', NULL),
(209, 'Alfonzo Gen3 Casa', 38, '3502', 0, 'Puerto Ordaz', 'Puerto Ordaz', NULL, '4PBA00526946', 'KIT400602620', '01000000-00000000-00de985d', '2025-09-28', '2025-08-28', 11, 'c30@mikrologin.com', 'CloudSat1401..', 'activo', '2024-12-30', 'Alfonzo Gen3 Casa', '0', 112, 1, 100.00, NULL, 1, 0.00, 1, 'cc17bd5e-e415-4fdc-9070-e982c7f87e9b', NULL, '2024-10-29 00:09:40', '2025-08-30 20:42:17', NULL),
(210, 'Chirino Mini', 38, '3502', 0, 'Puerto Ordaz', NULL, NULL, 'M1HT00035839', 'KIT4M00024252', '00108b8a-48120919-1743a1b4', '2025-09-21', '2024-10-28', 10, 'c23@mikrologin.com', 'Cloud1401..', 'activo', '2024-12-24', 'Chirino Mini', '0', 59, 1, 120.00, NULL, 1, 10.00, 1, 'd6240a13-eaae-4e7f-afc0-ca6a61761cd0', NULL, '2024-10-29 00:37:39', '2025-08-24 16:57:19', NULL),
(211, 'Transmandu Puerto Ordaz TMD', 38, '3502', 0, 'Puerto Ordaz', 'Puerto Ordaz', NULL, '2DCP207361203202', 'KIT301308179', '01000000-00000000-005441a3', '2025-09-01', '2024-10-31', 11, 'c31@mikrologin.com', 'CloudSat1401..', 'activo', '2024-12-30', 'Transmandu Puerto Ordaz', '0', 114, 1, 140.00, NULL, 4, 10.00, 1, 'e2d2ff9f-8167-477a-a99e-11275af5c673', NULL, '2024-10-31 17:38:18', '2025-08-13 20:01:42', NULL),
(212, 'Transmandu Ciudad Bolivar TMD', 38, '3502', 0, 'Puerto Ordaz', 'Puerto Ordaz', NULL, '2DCP207820804202', 'KIT301332429', '01000000-00000000-00690640', '2025-09-01', '2024-10-31', 11, 'c31@mikrologin.com', 'CloudSat1401..', 'activo', '2024-12-30', 'Transmandu Ciudad Bolivar TMD', '0', 114, 1, 140.00, NULL, 4, 10.00, 1, '15e91a64-4c59-484b-b5c0-b85b5b24c1c8', NULL, '2024-10-31 17:40:33', '2025-08-13 20:01:28', NULL),
(213, 'General Valero CVM', 38, '3502', 0, 'Puerto Ordaz', NULL, NULL, 'M1HT00132346', 'KIT4M00114047UTW', '50088e8a-47125119-18918982', '2025-09-21', '2024-11-01', 10, 'rc24-arg@cloudsatllc.com', 'CloudSat1401..', 'activo', '2024-12-23', 'General Valero CVM', '0', 115, 11, 100.00, NULL, 1, 5.00, 1, 'e70b968f-edc8-443e-a9c2-f54275789f0a', NULL, '2024-11-02 00:23:48', '2025-08-13 20:00:50', 'Reinaldo Carima • ACC-8304620-37673-14 Argentina'),
(214, 'Pedro Dorado', 32, '3502', 0, 'Dorado', 'Dorado', NULL, '2DWC234400005325', 'KIT302862869', '01000000-00000000-00b361e8', '2025-10-05', '2024-11-06', 10, 'c6-2@buscarif.com', 'CloudSat1401..', 'activo', '2024-12-07', 'Pedro Dorado', '0', 116, 3, 220.00, NULL, 1, 40.00, 1, 'fcd8aac3-de64-4242-aa15-9283c9a7642b', NULL, '2024-11-06 22:51:53', '2025-09-04 17:09:03', NULL),
(215, 'Gabriela Dorado', 32, '3502', 0, 'Dorado', NULL, NULL, '2DWC234600003666', 'KIT303014984', '01000000-00000000-00bdaff', '2025-09-01', '2024-11-09', 9, 'c4@buscarif.com', 'Cloud1401..', 'activo', '2024-12-01', 'Gabriela Dorado', '0', 117, 1, 160.00, NULL, 1, 10.00, 1, 'aceb6e46-56ee-485d-bbab-4e12786ec2b1', NULL, '2024-11-11 16:37:26', '2025-08-07 02:28:22', NULL),
(216, 'Starlink Oficina', 38, '3502', 0, 'Puerto Ordaz', NULL, NULL, '2DUNI00000289804', 'KIT303352712', '01000000-00000000-0061803a', '2025-09-11', '2024-11-12', 15, 'rc12-pgy@cloudsatllc.com', 'CloudSat1401..', 'activo', '2024-12-12', 'Starlink Oficina', '0', 28, 1, 88.00, NULL, 1, 0.00, 1, 'a86e6b72-2075-4226-a0b3-02bc5442e29b', NULL, '2024-11-12 20:06:26', '2025-08-09 20:51:15', NULL),
(217, 'Mini Alfonzo', 38, '3502', 0, 'Puerto Ordaz', 'Puerto Ordaz', NULL, 'M1HT00040619', 'KIT4M00026503', '5098988d-46017919-1821b30f', '2025-10-02', '2024-11-12', 11, 'c30@mikrologin.com', 'CloudSat1401..', 'activo', '2024-12-30', 'Mini Alfonzo', '0', 112, 1, 100.00, NULL, 1, 0.00, 1, 'd4c79ad5-fead-4fd8-91b9-14bc7a3ce1f5', NULL, '2024-11-13 01:14:03', '2025-09-03 21:34:52', NULL),
(218, 'Coronel Renjifo CVM Casa Caracas', 38, '3502', 0, 'Caracas', NULL, NULL, '4PBA00261763', 'KIT400546961', '01000000-00000000-00807a86', '2025-09-10', '2024-11-11', 15, 'rc25-arg@cloudsatllc.com', 'CloudSat1401..', 'activo', '2024-12-23', 'Coronel Renjifo CVM Casa Caracas', '0', 115, 11, 120.00, NULL, 1, 5.00, 1, '398ea80a-27d2-4f37-800c-c77031abe72f', NULL, '2024-11-13 01:38:26', '2025-08-13 01:07:32', 'Reinaldo Carima • ACC-7930744-48626-25 Argentina'),
(219, 'Mini Camilo Nueva', 38, '3502', 0, 'Puerto Ordaz', NULL, NULL, 'M1HT00151373', 'KIT4M00135678X9M', '40389099-c5116519-d86cf9bd', '2025-09-04', '2024-11-17', 12, 'c18@ven2vpn.com', 'Cloud1401..', 'activo', '2024-12-18', 'Mini Camilo Nueva', '0', 15, 1, 130.00, NULL, 1, 10.00, 1, '62e7ab8a-f706-441a-8025-7a12be9059e3', NULL, '2024-11-20 19:31:27', '2025-08-09 23:16:41', NULL),
(220, 'Liannis Bodega Nueva', 31, '3502', 0, 'Dorado', NULL, NULL, '2DWC234400012914', 'KIT303014959', '01000000-00000000-00af0b86', '2025-08-15', '2024-11-20', 9, 'c4@buscarif.com', 'Cloud1401..', 'activo', '2024-12-01', 'Liannis Bodega Nueva', '0', 91, 3, 260.00, NULL, 1, 40.00, 1, 'c6c17ab6-0c0c-452e-bf4c-88b1381c8e4e', NULL, '2024-11-20 23:39:00', '2025-07-21 22:26:22', NULL),
(221, 'Erlys Mini', 38, '3502', 0, 'Bolivar', NULL, NULL, 'M1HT00130267', 'KIT4M0011491886H', '50609785-c5116519-d8fce972', '2025-08-21', '2024-11-22', 8, 'c22@cloudsatllc.com', 'CloudSat1401..', 'activo', '2024-12-22', 'Erlys Mini', '0', 118, 1, 120.00, NULL, 1, 0.00, 1, '2e93ad36-0ebb-4085-a748-319037f6f965', NULL, '2024-11-22 20:22:22', '2025-08-16 20:45:56', NULL),
(222, 'Wilmer Paul Gen2 Nueva', 31, '3502', 0, 'Paul', NULL, NULL, '2DWC234700021129', 'KIT303082713', '01000000-00000000-00be5638', '2025-06-16', '2024-11-22', 9, 'c18-1@ven2vpn.com', 'Cloud1401..', 'pausada', '2024-12-18', 'Wilmer Paul Gen2 Nueva', '0', 88, 1, 160.00, NULL, 1, 10.00, 1, '3317c7ee-0fa0-4ed0-89da-0c1776fa9d6a', NULL, '2024-11-22 20:44:04', '2025-06-04 00:40:50', NULL),
(223, 'Rafael Pata Fondo', 38, '3202', 0, 'Puerto Ordaz', NULL, NULL, 'M1HT00157766', 'KIT4M001353835VP', '30400497-01a18019-58b152b4', '2025-09-11', '2024-11-26', 15, 'c13@cloudsatllc.com', 'CloudSat1401..', 'activo', '2024-12-13', 'Rafael Pata Fondo', '0', 135, 1, 120.00, NULL, 1, 5.00, 1, '970393d7-fa7a-4c2c-94c5-62561ee3ed5c', NULL, '2024-11-27 00:24:08', '2025-08-09 23:14:25', NULL),
(224, 'Mini PNB Guayana 2 san felix', 38, '3502', 0, 'Puerto Ordaz', NULL, NULL, 'M1HT00159664', 'KIT4M001370183TT', '30581c92-c5417119-58991b0e', '2025-06-26', '2024-11-29', 12, 'c27-2@mikrologin.com', 'Cloud1401..', 'pausada', '2024-12-27', 'Mini PNB Guayana  2 san felix', '0', 131, 1, 120.00, NULL, 1, 5.00, 1, '988bd29e-64d5-4a24-9e6c-304094e79772', NULL, '2024-11-30 00:37:42', '2025-06-26 19:32:48', NULL),
(225, 'Jose Luis Bus 11', 31, '3502', 0, 'Puerto Ordaz', NULL, NULL, '2DUNI00000184704', 'KIT303082461', '01000000-00000000-007a8a57', '2025-09-10', '2024-12-13', 9, 'c18-1@ven2vpn.com', 'Cloud1401..', 'activo', '2024-12-18', 'Autobus Perra 11', '0', 101, 1, 120.00, NULL, 1, 0.00, 1, '87731767-a3ff-42bf-b716-7ee574a544d5', NULL, '2024-12-13 17:48:34', '2025-08-25 17:28:20', NULL),
(226, 'Elimar Bolivar dañada', 31, '3502', 0, 'Dorado', NULL, NULL, '2DWC234000026136', 'KIT302739036', '01000000-00000000-00aae39c', '2024-12-12', '2024-05-12', 11, 'c12@ven2vpn.com', 'Cloud1401..', 'inactivo', '2024-12-12', 'Elimar Bolivar dañada', '0', 49, 1, 0.00, NULL, 1, 0.00, 1, '830cdcd2-3ead-4df4-bce5-ef6354f39eca', NULL, '2024-12-16 20:12:47', '2024-12-16 20:12:47', NULL),
(227, 'Elimar Bolivar dañada', 31, '3502', 0, 'Dorado', NULL, NULL, '2DWC234000026136', 'KIT302739036', '01000000-00000000-00aae39c', '2024-12-12', '2024-05-12', 11, 'c12@ven2vpn.com', 'Cloud1401..', 'inactivo', '2024-12-12', 'Elimar Bolivar dañada', '0', 49, 1, 0.00, NULL, 1, 0.00, 1, '78e24a1e-2ddd-489a-997e-846876ff223d', NULL, '2024-12-16 20:12:51', '2024-12-16 20:12:51', NULL),
(228, 'Santos Molino', 31, '3502', 0, 'Puerto Ordaz', NULL, NULL, '2DWC240400000015', 'KIT303306658', '01000000-00000000-00c20dfb', '2025-07-04', '2024-12-17', 12, 'c5-1@cloudsatllc.com', 'CloudSat1401..', 'inactivo', '2024-12-17', 'Santos Molino', '0', 133, 1, 140.00, NULL, 1, 10.00, 1, '97cffd4b-2cf0-4567-b1a5-9276c0750098', NULL, '2024-12-17 20:18:37', '2025-07-10 23:28:04', NULL),
(229, 'San Martin Ambulatorio Pedro', 38, '3502', 0, 'Puerto Ordaz', NULL, NULL, '2DWC233900003560', 'KIT302632248', '01000000-00000000-00a67713', '2025-09-18', '2024-12-20', 8, 'c22-2@mikrologin.com', 'Cloud1401..', 'activo', '2024-12-23', 'San Martin Ambulatorio Pedro', '0', 17, 1, 130.00, NULL, 1, 10.00, 1, '788c6d39-4117-4706-a343-afb6ba782cf4', NULL, '2024-12-20 22:42:41', '2025-08-21 20:11:13', NULL),
(230, 'Jose Luis la Perra Autobus 6', 31, '3502', 0, 'Puerto Ordaz', NULL, NULL, '4PBA00779789', 'KIT400852258', '01000000-00000000-00b8d44e', '2025-08-28', '2024-12-28', 8, 'c26-1@mikrologin.com', 'Cloud1401..', 'activo', '2024-12-27', 'Jose Luis la Perra Autobus 6', '192.168.191.217', 101, 1, 120.00, NULL, 1, 0.00, 1, '53b90cae-36db-4fdf-8c74-9563698bd29d', NULL, '2024-12-28 23:55:19', '2025-08-25 17:27:09', NULL),
(231, 'Anaika Gen3 la Playita', 31, '3502', 0, 'Dorado', NULL, NULL, '4PBA00779908', 'KIT400852124', '01000000-00000000-00dd4778', '2025-09-14', '2025-01-14', 12, 'c21@mikrologin.com', 'Cloud1401..', 'activo', '2024-12-20', 'Anaika Gen3 la Playita', '0', 89, 3, 260.00, NULL, 4, 40.00, 1, '513af73b-6469-40b3-97e5-d24558c4c76d', NULL, '2025-01-14 20:10:52', '2025-08-27 23:03:28', NULL),
(232, 'Chirino Mini 2', 38, '3502', 0, 'Puerto Ordaz', NULL, NULL, 'M1HT00133306', 'KIT4M00114616RZX', '306089a1-c5417119-589922a0', '2025-09-21', '2025-01-14', 10, 'c23@mikrologin.com', 'Cloud1401..', 'activo', '2024-12-23', 'Chirino Mini 2', '0', 59, 1, 120.00, NULL, 1, 10.00, 1, 'f4b2bb05-e02b-49a1-abff-514472be05e4', NULL, '2025-01-15 01:16:17', '2025-08-24 16:56:45', NULL),
(233, 'Camilo Gen3 Carro Personal', 38, '3502', 0, 'Puerto Ordaz', NULL, NULL, '4PBA00780054', 'KIT400852354', '01000000-00000000-00b9ae3c', '2025-09-04', '2025-01-22', 15, 'c23@cloudsatllc.com', 'CloudSat1401..', 'activo', '2025-02-23', 'Camilo Gen3 Carro Personal', '0', 15, 1, 130.00, NULL, 1, 10.00, 1, 'd3d053a1-02bf-4d75-bbbd-9c5c9ee0398b', NULL, '2025-01-23 01:18:05', '2025-08-09 23:15:24', NULL),
(234, 'Mark 3 Union fidel', 31, '3502', 0, 'Dorado', NULL, NULL, '2DDDBAFAE004109A', 'KIT301280742', '01000000-00000000-00579557', '2025-09-10', '2025-01-28', 11, 'c28@cloudsatllc.com', 'CloudSat1401..', 'activo', '2025-01-27', 'Mark 3 Union fidel', '0', 48, 1, 160.00, NULL, 3, 0.00, 1, '9a99dc88-3172-4cbe-ae95-c00211d8b97c', NULL, '2025-01-28 23:55:50', '2025-08-12 00:01:41', NULL),
(235, 'Mark2 Casa Fidel', 31, '3502', 0, 'Dorado', NULL, NULL, '2DUNI00000114064', 'KIT302853947', '01000000-00000000-005bdfc2', '2025-09-10', '2025-01-28', 11, 'c28@cloudsatllc.com', 'CloudSat1401..', 'activo', '2025-01-31', 'Mark2 Casa Fidel', '0', 48, 1, 160.00, NULL, 3, 0.00, 1, 'b4ad92c2-2832-4407-9dbe-1303feb65d32', NULL, '2025-01-29 01:34:54', '2025-08-12 00:02:01', NULL),
(236, 'Jose Luis Autobus 8', 31, '3502', 0, 'Puerto Ordaz', NULL, NULL, '4PBA00780118', 'KIT400852342', '01000000-00000000-00b9b6c1', '2025-09-01', '2025-02-01', 11, 'c1@cloudsatllc.com', 'CloudSat1401..', 'activo', '2025-02-01', 'Jose Luis Autobus 8', '0', 101, 3, 120.00, NULL, 1, 0.00, 1, '0a62ae09-be48-4870-a435-3110a12faf28', NULL, '2025-02-02 00:13:30', '2025-08-25 17:27:57', NULL),
(237, 'Ochoa la Flaka', 31, '3502', 0, 'Arekuna', NULL, NULL, '4PBA00423655', 'KIT400442792', '01000000-00000000-00d2eea4', '2025-09-01', '2025-02-05', 11, 'c1@cloudsatllc.com', 'CloudSat1401..', 'activo', '2025-03-01', 'Ochoa 4', '0', 72, 1, 160.00, NULL, 1, 20.00, 1, '22330db5-5d8f-4b40-8fa5-4c04bd5788d8', NULL, '2025-02-06 02:17:22', '2025-08-02 00:45:23', NULL),
(238, 'Americano 2 Gen3 nueva', 31, '3502', 0, 'Canaima', NULL, NULL, '4PBA00786107', 'KIT400858450', '01000000-00000000-00de9eac', '2025-09-01', '2025-02-05', 11, 'c1@cloudsatllc.com', 'CloudSat1401..', 'activo', '2025-03-01', 'Americano 2 Gen3 nueva', '0', 1, 3, 200.00, NULL, 1, 40.00, 1, 'b6127a83-765b-4652-8a9d-049b48901a8d', NULL, '2025-02-06 02:21:44', '2025-08-07 02:30:23', NULL),
(239, 'Lorenzo hermano lorena Movil mini carro', 38, '3502', 0, 'Bolivar', NULL, NULL, 'M1HT00153872', 'KIT4M00131601NCT', '10309b06-c5417119-58a16585', '2025-10-04', '2025-02-05', 11, 'c5@cloudsatllc.com', 'CloudSat1401..', 'activo', '2025-03-05', 'Lorenzo hermano lorena Movil mini', '0', 84, 1, 120.00, NULL, 1, 5.00, 1, 'a299b3f4-5acd-4466-bedc-25a4c10446f5', NULL, '2025-02-06 02:52:49', '2025-09-02 16:27:44', NULL),
(240, 'Jaime Externo', 38, '3502', 0, 'Dorado', NULL, NULL, '2DWC235000000810', 'KIT303178619', '01000000-00000000-00bec167', '2025-09-10', '2025-02-08', 11, 'c28@cloudsatllc.com', 'CloudSat1401..', 'activo', '2025-02-28', 'Jaime Externo', '0', 48, 1, 160.00, NULL, 3, 0.00, 1, 'b7094d94-1107-4aba-b292-46fc389407c2', NULL, '2025-02-08 17:22:35', '2025-08-12 00:05:35', NULL),
(241, 'Selvia Alfaro Mini', 38, '3502', 0, 'Puerto Ordaz', NULL, NULL, 'M1HT00089525', 'KIT4M00070319ZZR', '40b0150e-02d27d19-18d5c2c6', '2025-09-06', '2025-02-06', 11, 'cloudsat.col16-1@cloudsatllc.com', 'Cloud1401..', 'activo', '2025-02-07', 'Selvia Alfaro Mini', '0', 121, 1, 100.00, NULL, 1, 0.00, 1, 'df3000d2-7000-4e78-b8b0-44d0713ebc09', NULL, '2025-02-08 19:23:55', '2025-07-21 16:41:41', NULL),
(242, 'Yaris Mini Roberto', 38, '3502', 0, 'Puerto Ordaz', NULL, NULL, 'M1HT00255954', 'KIT4M00221667QUV', '40309203-47125119-18993665', '2025-04-14', '2025-03-14', 9, 'c15@cloudsatllc.com', 'CloudSat1401..', 'inactivo', '2025-03-15', 'Yaris Mini Roberto', '0', 123, 1, 120.00, NULL, 1, 5.00, 1, '8a951842-61db-4f38-a349-2ab6bbfd95f2', NULL, '2025-02-15 18:18:51', '2025-04-30 17:10:56', NULL),
(243, 'Runner Roberto', 38, '3502', 0, 'Puerto Ordaz', NULL, NULL, 'M1HT00153904', 'KIT4M00131612R5R', '20308792-c5417119-58a1464b', '2025-04-14', '2025-03-15', 9, 'c15@cloudsatllc.com', 'CloudSat1401..', 'inactivo', '2025-03-15', 'Runner Roberto', '0', 123, 1, 120.00, NULL, 1, 5.00, 1, 'cd8d3cad-a5a0-4354-83bd-1e2b805461f3', NULL, '2025-02-15 19:18:47', '2025-04-30 17:10:45', NULL),
(244, 'Jhon Muñoz GEN3', 38, '3502', 0, 'Puerto Ordaz', NULL, NULL, '01000000-00000000-00b90477', 'KIT400852992', '4PBA00780629', '2025-09-16', '2025-02-17', 12, 'cc18-arg@cloudsatllc.com', 'CloudSat1401..', 'activo', '2025-03-17', 'Ayudante Nelson Garcia', '0', 124, 11, 120.00, NULL, 1, 5.00, 1, '30420451-35fe-4748-a86a-acfc7ffe6610', NULL, '2025-02-17 20:14:18', '2025-08-16 19:41:01', 'Cloudsat LLC • ACC-8234524-91954-21 Argentina'),
(245, 'Maria Fernada 2 Bolivar', 31, '3502', 0, 'Bolivar', NULL, NULL, '2DWC241900017985', '2DWC241900017985', '01000000-00000000-00e6b86f', '2025-09-17', '2025-02-18', 10, 'c18-1@cloudsatllc.com', 'CloudSat1401..', 'activo', '2025-02-19', 'Maria Fernada 2 Bolivar', '0', 125, 1, 160.00, NULL, 1, 10.00, 1, '7f3380c7-f228-4fd6-9e81-edfa782fea57', NULL, '2025-02-18 23:01:53', '2025-08-19 16:26:40', NULL),
(246, 'Galpon PZO 2525', 38, '3502', 0, 'Puerto Ordaz', NULL, NULL, '2DWC240600030425', 'KIT303322574', '01000000-00000000-00c9e304', '2025-08-16', '2025-02-19', 9, 'c18@cloudsatllc.com', 'CloudSat1401..', 'activo', '2025-02-17', 'Galpon PZO 2525', '0', 109, 1, 120.00, NULL, 1, 5.00, 1, '37537bd7-d5a1-40e0-ab8c-919bd4bab56e', NULL, '2025-02-19 20:21:20', '2025-08-05 05:11:33', NULL),
(247, 'Jaime 5 Los Pajaritos Esequibo', 32, '3502', 0, 'Bolivar', NULL, NULL, '2DWC234100028972', 'KIT302768300', '01000000-00000000-00ae5fb4', '2025-09-10', '2025-02-19', 11, 'c11-1@ven2vpn.com', 'Cloud1401..', 'activo', '2025-03-10', 'Jaime 5 Los Pajaritos Esequibo', '0', 48, 1, 160.00, NULL, 3, 0.00, 1, '380057bf-ccc6-4d97-99a3-27764a976154', NULL, '2025-02-20 01:20:50', '2025-08-12 00:06:57', NULL),
(248, 'General Manuel Vera Anacoco', 38, '3502', 0, 'San Martin', NULL, NULL, '4PBA00783487', 'KIT400855733', '01000000-00000000-00dec0fd', '2025-09-26', '2025-02-27', 11, 'c27@cloudsatllc.com', 'CloudSat1401..', 'activo', '2025-03-28', 'General Manuel Vera Anacoco', '0', 127, 1, 120.00, NULL, 1, 5.00, 1, '4f10350c-fb0b-488a-86a9-b9e31ed45208', NULL, '2025-02-28 02:10:24', '2025-08-28 18:08:23', NULL),
(249, 'Javier Lezama Uraima', 32, '3502', 0, 'La Paragua', NULL, NULL, '2DUNE00000327492', 'KIT302241412', '01000000-00000000-0016d3aa', '2025-09-04', '2025-03-05', 11, 'c6@cloudsatllc.com', 'CloudSat1401..', 'activo', '2025-04-05', 'Javier Lezama Uraima', '0', 126, 1, 120.00, NULL, 1, 5.00, 1, '2eccaf68-d0fd-49d3-8ab3-203963284b8f', NULL, '2025-03-05 17:47:58', '2025-08-05 01:22:50', NULL),
(250, 'Mirian Bulla Loca Gaviota', 31, '3502', 0, 'La Paragua', NULL, NULL, '4PBA00780246', 'KIT400852456', '01000000-00000000-00b91997', '2025-09-22', '2025-03-11', 11, 'c11@cloudsatllc.com', 'CloudSat1401..', 'activo', '2025-04-11', 'Mirian Bulla Loca Gaviota 160 + renta pend', '0', 81, 1, 160.00, NULL, 1, 10.00, 1, 'bc7fe3b7-9007-47d7-8c9a-56cf8ed1c191', NULL, '2025-03-11 22:08:57', '2025-08-25 17:36:59', NULL),
(251, 'fortuner Roberto', 38, '3502', 0, 'Puerto Ordaz', NULL, NULL, 'M1HT00174946', 'KIT4M00152134QYS', '50080a90-40c02d1b-d8edf4d0', '2025-04-15', '2025-03-18', 9, 'c15@cloudsatllc.com', 'CloudSat1401..', 'inactivo', '2025-03-16', 'fortuner Roberto', '0', 123, 7, 120.00, NULL, 1, 40.00, 1, 'ebd21bbc-cab6-4918-bfaf-31210caf347f', NULL, '2025-03-18 17:24:06', '2025-04-30 17:10:38', NULL),
(252, 'Roselis MINI', 38, '3502', 0, 'Bolivar', NULL, NULL, 'M1HT00278276', 'KIT4M002499676NJ', '40580689-8211211b-d825ba75', '2025-09-23', '2025-03-24', 11, 'c24@cloudsatllc.com', 'CloudSat1401..', 'activo', '2025-03-24', 'Roselis MINI', '0', 37, 1, 120.00, NULL, 1, 5.00, 1, 'f05e779e-8de5-49b4-8cb1-d28873daf79f', NULL, '2025-03-24 17:54:09', '2025-08-16 21:05:22', NULL),
(253, 'Deisy Rodriguez Caruto', 31, '3502', 0, 'Caruto', NULL, NULL, '4PBA00781218', 'KIT400853582', '01000000-00000000-00b8f7cc', '2025-09-24', '2025-03-25', 15, 'c27@mikrologin.com', 'CloudSat1401..', 'activo', '2025-04-27', 'Deisy Rodriguez Caruto', '0', 128, 1, 200.00, NULL, 6, 20.00, 1, '65e0cc72-339e-4a53-b1b5-2a129963c9f0', NULL, '2025-03-25 20:22:21', '2025-07-17 17:52:01', NULL),
(254, 'Antoni Bigot La Paragua', 31, '3502', 0, 'La Paragua', NULL, NULL, '4PBA00780334', 'KIT400852637', '01000000-00000000-00b91ac7', '2025-08-25', '2025-03-26', 11, 'c27-1@cloudsatllc.com', 'CloudSat1401..', 'activo', '2025-04-27', 'Antoni La Paragua', '0', 81, 1, 170.00, NULL, 1, 20.00, 1, '2d7206fe-f834-4d3f-bde4-00b3b0ba7902', NULL, '2025-03-27 20:08:42', '2025-07-25 00:44:25', NULL),
(255, 'Jose Mini', 38, '3502', 0, 'Puerto Ordaz', NULL, NULL, 'M1HT00152512', 'KIT4M001325496D2', '20109f82-46017919-18c145ec', '2025-09-30', '2025-03-28', 11, 'c28-1@cloudsatllc.com', 'CloudSat1401..', 'activo', '2025-03-30', 'Jose Mini', '0', 129, 1, 88.00, NULL, 1, 0.00, 1, '6308b68a-7953-4d7c-8a9f-651eeda00863', NULL, '2025-03-29 22:31:21', '2025-08-30 20:42:47', NULL),
(256, 'Ana mini Cherokee', 38, '0', 0, 'Bolivar', NULL, NULL, 'M1HT00821324', 'KIT4M00773774PJQ', '40688618-0720721b-98925bc2', '2025-08-17', '2025-04-01', 11, 'c17-1@ven2vpn.com', 'Cloud1401..', 'activo', '2025-04-18', 'Ana mini Cherokee', '0', 10, 7, 65.00, NULL, 1, 3.00, 1, '47575e02-d1bd-43fa-98ca-60d4a4644043', NULL, '2025-04-02 01:56:06', '2025-07-28 20:26:39', NULL),
(257, 'Ochoa Mini Externo', 38, '3502', 0, 'La Paragua', NULL, NULL, 'M1HT00190180', 'KIT4M00168001BX5', '30280e1f-0990451b-18927a55', '2025-09-04', '2025-04-06', 11, 'c6-1@cloudsatllc.com', 'CloudSat1401..', 'activo', '2025-05-05', 'Ochoa Mini Externo', '0', 72, 1, 120.00, NULL, 1, 5.00, 1, '6c38dfa2-fdf5-4de4-86d0-b7b5a45aa2f2', NULL, '2025-04-07 19:49:07', '2025-08-20 16:47:10', NULL),
(258, 'Edwin Castro', 31, '3502', 0, 'Dorado', NULL, NULL, '4PBA00783464', 'KIT400855744', '01000000-00000000-00de46c6', '2025-07-08', '2025-05-09', 8, 'c9@cloudsatllc.com', 'CloudSat1401..', 'pausada', '2025-05-09', 'Edwin Castro 260+renta', '0', 130, 3, 260.00, NULL, 6, 60.00, 1, '49f943b2-62bc-4a3f-a87d-f0ef94399953', NULL, '2025-04-09 18:20:08', '2025-07-23 20:04:30', NULL),
(259, 'Refractario Calderi', 38, '3502', 0, 'Puerto Ordaz', NULL, NULL, 'M1HT00668991', 'KIT4M00626776BZ4', '50501888-0720721b-981ae714', '2025-08-12', '2025-04-14', 11, 'c14@cloudsatllc.com', 'CloudSat1401..', 'activo', '2025-04-13', 'Refractario Calderi', '0', 131, 1, 125.00, NULL, 1, 5.00, 1, '78bd1aab-b93c-435b-ac73-2a756697add6', NULL, '2025-04-14 17:59:43', '2025-08-01 16:42:13', NULL),
(260, 'Roselys Mini Dorado', 38, '3502', 0, 'Dorado', NULL, NULL, 'M1HT00157872', 'KIT4M00135507PWH', '40689284-45017219-5891854f', '2025-09-23', '2025-04-15', 11, 'c24@cloudsatllc.com', 'CloudSat1401..', 'activo', '2025-05-24', 'Roselys Mini Dorado', '0', 37, 1, 120.00, NULL, 1, 0.00, 1, '688b54fa-8b3e-4f71-9cde-48c50e84c3dc', NULL, '2025-04-15 22:57:29', '2025-08-21 22:58:43', NULL),
(261, 'Lorenzo Mini 2', 38, '3502', 0, 'Bolivar', NULL, NULL, 'M1HT00278279', 'KIT4M002499785KZ', '50580b88-8211211b-d825fa62', '2025-10-04', '2025-04-15', 11, 'c5@cloudsatllc.com', 'CloudSat1401..', 'activo', '2025-05-05', 'Lorenzo Mini 2', '0', 84, 7, 70.00, NULL, 1, 3.00, 1, 'ffd7a145-0a1f-4a4e-b51f-6752a157204b', NULL, '2025-04-16 00:11:43', '2025-09-02 16:28:05', NULL),
(262, 'Teniente Villareal', 38, '3502', 0, 'Puerto Ordaz', NULL, NULL, 'M1HT00683244', 'KIT4M006392032QH', '40a08398-4310591b-581a647c', '2025-09-20', '2025-04-22', 15, 'c22-1@cloudsatllc.com', 'CloudSat1401..', 'activo', '2025-05-21', 'Teniente Villareal', '0', 131, 1, 120.00, NULL, 1, 5.00, 1, '41c41932-5894-40e0-b011-5aa194832c1f', NULL, '2025-04-22 17:11:25', '2025-08-22 22:21:28', NULL),
(263, 'Eliana Gen2', 38, '3502', 0, 'Dorado', NULL, NULL, '2DWC233200035686', 'KIT302454009', '01000000-00000000-00a4a487', '2025-09-18', '2025-05-19', 15, 'c20@cloudsatllc.com', 'CloudSat1401..', 'activo', '2025-05-19', 'Eliana Gen2', '0', 132, 1, 140.00, NULL, 3, 0.00, 1, '7419d1d7-42c8-4918-9fc6-e3810e54280e', NULL, '2025-04-22 17:26:29', '2025-08-18 17:29:15', NULL),
(264, 'Ochoa Mini', 38, '3502', 0, 'Canaima', NULL, NULL, 'M1HT00174888', 'KIT4M00152116WXS', '2048050c-40c02d1b-d861b2c7', '2025-09-21', '2025-05-22', 15, 'c20-1@cloudsatllc.com', 'CloudSat1401..', 'activo', '2025-05-21', 'Ochoa Mini', '0', 72, 1, 120.00, NULL, 1, 10.00, 1, 'e9ba9316-cf91-46ee-9391-dbd2acd162b4', NULL, '2025-04-22 18:38:57', '2025-08-20 16:48:48', NULL),
(265, 'Rafael Alvarez Anacoco Mini', 38, '3502', 0, 'Dorado', NULL, NULL, 'M1HT00194206', 'KIT4M00172066FT7', '00a88124-45e2291b-d8d17567', '2025-09-30', '2025-05-01', 10, 'c1-1@cloudsatllc.com', 'CloudSat1401..', 'activo', '2025-05-30', 'Rafael Alvarez Anacoco Mini', '0', 134, 1, 120.00, NULL, 1, 5.00, 1, 'd0858759-854e-4c06-91cd-a3c935d6c9de', NULL, '2025-05-01 23:31:59', '2025-09-02 16:18:14', NULL),
(266, 'Fidel Personal 2', 32, '3502', 0, 'Dorado', NULL, NULL, '2DCP203447404102', 'KIT300636033', '01000000-00000000-00120e4a', '2025-07-10', '2025-05-04', 12, 'c5-2@cloudsatllc.com', 'CloudSat1401..', 'pausada', '2025-05-04', 'Fidel Personal 2', '0', 48, 1, 160.00, NULL, 3, 0.00, 1, 'dd8ed160-fad1-417b-a02f-b12f1bfe2e22', NULL, '2025-05-06 22:42:49', '2025-07-02 20:05:01', NULL),
(267, 'Jaime 7 La Salle', 31, '3502', 0, 'Dorado', NULL, NULL, '2DUNI00000238729', 'KIT303320987', '01000000-00000000-0061816b', '2025-09-10', '2025-05-10', 15, 'c10@cloudsatllc.com', 'CloudSat1401..', 'activo', '2025-05-09', 'Jaime 7 La Salle', '0', 48, 1, 160.00, NULL, 3, 0.00, 1, '86e95311-e652-41b9-aabb-8cad6b8c3896', NULL, '2025-05-10 21:59:23', '2025-08-12 00:00:28', NULL),
(268, 'Jefrey Canaima Gen3', 31, '3502', 0, 'Canaima', NULL, NULL, '4PBA00781244', 'KIT400853594', '01000000-00000000-00b9df4c', '2025-09-12', '2025-05-14', 9, 'c14-1@cloudsatllc.com', 'CloudSat1401..', 'activo', '2025-05-13', 'Jefrey Canaima Gen3', '0', 65, 1, 170.00, NULL, 1, 20.00, 1, '52a0c820-ec16-4312-a5f7-3091ae2979ee', NULL, '2025-05-14 20:30:11', '2025-08-16 20:46:49', NULL);
INSERT INTO `remotas` (`id`, `equipo`, `tipo_router_id`, `puerto`, `meses_contrato`, `ubicacion`, `zona`, `encargado`, `serial`, `kit_serial`, `antena_serial`, `dia_corte`, `dia_activacion`, `metodo_de_pago_id`, `correo_cuenta`, `password_correo_cuenta`, `status`, `fecha_cuenta`, `detalle`, `ip_gestion`, `cliente_id`, `plan_id`, `costo`, `socio_id`, `vendedor_id`, `comision`, `proveedor_id`, `uuid`, `deleted_at`, `created_at`, `updated_at`, `detalles_extra`) VALUES
(269, 'Tapuy Mini', 38, '3502', 0, 'Canaima', NULL, NULL, 'M1HT00358456', 'KIT4M00326627X8E', '30308a98-45017219-581df520', '2025-10-13', '2025-05-14', 9, 'c14-2@cloudsatllc.com', 'CloudSat1401..', 'activo', '2025-05-13', 'Tapuy Mini', '0', 33, 1, 120.00, NULL, 1, 10.00, 1, '98f3a508-eca8-45f3-999f-392f90201e81', NULL, '2025-05-14 20:48:45', '2025-09-03 00:46:58', NULL),
(270, 'Jose Luis la Perra Autobus 9', 31, '3502', 0, 'Puerto Ordaz', NULL, NULL, '4PBA00781271', 'KIT400853586', '01000000-00000000-00dd46a0', '2025-08-19', '2025-05-20', 11, 'c1@cloudsatllc.com', 'Cloud1401..', 'activo', NULL, 'Jose Luis la Perra Autobus 9', '0', 101, 1, 120.00, NULL, 1, 0.00, 1, '568c47b5-ebc5-48c6-a47e-d40437401e7c', NULL, '2025-05-20 17:20:37', '2025-08-25 17:24:38', NULL),
(271, 'Jossber Colibri', 38, '3502', 0, 'Puerto Ordaz', NULL, NULL, '4PBA01897349', 'KIT401977652AW5', '40188f21-01e16d1b-5852956e', '2025-09-18', '2025-05-20', 15, 'c20-2@cloudsatllc.com', 'CloudSat1401..', 'activo', '2025-05-19', 'Jossber Maturin Colibri dani', '0', 136, 1, 120.00, NULL, 1, 5.00, 1, 'e75350da-f820-4270-8128-9748bb138bb9', NULL, '2025-05-20 23:06:27', '2025-08-16 22:21:49', NULL),
(272, 'PNB San Felix 3 Mini', 38, '0', 0, 'Puerto Ordaz', NULL, NULL, 'M1HT01034120', 'KIT4M00975535QZ4', '10788385-04220e1c-d86a0077', '2025-08-26', '2025-05-31', 15, 'rc31@cloudsatllc.com', 'CloudSat1401..', 'activo', '2025-05-27', 'PNB San Felix 3 Mini', '0', 131, 1, 120.00, NULL, 1, 5.00, 1, 'b2b8b6fb-149f-4e9c-bb1c-ea391d3a46bf', NULL, '2025-05-31 19:49:01', '2025-08-30 22:59:46', 'Reinaldo Carima • ACC-7626304-27277-18  Colombia'),
(273, 'Jose Luis la Perra Autobus 10', 31, '3502', 0, 'Puerto Ordaz', NULL, NULL, '4PBA02168442', 'KIT402251576SSY', '30108989-87c1011c-d8169621', '2025-09-04', '2025-06-05', 15, 'rc5@cloudsatllc.com', 'CloudSat1401..', 'activo', '2025-06-05', 'Jose Luis la Perra Autobus 10', '0', 101, 1, 120.00, NULL, 1, 5.00, 1, 'd4ec81af-e2a0-49a2-8fd9-ac6b47ccc80b', NULL, '2025-06-06 16:06:16', '2025-08-25 17:29:32', 'Pausada pero debe 1 mes'),
(274, 'Wilmer Paul Gen3 Nueva', 31, '3502', 0, 'La Paragua', NULL, NULL, '4PBA01687800', 'KIT401770577H3P', '10889e86-c5417119-5811503a', '2025-09-05', '2025-06-07', 12, 'cs7@cloudsatllc.com', 'CloudSat1401..', 'activo', '2025-05-06', 'Wilmer Paul Gen3 Nueva', '0', 88, 1, 160.00, NULL, 1, 20.00, 1, '77dfb9a9-b5e3-490f-a917-2ddb800ccb94', NULL, '2025-06-07 21:58:08', '2025-08-09 03:07:37', NULL),
(275, 'Mini Blanco 2  DG', 38, '3502', 0, 'Puerto Ordaz', NULL, NULL, 'M1HT00014586', 'KIT4M00004773', '30480595-48120919-17df4089', '2025-09-18', '2025-06-20', 15, 'rc20-col@cloudsatllc.com', 'CloudSat1401..', 'activo', '2025-06-19', 'Mini Blanco 2  DG', '0', 113, 7, 120.00, NULL, 1, 5.00, 1, 'e2704795-00e3-4f42-8ead-0aed008afa50', NULL, '2025-06-20 17:49:18', '2025-08-25 16:55:10', 'Reinaldo Carima  ACC-7869506-38638-34'),
(276, 'Marcos Frente Dorado', 38, '3502', 0, 'Dorado', NULL, NULL, 'M1HT01035085', 'KIT4M009764962ZD', '1050081c-04220e1c-d852b589', '2025-09-25', '2025-05-26', 12, 'rc26-arg@cloudsatllc.com', 'CloudSat1401..', 'activo', '2025-06-25', 'Marcos Frente Dorado', '0', 139, 11, 120.00, NULL, 1, 10.00, 1, 'e113c140-3423-4d4b-8cbe-2bf703345045', NULL, '2025-06-26 17:40:49', '2025-08-25 19:35:28', 'CloudSat LLC • ACC-7942497-79091-33 Argentina'),
(277, 'Bombillo Movil', 38, '3502', 0, 'Dorado', NULL, NULL, 'M1HT00359489', 'KIT4M00324917GVQ', '5090819f-46017919-182525b3', '2025-08-26', '2025-06-30', 15, 'rc30-arg@cloudsatllc.com', 'CloudSat1401..', 'activo', '2025-06-27', 'Bombillo Movil', '0', 83, 11, 120.00, NULL, 1, 10.00, 1, 'ccf03053-1f46-4415-b947-424061a46fa1', NULL, '2025-06-30 23:21:11', '2025-08-20 17:48:33', 'Reinaldo Carima • ACC-7998740-75715-34 Argentina'),
(278, 'Mini Bori Ochoa', 38, '3502', 0, 'Canaima', NULL, NULL, 'M1HT00143037', 'KIT4M00130272RGW', '4018070f-45017219-5821e765', '2025-08-30', '2025-07-01', 12, 'cc1-arg@cloudsatllc.com', 'CloudSat1401..', 'activo', '2025-07-01', 'Mini Bori Ochoa', '0', 72, 11, 120.00, NULL, 1, 10.00, 1, '7ffd4cfd-3325-41e2-8a13-75e572cf8d86', NULL, '2025-07-01 17:16:51', '2025-08-20 16:46:48', 'Cloudsat LLC • ACC-8007571-24048-11  Argentina'),
(279, 'Ronald Jimenez Mini', 38, '3502', 0, 'Puerto Ordaz', NULL, NULL, '2050050e-04220e1c-d852c51a', 'KIT4M00976517MQ7', 'M1HT01035100', '2025-08-03', '2025-07-06', 15, 'rc5-arg@cloudsatllc.com', 'CloudSat1401..', 'pausada_por_pago', '2025-07-04', 'Ronald Jimenez Mini', '0', 103, 11, 120.00, NULL, 1, 5.00, 1, '4f565aa6-5272-4574-8e70-e8c734080588', NULL, '2025-07-08 18:10:49', '2025-08-08 23:52:49', 'Reinaldo Carima • ACC-8069973-77580-34 Argentina'),
(280, 'Jaime Mini', 38, '3502', 0, 'Dorado', NULL, NULL, 'M1HT00825799', 'KIT4M00777947KJ6', '50880a9f-87c1011c-d812c429', '2025-09-07', '2025-07-08', 15, 'rc8-arg@cloudsatllc.com', 'CloudSat1401..', 'activo', NULL, 'Jaime Mini', '0', 48, 11, 120.00, NULL, 3, 0.00, 1, 'c0488b5e-759e-4d17-87f2-27ad6b76a884', NULL, '2025-07-09 00:15:02', '2025-08-12 00:00:12', 'Reinaldo Carima • ACC-8109156-74786-27 Argentina'),
(281, 'Jaime Mini 2', 38, '3502', 0, 'Dorado', NULL, NULL, 'M1HT00394068', 'KIT4M00358400S79', '50208212-45017219-58a17142', '2025-09-06', '2025-07-12', 15, 'rc8-arg@cloudsatllc.com', 'CloudSat1401..', 'activo', '2025-07-07', 'Jaime Mini 2', '0', 48, 11, 120.00, NULL, 3, 0.00, 1, 'fa439b53-44e3-45d6-9ac7-bf4dae6dede4', NULL, '2025-07-14 18:13:16', '2025-08-11 23:59:57', NULL),
(282, 'Velasco Silva Ochoa', 38, '3502', 0, 'Canaima', NULL, NULL, 'M1HT00431296', 'KIT4M00395664WFU', '40b01299-0361151b-98ad42d8', '2025-09-19', '2025-07-21', 12, 'cc21-arg@cloudsatllc.com', 'CloudSat1401..', 'activo', '2025-07-20', 'Velasco Silva Ochoa', '0', 72, 11, 120.00, NULL, 1, 10.00, 1, '855addcb-bc91-49ba-b0e5-687b009c826d', NULL, '2025-07-21 17:21:34', '2025-08-20 16:48:05', 'Cloudsat LLC • ACC-8263620-16954-17 Argentina'),
(283, 'Wuilkane Lezama hermano de javier', 38, '3502', 0, 'La Paragua', NULL, NULL, 'M1HT00137511', 'KIT4M00110881G64', '5060998f-45017219-58116ac3', '2025-09-23', '2025-07-25', 10, 'rc25-2-arg@cloudsatllc.com', 'CloudSat1401..', 'activo', '2025-07-24', 'Wuilkane Lezama hermano de javier', '0', 140, 11, 130.00, NULL, 1, 10.00, 1, '4088ef27-b4c0-46d1-8b53-07c237d23331', NULL, '2025-07-25 20:05:34', '2025-08-24 16:50:34', 'Reinaldo Carima • ACC-8317723-66605-19 Argentina'),
(284, 'Oberto Carvajal Dorado', 31, '3502', 0, 'Dorado', NULL, NULL, '4PBA01692079', 'KIT401775590D5A', '20109381-45e2291b-d8595bbc', '2025-09-23', '2025-07-28', 15, 'rc25-arg@cloudsatllc.com', 'CloudSat1401..', 'activo', '2025-07-24', 'Oberto Carvajal Dorado', '0', 141, 11, 160.00, NULL, 1, 20.00, 1, '5ec57161-a957-4819-bd8e-64daaf5cdf3c', NULL, '2025-07-26 19:55:18', '2025-08-25 20:10:32', 'Reinaldo Carima • ACC-7930744-48626-25 Argentina'),
(285, 'Mini Redcom', 38, '3502', 0, 'Puerto Ordaz', NULL, NULL, 'M1HT00014145', 'KIT4M00004700', '10488613-48120919-175b1a88', '2025-09-23', '2025-08-03', 15, 'rc25-arg@cloudsatllc.com', 'CloudSat1401..', 'activo', '2025-08-24', 'Mini Redcom', '0', 28, 11, 70.00, NULL, 1, 0.00, 1, '56a601ca-c8c1-466f-aa55-175dba96b58a', NULL, '2025-08-03 17:12:46', '2025-08-28 00:24:48', 'Reinaldo Carima • ACC-7930744-48626-25 Argentina'),
(286, 'Lorenzo Mini 3', 38, '3502', 0, 'La Paragua', NULL, NULL, 'M1HT00633783', 'KIT4M00594032BKW', '10a8098b-c9115d1b-588a27d4', '2025-10-03', '2025-08-05', 11, 'c5@cloudsatllc.com', 'CloudSat1401..', 'activo', '2025-08-05', 'Lorenzo Mini 3', '0', 84, 7, 70.00, NULL, 1, 5.00, 1, '1f5b6a00-a7d5-4ab0-9fa8-44358bf909a4', NULL, '2025-08-09 00:50:10', '2025-09-03 00:44:37', NULL),
(287, 'Luis Lentes Gen3', 31, '3502', 0, 'La Paragua', NULL, NULL, '4PBA01896605', 'KIT401976889ZDB', '0020169b-4310591b-589e6467', '2025-09-07', '2025-08-09', 12, 'cs9-arg@cloudsatllc.com', 'CloudSat1401..', 'activo', '2025-08-08', 'Luis Lentes Gen3', '0', 14, 11, 120.00, NULL, 1, 10.00, 1, 'dbef8be2-43e5-4de7-9402-41344b64df59', NULL, '2025-08-10 00:05:15', '2025-08-10 00:05:15', 'Cloudsat LLC • ACC-8505775-82066-24 Argentina'),
(288, 'Elizabeth Dorado', 32, '3502', 0, 'Dorado', NULL, NULL, '4PBA02372343', 'KIT4024475419MC', '0070821c-87f1091c-181b41d3', '2025-09-13', '2025-08-15', 16, 'rc15-col@cloudsatllc.com', 'CloudSat1401..', 'activo', '2025-08-14', 'Elizabeth Dorado', '0', 142, 3, 260.00, NULL, 1, 40.00, 1, '99f92a8e-4d27-4145-b5db-5aa45fb2dd39', NULL, '2025-08-15 16:25:07', '2025-08-15 16:45:23', 'Reinaldo Carima • ACC-8583689-46451-32  Colombia'),
(289, 'Rafael Gen3', 31, '3502', 0, 'La Paragua', NULL, NULL, '0000', 'KIT403116431FCX', 'ut40a8841a-C5417119-58896648', '2025-10-01', '2025-08-30', 8, 'o@cloudsatllc.com', '0', 'activo', '2025-08-30', 'Rafael Gen3', '0', 12, 3, 200.00, NULL, 5, 0.00, 1, 'e2a3b2b6-9f6b-4b7a-a52b-a0e7c7ff5095', NULL, '2025-08-15 18:01:50', '2025-08-26 00:31:46', NULL),
(290, 'Erlys 2 Mini', 38, '3502', 0, 'Dorado', NULL, NULL, 'M1HT00451261', 'KIT4M004159366GX', '3068051a-8211211b-d8a10a63', '2025-09-14', '2025-08-16', 16, 'rc16-arg@cloudsatllc.com', 'CloudSat1401..', 'activo', '2025-08-15', 'Erlys 2 Mini', '0', 118, 11, 120.00, NULL, 1, 10.00, 1, 'fbe1f317-4129-4324-9b77-695ba3832265', NULL, '2025-08-16 22:48:18', '2025-08-16 22:48:18', 'Reinaldo Carima • ACC-8603386-29084-22  Argentina'),
(291, 'Bombillo Movil 2', 38, '3502', 0, 'Dorado', NULL, NULL, 'M1HT00869827', 'KIT4M00818366D7H', '30c88898-02e16d1b-988a7719', '2025-09-14', '2025-08-16', 12, 'cc16-arg@cloudsatllc.com', 'CloudSat1401..', 'activo', '2025-08-15', 'Bombillo Movil 2', '0', 83, 11, 120.00, NULL, 1, 10.00, 1, 'dd32d7d8-46b1-415a-b042-981f68b108c5', NULL, '2025-08-16 23:08:33', '2025-08-16 23:08:33', 'Cloudsat LLC • ACC-8603685-57761-27 Argentina'),
(292, 'Gaby Express Dorado', 38, '3502', 0, 'Dorado', NULL, NULL, '2DUNI00000160725', 'KIT302987399', '01000000-00000000-005be02c', '2025-08-18', '2025-08-19', 16, 'rc19-arg@cloudsatllc.com', 'CloudSat1401..', 'activo', '2025-08-18', 'Gaby Express Dorado', '0', 143, 11, 160.00, NULL, 1, 20.00, 1, '70bc42f9-fc0e-42e8-8113-e2a943887db0', NULL, '2025-08-19 17:50:37', '2025-08-19 17:50:37', 'Reinaldo Carima • ACC-8640109-57329-19  Argentina'),
(293, 'Ennis Chala Comadre Rosmery', 31, '3502', 0, 'Dorado', NULL, NULL, '2DWC240800014759', 'KIT303379858', '01000000-00000000-00cb0dba', '2025-09-20', '2025-08-22', 16, 'rc22-col@cloudsatllc.com', 'CloudSat1401..', 'activo', '2025-08-21', 'Ennis Chala Comadre Rosmery', '0', 144, 3, 260.00, NULL, 1, 60.00, 1, '87963884-8f6b-4326-a44f-38f5221b4ea2', NULL, '2025-08-22 19:00:40', '2025-08-22 19:00:40', 'Reinaldo Carima • ACC-8687425-25193-25 Colombia'),
(294, 'Carlitos Canaima Mini', 31, '3502', 0, 'Canaima', NULL, NULL, 'M1HT01037476', 'KIT4M00978192N2C', '101884a2-04220e1c-d85e844b', '2025-09-26', '2025-08-30', 17, 'rc29-arg@cloudsatllc.com', 'CloudSat1401..', 'activo', '2025-09-27', 'Carlitos Canaima Mini', '0', 120, 11, 120.00, NULL, 1, 10.00, 1, '2741a67b-fb15-454f-a82e-3140736f6320', NULL, '2025-08-30 22:50:02', '2025-08-30 22:50:02', 'Reinaldo Carima • ACC-DF-8804397-15015-99 Argentina'),
(295, 'Jaime el Bejucal', 31, '3502', 0, 'Dorado', NULL, NULL, '2DUNI00000103809', 'KIT302650089', '01000000-00000000-007c57a9', '2025-09-10', '2025-09-02', 16, 'rc26-col@cloudsatllc.com', 'CloudSat1401..', 'activo', '2025-09-26', 'Jaime el Bejucal', '0', 48, 1, 180.00, NULL, 3, 0.00, 1, '2952adef-99d0-4a09-a87c-ef5c3ac2f83b', NULL, '2025-09-02 22:56:43', '2025-09-02 22:56:43', NULL);

-- --------------------------------------------------------

--
-- Estructura de tabla para la tabla `roles`
--

CREATE TABLE `roles` (
  `id` bigint(20) UNSIGNED NOT NULL,
  `name` varchar(255) NOT NULL,
  `guard_name` varchar(255) NOT NULL,
  `created_at` timestamp NULL DEFAULT NULL,
  `updated_at` timestamp NULL DEFAULT NULL
) ENGINE=InnoDB DEFAULT CHARSET=utf8mb4 COLLATE=utf8mb4_unicode_ci;

--
-- Volcado de datos para la tabla `roles`
--

INSERT INTO `roles` (`id`, `name`, `guard_name`, `created_at`, `updated_at`) VALUES
(1, 'ADMIN', 'web', '2024-09-18 01:37:23', '2024-09-18 01:37:23'),
(2, 'SOPORTE COBROS', 'web', '2024-09-18 01:38:10', '2024-09-18 01:39:08'),
(4, 'SOPORTE SOLO VER', 'web', '2024-09-28 18:32:54', '2024-09-28 18:32:54');

-- --------------------------------------------------------

--
-- Estructura de tabla para la tabla `role_has_permissions`
--

CREATE TABLE `role_has_permissions` (
  `permission_id` bigint(20) UNSIGNED NOT NULL,
  `role_id` bigint(20) UNSIGNED NOT NULL
) ENGINE=InnoDB DEFAULT CHARSET=utf8mb4 COLLATE=utf8mb4_unicode_ci;

--
-- Volcado de datos para la tabla `role_has_permissions`
--

INSERT INTO `role_has_permissions` (`permission_id`, `role_id`) VALUES
(7, 1),
(8, 1),
(8, 2),
(9, 1),
(9, 4),
(10, 1),
(11, 1),
(11, 2),
(11, 4),
(12, 1),
(12, 2),
(12, 4),
(13, 1),
(13, 2),
(13, 4),
(14, 1),
(14, 2),
(15, 1),
(16, 1),
(17, 1),
(18, 1),
(19, 1),
(19, 2),
(19, 4),
(20, 1),
(20, 4),
(21, 1),
(21, 2),
(21, 4),
(22, 1),
(23, 1),
(24, 1),
(25, 1),
(26, 1),
(27, 1),
(27, 2),
(27, 4),
(28, 1),
(29, 1),
(29, 2),
(30, 1),
(30, 2),
(30, 4),
(31, 1),
(32, 1),
(32, 2),
(33, 1),
(34, 1),
(35, 1),
(36, 1),
(36, 2);

-- --------------------------------------------------------

--
-- Estructura de tabla para la tabla `sessions`
--

CREATE TABLE `sessions` (
  `id` varchar(255) NOT NULL,
  `user_id` bigint(20) UNSIGNED DEFAULT NULL,
  `ip_address` varchar(45) DEFAULT NULL,
  `user_agent` text DEFAULT NULL,
  `payload` longtext NOT NULL,
  `last_activity` int(11) NOT NULL
) ENGINE=InnoDB DEFAULT CHARSET=utf8mb4 COLLATE=utf8mb4_unicode_ci;

--
-- Volcado de datos para la tabla `sessions`
--

INSERT INTO `sessions` (`id`, `user_id`, `ip_address`, `user_agent`, `payload`, `last_activity`) VALUES
('8TNyusTKmFLoVJcdtq5VEcxjGccYLOT7fIC1pfkr', 3, '127.0.0.1', 'Mozilla/5.0 (Windows NT 10.0; Win64; x64) AppleWebKit/537.36 (KHTML, like Gecko) Chrome/140.0.0.0 Safari/537.36 Edg/140.0.0.0', 'YTo2OntzOjY6Il90b2tlbiI7czo0MDoiaFV6QkprSmxMRjd2QWFQbUh0MjJMYWMwb3AzTjlYT2xMcUFRcldFSiI7czo5OiJfcHJldmlvdXMiO2E6MTp7czozOiJ1cmwiO3M6Mzk6Imh0dHA6Ly8xMjcuMC4wLjE6ODAwMC90b3RhbGVzLW1lbnN1YWxlcyI7fXM6NjoiX2ZsYXNoIjthOjI6e3M6Mzoib2xkIjthOjA6e31zOjM6Im5ldyI7YTowOnt9fXM6NTA6ImxvZ2luX3dlYl81OWJhMzZhZGRjMmIyZjk0MDE1ODBmMDE0YzdmNThlYTRlMzA5ODlkIjtpOjM7czo3OiJjYXB0Y2hhIjthOjM6e3M6OToic2Vuc2l0aXZlIjtiOjA7czozOiJrZXkiO3M6MzEyOiJleUpwZGlJNkltRnBWMDl2UzJaRGRpdFllQzlGYlZad2JVVlFNMmM5UFNJc0luWmhiSFZsSWpvaU0wbHdkeTl5WVdwSE1YQkllWEY0ZUV4SFRqZHFNak5NVUM5RFpGVk9TbFZhZFhwcU0xRnJkV2MxTVhkclZraEhVRUpYVjBndk1YY3ZlaTk2ZW1KV1JtUnZSSGhFYTFGcmFTdExTVVJ0V1VnM2VqSnRhVTA1T0ZaMU1HWjZUV0pYUldsT2RYVmFhVFV5UzFVOUlpd2liV0ZqSWpvaU1XWmpNamd6WXprNU1HTXlNak0wTkRneVptSTJPRGt4TkRnMVl6TXdabVJqWVRSbVlUWTJOamxtTjJOaFpEZGxZV1poWTJReU5qYzFPV00xWm1ZMk5DSXNJblJoWnlJNklpSjkiO3M6NzoiZW5jcnlwdCI7YjoxO31zOjExOiJsYXN0X2FjdGl2ZSI7aToxNzU3NDU0NTE4O30=', 1757454530),
('AAhImuGGDYhhZw7syw2KKNyRlT2zptKqX5Y7mBfY', 3, '127.0.0.1', 'Mozilla/5.0 (Windows NT 10.0; Win64; x64) AppleWebKit/537.36 (KHTML, like Gecko) Chrome/140.0.0.0 Safari/537.36 Edg/140.0.0.0', 'YTo1OntzOjY6Il90b2tlbiI7czo0MDoiVUh2MjlKUUZjNzZMSk5uUnJ2MmlJM1pTcm1qV2pzbVhmeFJmb2g3SSI7czo5OiJfcHJldmlvdXMiO2E6MTp7czozOiJ1cmwiO3M6MzE6Imh0dHA6Ly8xMjcuMC4wLjE6ODAwMC9kYXNoYm9hcmQiO31zOjY6Il9mbGFzaCI7YToyOntzOjM6Im9sZCI7YTowOnt9czozOiJuZXciO2E6MDp7fX1zOjUwOiJsb2dpbl93ZWJfNTliYTM2YWRkYzJiMmY5NDAxNTgwZjAxNGM3ZjU4ZWE0ZTMwOTg5ZCI7aTozO3M6MTE6Imxhc3RfYWN0aXZlIjtpOjE3NTc0NTQzOTU7fQ==', 1757454396),
('LYypK6dFIEycncdxf2TcLLPzx5o26BMppoUsheBY', 3, '127.0.0.1', 'Mozilla/5.0 (Windows NT 10.0; Win64; x64) AppleWebKit/537.36 (KHTML, like Gecko) Chrome/140.0.0.0 Safari/537.36 Edg/140.0.0.0', 'YTo1OntzOjY6Il90b2tlbiI7czo0MDoiN3hQSjZiUk1GU2ttWU5rYnJ0dURvOGMwb2s0dDIya2RBcWt2cDV4RCI7czo5OiJfcHJldmlvdXMiO2E6MTp7czozOiJ1cmwiO3M6Mzk6Imh0dHA6Ly8xMjcuMC4wLjE6ODAwMC90b3RhbGVzLW1lbnN1YWxlcyI7fXM6NjoiX2ZsYXNoIjthOjI6e3M6Mzoib2xkIjthOjA6e31zOjM6Im5ldyI7YTowOnt9fXM6NTA6ImxvZ2luX3dlYl81OWJhMzZhZGRjMmIyZjk0MDE1ODBmMDE0YzdmNThlYTRlMzA5ODlkIjtpOjM7czoxMToibGFzdF9hY3RpdmUiO2k6MTc1OTI4MTE2Nzt9', 1759282620),
('rkd3f9uW0ERPq8N8SYSXPLyEJ87YscEnY2stIlCd', 3, '127.0.0.1', 'Mozilla/5.0 (Windows NT 10.0; Win64; x64) AppleWebKit/537.36 (KHTML, like Gecko) Chrome/141.0.0.0 Safari/537.36 Edg/141.0.0.0', 'YTo1OntzOjY6Il90b2tlbiI7czo0MDoiZXhNVFpLdUpOdGlQQ1JwaXRFNlh5WEZrTG1hc2J4TGxXMmFJbFRnTiI7czo5OiJfcHJldmlvdXMiO2E6MTp7czozOiJ1cmwiO3M6NDQ6Imh0dHA6Ly8xMjcuMC4wLjE6ODAwMC9jYXB0Y2hhL2ZsYXQ/bzJpSVdZeEo9Ijt9czo2OiJfZmxhc2giO2E6Mjp7czozOiJvbGQiO2E6MDp7fXM6MzoibmV3IjthOjA6e319czo1OiJhbGVydCI7YTowOnt9czo1MDoibG9naW5fd2ViXzU5YmEzNmFkZGMyYjJmOTQwMTU4MGYwMTRjN2Y1OGVhNGUzMDk4OWQiO2k6Mzt9', 1759761023),
('tlrccf7ANdDhvbn5i6TtUvMb7VCfimrM7pUR4bOp', NULL, '127.0.0.1', 'Mozilla/5.0 (Windows NT 10.0; Win64; x64) AppleWebKit/537.36 (KHTML, like Gecko) Chrome/140.0.0.0 Safari/537.36 Edg/140.0.0.0', 'YTozOntzOjY6Il90b2tlbiI7czo0MDoiOVpZc0hCdk9jdDkyZEJBN2djTmZPbU0xMEQ1cUVTYkRrMHY1Y1hVayI7czo5OiJfcHJldmlvdXMiO2E6MTp7czozOiJ1cmwiO3M6MjY6Imh0dHA6Ly8xMjcuMC4wLjE6ODAwMC9kcm9rIjt9czo2OiJfZmxhc2giO2E6Mjp7czozOiJvbGQiO2E6MDp7fXM6MzoibmV3IjthOjA6e319fQ==', 1759259334),
('tOiiUNdMTUCHR1P85z3gvLCYD8JCzy8Iiy5jtaF5', 3, '127.0.0.1', 'Mozilla/5.0 (Windows NT 10.0; Win64; x64) AppleWebKit/537.36 (KHTML, like Gecko) Chrome/140.0.0.0 Safari/537.36 Edg/140.0.0.0', 'YTo1OntzOjY6Il90b2tlbiI7czo0MDoib1VIRHRpVFVZVUFCSnZNWUJDUTZhb2dMZENBeDg5b2JzOHljSTY0VSI7czo5OiJfcHJldmlvdXMiO2E6MTp7czozOiJ1cmwiO3M6NDQ6Imh0dHA6Ly8xMjcuMC4wLjE6ODAwMC9jYXB0Y2hhL2ZsYXQ/U3V6TDh2UjA9Ijt9czo2OiJfZmxhc2giO2E6Mjp7czozOiJvbGQiO2E6MDp7fXM6MzoibmV3IjthOjA6e319czo1MDoibG9naW5fd2ViXzU5YmEzNmFkZGMyYjJmOTQwMTU4MGYwMTRjN2Y1OGVhNGUzMDk4OWQiO2k6MztzOjc6ImNhcHRjaGEiO2E6Mzp7czo5OiJzZW5zaXRpdmUiO2I6MDtzOjM6ImtleSI7czozMTI6ImV5SnBkaUk2SW1GcFYwOXZTMlpEZGl0WWVDOUZiVlp3YlVWUU0yYzlQU0lzSW5aaGJIVmxJam9pTTBsd2R5OXlZV3BITVhCSWVYRjRlRXhIVGpkcU1qTk1VQzlEWkZWT1NsVmFkWHBxTTFGcmRXYzFNWGRyVmtoSFVFSlhWMGd2TVhjdmVpOTZlbUpXUm1SdlJIaEVhMUZyYVN0TFNVUnRXVWczZWpKdGFVMDVPRloxTUdaNlRXSlhSV2xPZFhWYWFUVXlTMVU5SWl3aWJXRmpJam9pTVdaak1qZ3pZems1TUdNeU1qTTBORGd5Wm1JMk9Ea3hORGcxWXpNd1ptUmpZVFJtWVRZMk5qbG1OMk5oWkRkbFlXWmhZMlF5TmpjMU9XTTFabVkyTkNJc0luUmhaeUk2SWlKOSI7czo3OiJlbmNyeXB0IjtiOjE7fX0=', 1757454516),
('Vr41LzfQoRHO6CEwoLYil88KLpqhLUtatLol2Rum', 3, '127.0.0.1', 'Mozilla/5.0 (Windows NT 10.0; Win64; x64) AppleWebKit/537.36 (KHTML, like Gecko) Chrome/140.0.0.0 Safari/537.36 Edg/140.0.0.0', 'YTo0OntzOjY6Il90b2tlbiI7czo0MDoiVktUS2NkWUg5UVpLalhNdklSWjh0azhtVHR0eGtGazhLMzNWQ1pGYyI7czo5OiJfcHJldmlvdXMiO2E6MTp7czozOiJ1cmwiO3M6NDQ6Imh0dHA6Ly8xMjcuMC4wLjE6ODAwMC9jYXB0Y2hhL2ZsYXQ/cXBXSFZhaXM9Ijt9czo2OiJfZmxhc2giO2E6Mjp7czozOiJvbGQiO2E6MDp7fXM6MzoibmV3IjthOjA6e319czo1MDoibG9naW5fd2ViXzU5YmEzNmFkZGMyYjJmOTQwMTU4MGYwMTRjN2Y1OGVhNGUzMDk4OWQiO2k6Mzt9', 1757454382),
('vTbUfrckpnuvzDGKoP3RLMMCuNdb3BAHmulRcLmf', 3, '127.0.0.1', 'Mozilla/5.0 (Windows NT 10.0; Win64; x64) AppleWebKit/537.36 (KHTML, like Gecko) Chrome/141.0.0.0 Safari/537.36 Edg/141.0.0.0', 'YTo2OntzOjY6Il90b2tlbiI7czo0MDoidEFlWlc1T09IRzdIYjZ1Sk1pYWFUdXNCS3FUanZodU95WkJXYmtmWSI7czo5OiJfcHJldmlvdXMiO2E6MTp7czozOiJ1cmwiO3M6Mzg6Imh0dHA6Ly8xMjcuMC4wLjE6ODAwMC9yZW1vdGFzL3Nob3cvMjA5Ijt9czo2OiJfZmxhc2giO2E6Mjp7czozOiJvbGQiO2E6MDp7fXM6MzoibmV3IjthOjA6e319czo1OiJhbGVydCI7YTowOnt9czo1MDoibG9naW5fd2ViXzU5YmEzNmFkZGMyYjJmOTQwMTU4MGYwMTRjN2Y1OGVhNGUzMDk4OWQiO2k6MztzOjExOiJsYXN0X2FjdGl2ZSI7aToxNzU5NzY0NTI3O30=', 1759764529),
('Wn1EMSOMlvgAkvAZQ1NoRB0chDhbKLJnF3MlPHv7', NULL, '127.0.0.1', 'Mozilla/5.0 (Windows NT 10.0; Win64; x64) AppleWebKit/537.36 (KHTML, like Gecko) Chrome/140.0.0.0 Safari/537.36 Edg/140.0.0.0', 'YTo1OntzOjY6Il90b2tlbiI7czo0MDoiZlJVWGRydU04clRZOFdiTVZDcnhFWXduSjg2WHJCM2thdUtaWlA0NSI7czo5OiJfcHJldmlvdXMiO2E6MTp7czozOiJ1cmwiO3M6NDQ6Imh0dHA6Ly8xMjcuMC4wLjE6ODAwMC9jYXB0Y2hhL2ZsYXQ/WDlWUnFvVlk9Ijt9czo2OiJfZmxhc2giO2E6Mjp7czozOiJvbGQiO2E6MDp7fXM6MzoibmV3IjthOjA6e319czo1OiJhbGVydCI7YTowOnt9czo3OiJjYXB0Y2hhIjthOjM6e3M6OToic2Vuc2l0aXZlIjtiOjA7czozOiJrZXkiO3M6MzEyOiJleUpwZGlJNklrMVNPVU5uVFc5blNuVm5WMEZ2V0hwU01GTnZWbmM5UFNJc0luWmhiSFZsSWpvaWNsTXpUbFp3U2tvNVRrSjRWbTl3Y1dVMVJFNDRRVVpvZVVSNU0xVlNOMmd4UWxZd2VXRnpiVW95TTJFMlFqbEZSMmR1Tm1WV2RubzVhV2xhTW1WeU1qWXpUVWR4VEd4eWVqVmlVbGhJUlRoNFZsVlJRM0JxYUhaNE1taE5SbEZVV1hOaGN6bGlkV3AwWkhjOUlpd2liV0ZqSWpvaVl6Sm1ObUV4T0dFMllqYzNZekZqWlRjMU1EazBabVV5WkRFM01XUXhOVFV6Tm1NMFpqWTJOalF5TW1GaE5UazFOVGs1T0RFM1pqRmtNelprWkRaa05TSXNJblJoWnlJNklpSjkiO3M6NzoiZW5jcnlwdCI7YjoxO319', 1759259427),
('zfaJtWuOk4xdhaJ57uxxalLiLuVoTbigxplQnOou', 3, '127.0.0.1', 'Mozilla/5.0 (Windows NT 10.0; Win64; x64) AppleWebKit/537.36 (KHTML, like Gecko) Chrome/140.0.0.0 Safari/537.36 Edg/140.0.0.0', 'YTo0OntzOjY6Il90b2tlbiI7czo0MDoiYUpCTzBQZFJOOWhCV1JmRGh2cWl0ZFhLcFY5UTVZMXdSN1JxNFFaaSI7czo5OiJfcHJldmlvdXMiO2E6MTp7czozOiJ1cmwiO3M6NDQ6Imh0dHA6Ly8xMjcuMC4wLjE6ODAwMC9jYXB0Y2hhL2ZsYXQ/WUxyQWJtdm49Ijt9czo2OiJfZmxhc2giO2E6Mjp7czozOiJvbGQiO2E6MDp7fXM6MzoibmV3IjthOjA6e319czo1MDoibG9naW5fd2ViXzU5YmEzNmFkZGMyYjJmOTQwMTU4MGYwMTRjN2Y1OGVhNGUzMDk4OWQiO2k6Mzt9', 1759281166),
('ZLQWWTfxMOlzYxzk3w2WdCNxfyNxvyNHBgpFzfxX', 3, '127.0.0.1', 'Mozilla/5.0 (Windows NT 10.0; Win64; x64) AppleWebKit/537.36 (KHTML, like Gecko) Chrome/141.0.0.0 Safari/537.36 Edg/141.0.0.0', 'YTo2OntzOjY6Il90b2tlbiI7czo0MDoibXFsRmxNSldIZjdSS3JFV1E1NGZicHMxemljRjRVWjR2MzVmVWlXMSI7czo5OiJfcHJldmlvdXMiO2E6MTp7czozOiJ1cmwiO3M6Mjk6Imh0dHA6Ly8xMjcuMC4wLjE6ODAwMC9yZW1vdGFzIjt9czo2OiJfZmxhc2giO2E6Mjp7czozOiJvbGQiO2E6MDp7fXM6MzoibmV3IjthOjA6e319czo1OiJhbGVydCI7YTowOnt9czo1MDoibG9naW5fd2ViXzU5YmEzNmFkZGMyYjJmOTQwMTU4MGYwMTRjN2Y1OGVhNGUzMDk4OWQiO2k6MztzOjExOiJsYXN0X2FjdGl2ZSI7aToxNzU5NzY0ODA1O30=', 1759764917),
('Zy0Gx3MuG1wiiqhCqEzD2rE8IkbqNAu12vXWMpft', 3, '127.0.0.1', 'Mozilla/5.0 (Windows NT 10.0; Win64; x64) AppleWebKit/537.36 (KHTML, like Gecko) Chrome/141.0.0.0 Safari/537.36 Edg/141.0.0.0', 'YTo2OntzOjY6Il90b2tlbiI7czo0MDoiRmQxNDdxQkZQRnFQT2plUGlHczRnMFpiVjc5bWtiaHg0SE9NZExmNCI7czo5OiJfcHJldmlvdXMiO2E6MTp7czozOiJ1cmwiO3M6Mjk6Imh0dHA6Ly8xMjcuMC4wLjE6ODAwMC9yZW1vdGFzIjt9czo2OiJfZmxhc2giO2E6Mjp7czozOiJvbGQiO2E6MDp7fXM6MzoibmV3IjthOjA6e319czo1OiJhbGVydCI7YTowOnt9czo1MDoibG9naW5fd2ViXzU5YmEzNmFkZGMyYjJmOTQwMTU4MGYwMTRjN2Y1OGVhNGUzMDk4OWQiO2k6MztzOjExOiJsYXN0X2FjdGl2ZSI7aToxNzU5NzYxMDIzO30=', 1759761047);

-- --------------------------------------------------------

--
-- Estructura de tabla para la tabla `socios`
--

CREATE TABLE `socios` (
  `id` bigint(20) UNSIGNED NOT NULL,
  `persona_id` bigint(20) UNSIGNED NOT NULL,
  `deleted_at` timestamp NULL DEFAULT NULL,
  `created_at` timestamp NULL DEFAULT NULL,
  `updated_at` timestamp NULL DEFAULT NULL
) ENGINE=InnoDB DEFAULT CHARSET=utf8mb4 COLLATE=utf8mb4_unicode_ci;

--
-- Volcado de datos para la tabla `socios`
--

INSERT INTO `socios` (`id`, `persona_id`, `deleted_at`, `created_at`, `updated_at`) VALUES
(1, 3, NULL, '2024-06-11 20:11:36', '2024-06-11 20:11:36'),
(2, 4, NULL, '2024-06-11 20:11:55', '2024-06-11 20:11:55');

-- --------------------------------------------------------

--
-- Estructura de tabla para la tabla `tecnicos`
--

CREATE TABLE `tecnicos` (
  `id` bigint(20) UNSIGNED NOT NULL,
  `persona_id` bigint(20) UNSIGNED NOT NULL,
  `created_at` timestamp NULL DEFAULT NULL,
  `updated_at` timestamp NULL DEFAULT NULL,
  `deleted_at` timestamp NULL DEFAULT NULL
) ENGINE=InnoDB DEFAULT CHARSET=utf8mb4 COLLATE=utf8mb4_unicode_ci;

--
-- Volcado de datos para la tabla `tecnicos`
--

INSERT INTO `tecnicos` (`id`, `persona_id`, `created_at`, `updated_at`, `deleted_at`) VALUES
(2, 21, '2024-07-04 00:46:08', '2024-07-04 00:46:08', NULL),
(3, 22, '2024-07-04 00:57:34', '2024-07-04 00:57:34', NULL),
(5, 27, '2024-07-04 16:27:38', '2024-07-04 16:27:38', NULL);

-- --------------------------------------------------------

--
-- Estructura de tabla para la tabla `users`
--

CREATE TABLE `users` (
  `id` bigint(20) UNSIGNED NOT NULL,
  `name` varchar(255) NOT NULL,
  `email` varchar(255) NOT NULL,
  `password` varchar(255) NOT NULL,
  `two_factor_secret` text DEFAULT NULL,
  `two_factor_recovery_codes` text DEFAULT NULL,
  `two_factor_confirmed_at` timestamp NULL DEFAULT NULL,
  `remember_token` varchar(100) DEFAULT NULL,
  `profile_photo_path` varchar(2048) DEFAULT NULL,
  `uuid` char(36) NOT NULL,
  `deleted_at` timestamp NULL DEFAULT NULL,
  `created_at` timestamp NULL DEFAULT NULL,
  `updated_at` timestamp NULL DEFAULT NULL
) ENGINE=InnoDB DEFAULT CHARSET=utf8mb4 COLLATE=utf8mb4_unicode_ci;

--
-- Volcado de datos para la tabla `users`
--

INSERT INTO `users` (`id`, `name`, `email`, `password`, `two_factor_secret`, `two_factor_recovery_codes`, `two_factor_confirmed_at`, `remember_token`, `profile_photo_path`, `uuid`, `deleted_at`, `created_at`, `updated_at`) VALUES
(2, 'Reynaldo Carima', 'reynaldo.carima@gmail.com', '$2y$10$qYlNXwIx2x8GksmFdrmcQeCS7qKwzpZ7hWTnSw5EcBGxOrrOkNwNy', NULL, NULL, NULL, 'SsR9xhIcLqiAcOUnW8CKdluMR14yt7AVB5sM0bxshsD3iDZzy8JkcDHvUD46', NULL, 'c9f9050b-885d-43d3-a93c-d7e446973a38', NULL, '2024-06-05 18:11:57', '2024-06-05 18:11:57'),
(3, 'Jesus Alfonzo', 'alfonzzoj@cloudsatllc.com', '$2y$10$tNehhwDDYtJP2ZrHQx20tOmqp12zFZ1SL2CD7kj65jQWf5TvEkT4W', NULL, NULL, NULL, NULL, NULL, '11cd0de3-5b51-45f2-9654-7c0abb3a38a5', NULL, '2024-09-20 19:34:08', '2024-09-20 19:34:08'),
(5, 'Kenet', 'kenet@cloudsatllc.com', '$2y$10$xn5/eDRV92wmQr3e4xJS2u.N.E1uqWx7Kht8KYi7Yd4JRGCjuTqmC', NULL, NULL, NULL, '0windukKMDDDQEUIR5urMqI9zO6up87P70r9E3jENbIxdPvJBZOKnJ3N89Aa', NULL, '61f03dc6-e901-4c46-a1f6-36e4bae9beef', NULL, '2024-09-28 18:35:03', '2024-09-28 18:35:03');

-- --------------------------------------------------------

--
-- Estructura de tabla para la tabla `vendedores`
--

CREATE TABLE `vendedores` (
  `id` bigint(20) UNSIGNED NOT NULL,
  `persona_id` bigint(20) UNSIGNED NOT NULL,
  `deleted_at` timestamp NULL DEFAULT NULL,
  `created_at` timestamp NULL DEFAULT NULL,
  `updated_at` timestamp NULL DEFAULT NULL
) ENGINE=InnoDB DEFAULT CHARSET=utf8mb4 COLLATE=utf8mb4_unicode_ci;

--
-- Volcado de datos para la tabla `vendedores`
--

INSERT INTO `vendedores` (`id`, `persona_id`, `deleted_at`, `created_at`, `updated_at`) VALUES
(1, 5, NULL, '2024-06-11 20:34:59', '2024-06-11 20:34:59'),
(3, 24, NULL, '2024-07-04 16:24:11', '2024-07-04 16:24:11'),
(4, 25, NULL, '2024-07-04 16:25:48', '2024-07-04 16:25:48'),
(5, 26, NULL, '2024-07-04 16:27:00', '2024-07-04 16:27:00'),
(6, 28, NULL, '2024-07-04 16:31:44', '2024-07-04 16:31:44'),
(7, 54, NULL, '2024-07-30 20:05:18', '2024-07-30 20:05:18');

--
-- Índices para tablas volcadas
--

--
-- Indices de la tabla `clientes`
--
ALTER TABLE `clientes`
  ADD PRIMARY KEY (`id`),
  ADD KEY `clientes_clientable_type_clientable_id_index` (`clientable_type`,`clientable_id`);

--
-- Indices de la tabla `cobros`
--
ALTER TABLE `cobros`
  ADD PRIMARY KEY (`id`),
  ADD KEY `cobros_cliente_id_foreign` (`cliente_id`),
  ADD KEY `cobros_remota_id_foreign` (`remota_id`);

--
-- Indices de la tabla `cobros_historial`
--
ALTER TABLE `cobros_historial`
  ADD PRIMARY KEY (`id`),
  ADD KEY `cobros_historial_cliente_id_foreign` (`cliente_id`),
  ADD KEY `cobros_historial_cobro_id_foreign` (`cobro_id`),
  ADD KEY `cobros_historial_remota_id_foreign` (`remota_id`),
  ADD KEY `cobros_historial_payment_method_id_foreign` (`payment_method_id`);

--
-- Indices de la tabla `configuraciones`
--
ALTER TABLE `configuraciones`
  ADD PRIMARY KEY (`id`),
  ADD UNIQUE KEY `configuraciones_display_name_unique` (`display_name`),
  ADD UNIQUE KEY `configuraciones_clave_unique` (`clave`);

--
-- Indices de la tabla `empresas`
--
ALTER TABLE `empresas`
  ADD PRIMARY KEY (`id`);

--
-- Indices de la tabla `failed_jobs`
--
ALTER TABLE `failed_jobs`
  ADD PRIMARY KEY (`id`),
  ADD UNIQUE KEY `failed_jobs_uuid_unique` (`uuid`);

--
-- Indices de la tabla `historial_de_recargas`
--
ALTER TABLE `historial_de_recargas`
  ADD PRIMARY KEY (`id`),
  ADD KEY `historial_de_recargas_payment_method_id_foreign` (`payment_method_id`);

--
-- Indices de la tabla `migrations`
--
ALTER TABLE `migrations`
  ADD PRIMARY KEY (`id`);

--
-- Indices de la tabla `mikrotiks`
--
ALTER TABLE `mikrotiks`
  ADD PRIMARY KEY (`id`),
  ADD KEY `mikrotiks_modelo_mikrotik_id_foreign` (`modelo_mikrotik_id`);

--
-- Indices de la tabla `mikrotik_protocolo_mikrotik`
--
ALTER TABLE `mikrotik_protocolo_mikrotik`
  ADD PRIMARY KEY (`id`),
  ADD KEY `mikrotik_protocolo_mikrotik_protocolo_mikrotik_id_foreign` (`protocolo_mikrotik_id`),
  ADD KEY `mikrotik_protocolo_mikrotik_mikrotik_id_foreign` (`mikrotik_id`);

--
-- Indices de la tabla `modelos_mikrotiks`
--
ALTER TABLE `modelos_mikrotiks`
  ADD PRIMARY KEY (`id`),
  ADD UNIQUE KEY `modelos_mikrotiks_nombre_unique` (`nombre`);

--
-- Indices de la tabla `model_has_permissions`
--
ALTER TABLE `model_has_permissions`
  ADD PRIMARY KEY (`permission_id`,`model_id`,`model_type`),
  ADD KEY `model_has_permissions_model_id_model_type_index` (`model_id`,`model_type`);

--
-- Indices de la tabla `model_has_roles`
--
ALTER TABLE `model_has_roles`
  ADD PRIMARY KEY (`role_id`,`model_id`,`model_type`),
  ADD KEY `model_has_roles_model_id_model_type_index` (`model_id`,`model_type`);

--
-- Indices de la tabla `password_resets`
--
ALTER TABLE `password_resets`
  ADD PRIMARY KEY (`email`);

--
-- Indices de la tabla `payment_methods`
--
ALTER TABLE `payment_methods`
  ADD PRIMARY KEY (`id`);

--
-- Indices de la tabla `permissions`
--
ALTER TABLE `permissions`
  ADD PRIMARY KEY (`id`),
  ADD UNIQUE KEY `permissions_name_guard_name_unique` (`name`,`guard_name`);

--
-- Indices de la tabla `personal_access_tokens`
--
ALTER TABLE `personal_access_tokens`
  ADD PRIMARY KEY (`id`),
  ADD UNIQUE KEY `personal_access_tokens_token_unique` (`token`),
  ADD KEY `personal_access_tokens_tokenable_type_tokenable_id_index` (`tokenable_type`,`tokenable_id`);

--
-- Indices de la tabla `personas`
--
ALTER TABLE `personas`
  ADD PRIMARY KEY (`id`);

--
-- Indices de la tabla `planes`
--
ALTER TABLE `planes`
  ADD PRIMARY KEY (`id`),
  ADD KEY `planes_proveedor_id_foreign` (`proveedor_id`);

--
-- Indices de la tabla `protocolos_mikrotiks`
--
ALTER TABLE `protocolos_mikrotiks`
  ADD PRIMARY KEY (`id`),
  ADD UNIQUE KEY `protocolos_mikrotiks_protocolo_unique` (`protocolo`),
  ADD UNIQUE KEY `protocolos_mikrotiks_puerto_unique` (`puerto`);

--
-- Indices de la tabla `proveedores`
--
ALTER TABLE `proveedores`
  ADD PRIMARY KEY (`id`),
  ADD UNIQUE KEY `proveedores_empresa_id_unique` (`empresa_id`);

--
-- Indices de la tabla `remotas`
--
ALTER TABLE `remotas`
  ADD PRIMARY KEY (`id`),
  ADD KEY `remotas_cliente_id_foreign` (`cliente_id`),
  ADD KEY `remotas_plan_id_foreign` (`plan_id`),
  ADD KEY `remotas_socio_id_foreign` (`socio_id`),
  ADD KEY `remotas_vendedor_id_foreign` (`vendedor_id`),
  ADD KEY `remotas_proveedor_id_foreign` (`proveedor_id`),
  ADD KEY `remotas_tipo_router_id_foreign` (`tipo_router_id`),
  ADD KEY `remotas_metodo_de_pago_id_foreign` (`metodo_de_pago_id`);

--
-- Indices de la tabla `roles`
--
ALTER TABLE `roles`
  ADD PRIMARY KEY (`id`),
  ADD UNIQUE KEY `roles_name_guard_name_unique` (`name`,`guard_name`);

--
-- Indices de la tabla `role_has_permissions`
--
ALTER TABLE `role_has_permissions`
  ADD PRIMARY KEY (`permission_id`,`role_id`),
  ADD KEY `role_has_permissions_role_id_foreign` (`role_id`);

--
-- Indices de la tabla `sessions`
--
ALTER TABLE `sessions`
  ADD PRIMARY KEY (`id`),
  ADD KEY `sessions_user_id_index` (`user_id`),
  ADD KEY `sessions_last_activity_index` (`last_activity`);

--
-- Indices de la tabla `socios`
--
ALTER TABLE `socios`
  ADD PRIMARY KEY (`id`),
  ADD UNIQUE KEY `socios_persona_id_unique` (`persona_id`);

--
-- Indices de la tabla `tecnicos`
--
ALTER TABLE `tecnicos`
  ADD PRIMARY KEY (`id`),
  ADD UNIQUE KEY `tecnicos_persona_id_unique` (`persona_id`);

--
-- Indices de la tabla `users`
--
ALTER TABLE `users`
  ADD PRIMARY KEY (`id`),
  ADD UNIQUE KEY `users_email_unique` (`email`);

--
-- Indices de la tabla `vendedores`
--
ALTER TABLE `vendedores`
  ADD PRIMARY KEY (`id`),
  ADD UNIQUE KEY `vendedores_persona_id_unique` (`persona_id`);

--
-- AUTO_INCREMENT de las tablas volcadas
--

--
-- AUTO_INCREMENT de la tabla `clientes`
--
ALTER TABLE `clientes`
  MODIFY `id` bigint(20) UNSIGNED NOT NULL AUTO_INCREMENT, AUTO_INCREMENT=145;

--
-- AUTO_INCREMENT de la tabla `cobros`
--
ALTER TABLE `cobros`
  MODIFY `id` bigint(20) UNSIGNED NOT NULL AUTO_INCREMENT, AUTO_INCREMENT=2578;

--
-- AUTO_INCREMENT de la tabla `cobros_historial`
--
ALTER TABLE `cobros_historial`
  MODIFY `id` bigint(20) UNSIGNED NOT NULL AUTO_INCREMENT, AUTO_INCREMENT=2429;

--
-- AUTO_INCREMENT de la tabla `configuraciones`
--
ALTER TABLE `configuraciones`
  MODIFY `id` bigint(20) UNSIGNED NOT NULL AUTO_INCREMENT, AUTO_INCREMENT=4;

--
-- AUTO_INCREMENT de la tabla `empresas`
--
ALTER TABLE `empresas`
  MODIFY `id` bigint(20) UNSIGNED NOT NULL AUTO_INCREMENT, AUTO_INCREMENT=16;

--
-- AUTO_INCREMENT de la tabla `failed_jobs`
--
ALTER TABLE `failed_jobs`
  MODIFY `id` bigint(20) UNSIGNED NOT NULL AUTO_INCREMENT;

--
-- AUTO_INCREMENT de la tabla `historial_de_recargas`
--
ALTER TABLE `historial_de_recargas`
  MODIFY `id` bigint(20) UNSIGNED NOT NULL AUTO_INCREMENT, AUTO_INCREMENT=291;

--
-- AUTO_INCREMENT de la tabla `migrations`
--
ALTER TABLE `migrations`
  MODIFY `id` int(10) UNSIGNED NOT NULL AUTO_INCREMENT, AUTO_INCREMENT=56;

--
-- AUTO_INCREMENT de la tabla `mikrotiks`
--
ALTER TABLE `mikrotiks`
  MODIFY `id` bigint(20) UNSIGNED NOT NULL AUTO_INCREMENT;

--
-- AUTO_INCREMENT de la tabla `mikrotik_protocolo_mikrotik`
--
ALTER TABLE `mikrotik_protocolo_mikrotik`
  MODIFY `id` bigint(20) UNSIGNED NOT NULL AUTO_INCREMENT;

--
-- AUTO_INCREMENT de la tabla `modelos_mikrotiks`
--
ALTER TABLE `modelos_mikrotiks`
  MODIFY `id` bigint(20) UNSIGNED NOT NULL AUTO_INCREMENT, AUTO_INCREMENT=39;

--
-- AUTO_INCREMENT de la tabla `payment_methods`
--
ALTER TABLE `payment_methods`
  MODIFY `id` bigint(20) UNSIGNED NOT NULL AUTO_INCREMENT, AUTO_INCREMENT=18;

--
-- AUTO_INCREMENT de la tabla `permissions`
--
ALTER TABLE `permissions`
  MODIFY `id` bigint(20) UNSIGNED NOT NULL AUTO_INCREMENT, AUTO_INCREMENT=37;

--
-- AUTO_INCREMENT de la tabla `personal_access_tokens`
--
ALTER TABLE `personal_access_tokens`
  MODIFY `id` bigint(20) UNSIGNED NOT NULL AUTO_INCREMENT;

--
-- AUTO_INCREMENT de la tabla `personas`
--
ALTER TABLE `personas`
  MODIFY `id` bigint(20) UNSIGNED NOT NULL AUTO_INCREMENT, AUTO_INCREMENT=151;

--
-- AUTO_INCREMENT de la tabla `planes`
--
ALTER TABLE `planes`
  MODIFY `id` bigint(20) UNSIGNED NOT NULL AUTO_INCREMENT, AUTO_INCREMENT=13;

--
-- AUTO_INCREMENT de la tabla `protocolos_mikrotiks`
--
ALTER TABLE `protocolos_mikrotiks`
  MODIFY `id` bigint(20) UNSIGNED NOT NULL AUTO_INCREMENT, AUTO_INCREMENT=8;

--
-- AUTO_INCREMENT de la tabla `proveedores`
--
ALTER TABLE `proveedores`
  MODIFY `id` bigint(20) UNSIGNED NOT NULL AUTO_INCREMENT, AUTO_INCREMENT=3;

--
-- AUTO_INCREMENT de la tabla `remotas`
--
ALTER TABLE `remotas`
  MODIFY `id` bigint(20) UNSIGNED NOT NULL AUTO_INCREMENT, AUTO_INCREMENT=296;

--
-- AUTO_INCREMENT de la tabla `roles`
--
ALTER TABLE `roles`
  MODIFY `id` bigint(20) UNSIGNED NOT NULL AUTO_INCREMENT, AUTO_INCREMENT=5;

--
-- AUTO_INCREMENT de la tabla `socios`
--
ALTER TABLE `socios`
  MODIFY `id` bigint(20) UNSIGNED NOT NULL AUTO_INCREMENT, AUTO_INCREMENT=5;

--
-- AUTO_INCREMENT de la tabla `tecnicos`
--
ALTER TABLE `tecnicos`
  MODIFY `id` bigint(20) UNSIGNED NOT NULL AUTO_INCREMENT, AUTO_INCREMENT=6;

--
-- AUTO_INCREMENT de la tabla `users`
--
ALTER TABLE `users`
  MODIFY `id` bigint(20) UNSIGNED NOT NULL AUTO_INCREMENT, AUTO_INCREMENT=6;

--
-- AUTO_INCREMENT de la tabla `vendedores`
--
ALTER TABLE `vendedores`
  MODIFY `id` bigint(20) UNSIGNED NOT NULL AUTO_INCREMENT, AUTO_INCREMENT=8;

--
-- Restricciones para tablas volcadas
--

--
-- Filtros para la tabla `cobros`
--
ALTER TABLE `cobros`
  ADD CONSTRAINT `cobros_cliente_id_foreign` FOREIGN KEY (`cliente_id`) REFERENCES `clientes` (`id`),
  ADD CONSTRAINT `cobros_remota_id_foreign` FOREIGN KEY (`remota_id`) REFERENCES `remotas` (`id`);

--
-- Filtros para la tabla `cobros_historial`
--
ALTER TABLE `cobros_historial`
  ADD CONSTRAINT `cobros_historial_cliente_id_foreign` FOREIGN KEY (`cliente_id`) REFERENCES `clientes` (`id`),
  ADD CONSTRAINT `cobros_historial_cobro_id_foreign` FOREIGN KEY (`cobro_id`) REFERENCES `cobros` (`id`),
  ADD CONSTRAINT `cobros_historial_payment_method_id_foreign` FOREIGN KEY (`payment_method_id`) REFERENCES `payment_methods` (`id`) ON DELETE SET NULL,
  ADD CONSTRAINT `cobros_historial_remota_id_foreign` FOREIGN KEY (`remota_id`) REFERENCES `remotas` (`id`);

--
-- Filtros para la tabla `historial_de_recargas`
--
ALTER TABLE `historial_de_recargas`
  ADD CONSTRAINT `historial_de_recargas_payment_method_id_foreign` FOREIGN KEY (`payment_method_id`) REFERENCES `payment_methods` (`id`);

--
-- Filtros para la tabla `mikrotiks`
--
ALTER TABLE `mikrotiks`
  ADD CONSTRAINT `mikrotiks_modelo_mikrotik_id_foreign` FOREIGN KEY (`modelo_mikrotik_id`) REFERENCES `modelos_mikrotiks` (`id`) ON UPDATE CASCADE;

--
-- Filtros para la tabla `mikrotik_protocolo_mikrotik`
--
ALTER TABLE `mikrotik_protocolo_mikrotik`
  ADD CONSTRAINT `mikrotik_protocolo_mikrotik_mikrotik_id_foreign` FOREIGN KEY (`mikrotik_id`) REFERENCES `mikrotiks` (`id`) ON DELETE CASCADE ON UPDATE CASCADE,
  ADD CONSTRAINT `mikrotik_protocolo_mikrotik_protocolo_mikrotik_id_foreign` FOREIGN KEY (`protocolo_mikrotik_id`) REFERENCES `protocolos_mikrotiks` (`id`) ON DELETE CASCADE ON UPDATE CASCADE;

--
-- Filtros para la tabla `model_has_permissions`
--
ALTER TABLE `model_has_permissions`
  ADD CONSTRAINT `model_has_permissions_permission_id_foreign` FOREIGN KEY (`permission_id`) REFERENCES `permissions` (`id`) ON DELETE CASCADE;

--
-- Filtros para la tabla `model_has_roles`
--
ALTER TABLE `model_has_roles`
  ADD CONSTRAINT `model_has_roles_role_id_foreign` FOREIGN KEY (`role_id`) REFERENCES `roles` (`id`) ON DELETE CASCADE;

--
-- Filtros para la tabla `planes`
--
ALTER TABLE `planes`
  ADD CONSTRAINT `planes_proveedor_id_foreign` FOREIGN KEY (`proveedor_id`) REFERENCES `proveedores` (`id`) ON DELETE CASCADE ON UPDATE CASCADE;

--
-- Filtros para la tabla `proveedores`
--
ALTER TABLE `proveedores`
  ADD CONSTRAINT `proveedores_empresa_id_foreign` FOREIGN KEY (`empresa_id`) REFERENCES `empresas` (`id`) ON DELETE CASCADE ON UPDATE CASCADE;

--
-- Filtros para la tabla `remotas`
--
ALTER TABLE `remotas`
  ADD CONSTRAINT `remotas_cliente_id_foreign` FOREIGN KEY (`cliente_id`) REFERENCES `clientes` (`id`) ON DELETE CASCADE ON UPDATE CASCADE,
  ADD CONSTRAINT `remotas_metodo_de_pago_id_foreign` FOREIGN KEY (`metodo_de_pago_id`) REFERENCES `payment_methods` (`id`) ON DELETE SET NULL,
  ADD CONSTRAINT `remotas_plan_id_foreign` FOREIGN KEY (`plan_id`) REFERENCES `planes` (`id`) ON DELETE CASCADE ON UPDATE CASCADE,
  ADD CONSTRAINT `remotas_proveedor_id_foreign` FOREIGN KEY (`proveedor_id`) REFERENCES `proveedores` (`id`) ON DELETE CASCADE ON UPDATE CASCADE,
  ADD CONSTRAINT `remotas_socio_id_foreign` FOREIGN KEY (`socio_id`) REFERENCES `socios` (`id`) ON UPDATE CASCADE,
  ADD CONSTRAINT `remotas_tipo_router_id_foreign` FOREIGN KEY (`tipo_router_id`) REFERENCES `modelos_mikrotiks` (`id`) ON DELETE SET NULL,
  ADD CONSTRAINT `remotas_vendedor_id_foreign` FOREIGN KEY (`vendedor_id`) REFERENCES `vendedores` (`id`) ON UPDATE CASCADE;

--
-- Filtros para la tabla `role_has_permissions`
--
ALTER TABLE `role_has_permissions`
  ADD CONSTRAINT `role_has_permissions_permission_id_foreign` FOREIGN KEY (`permission_id`) REFERENCES `permissions` (`id`) ON DELETE CASCADE,
  ADD CONSTRAINT `role_has_permissions_role_id_foreign` FOREIGN KEY (`role_id`) REFERENCES `roles` (`id`) ON DELETE CASCADE;

--
-- Filtros para la tabla `socios`
--
ALTER TABLE `socios`
  ADD CONSTRAINT `socios_persona_id_foreign` FOREIGN KEY (`persona_id`) REFERENCES `personas` (`id`) ON UPDATE CASCADE;

--
-- Filtros para la tabla `tecnicos`
--
ALTER TABLE `tecnicos`
  ADD CONSTRAINT `tecnicos_persona_id_foreign` FOREIGN KEY (`persona_id`) REFERENCES `personas` (`id`) ON UPDATE CASCADE;

--
-- Filtros para la tabla `vendedores`
--
ALTER TABLE `vendedores`
  ADD CONSTRAINT `vendedores_persona_id_foreign` FOREIGN KEY (`persona_id`) REFERENCES `personas` (`id`) ON UPDATE CASCADE;

-- Rehabilitar verificación de foreign keys

COMMIT;

